{"id":1002,"date":"2019-11-18T15:01:00","date_gmt":"2019-11-18T18:01:00","guid":{"rendered":"https:\/\/www.ufsm.br\/reitoria\/gabinete-do-reitor\/guiaeventos\/?page_id=1002"},"modified":"2020-09-16T17:03:25","modified_gmt":"2020-09-16T20:03:25","slug":"checklist","status":"publish","type":"page","link":"https:\/\/www.ufsm.br\/comunicacao\/guiaeventos\/checklist","title":{"rendered":"Planejamento e CheckList"},"content":{"rendered":"\t\t<div data-elementor-type=\"wp-page\" data-elementor-id=\"1002\" class=\"elementor elementor-1002\">\n\t\t\t\t\t\t<section class=\"elementor-section elementor-top-section elementor-element elementor-element-4044f035 elementor-section-boxed elementor-section-height-default elementor-section-height-default\" data-id=\"4044f035\" data-element_type=\"section\">\n\t\t\t\t\t\t<div class=\"elementor-container elementor-column-gap-default\">\n\t\t\t\t\t<div class=\"elementor-column elementor-col-100 elementor-top-column elementor-element elementor-element-6e504849\" data-id=\"6e504849\" data-element_type=\"column\">\n\t\t\t<div class=\"elementor-widget-wrap elementor-element-populated\">\n\t\t\t\t\t\t<div class=\"elementor-element elementor-element-25d9810d elementor-widget elementor-widget-text-editor\" data-id=\"25d9810d\" data-element_type=\"widget\" data-widget_type=\"text-editor.default\">\n\t\t\t\t<div class=\"elementor-widget-container\">\n\t\t\t\t\t\t\t<p><!-- wp:tadv\/classic-paragraph --><\/p>\n<p><strong>PLANEJAMENTO<\/strong><\/p>\n<p>Para criar o seu evento, \u00e9 importante que voc\u00ea fa\u00e7a um planejamento b\u00e1sico. isso facilitar\u00e1 a organiza\u00e7\u00e3o e a divulga\u00e7\u00e3o do evento.<\/p>\n<p>O planejamento deve conter defini\u00e7\u00f5es e informa\u00e7\u00f5es sobre o evento. O formato do planejamento deve ser aquele que o organizador mais de adapta. Sugerimos, abaixo, um planejamento em tabela.<\/p>\n<p><!-- \/wp:tadv\/classic-paragraph --><\/p>\t\t\t\t\t\t<\/div>\n\t\t\t\t<\/div>\n\t\t\t\t<div class=\"elementor-element elementor-element-5e8f682 elementor-align-center elementor-widget elementor-widget-button\" data-id=\"5e8f682\" data-element_type=\"widget\" data-widget_type=\"button.default\">\n\t\t\t\t<div class=\"elementor-widget-container\">\n\t\t\t\t\t\t\t<div class=\"elementor-button-wrapper\">\n\t\t\t\t\t<a class=\"elementor-button elementor-button-link elementor-size-sm\" href=\"https:\/\/www.ufsm.br\/app\/uploads\/sites\/767\/2020\/09\/PLANEJAMENTO-DE-EVENTO-1.pdf\" target=\"_blank\">\n\t\t\t\t\t\t<span class=\"elementor-button-content-wrapper\">\n\t\t\t\t\t\t\t\t\t<span class=\"elementor-button-text\">Planejamento b\u00e1sico para evento<\/span>\n\t\t\t\t\t<\/span>\n\t\t\t\t\t<\/a>\n\t\t\t\t<\/div>\n\t\t\t\t\t\t<\/div>\n\t\t\t\t<\/div>\n\t\t\t\t\t<\/div>\n\t\t<\/div>\n\t\t\t\t\t<\/div>\n\t\t<\/section>\n\t\t\t\t<section class=\"elementor-section elementor-top-section elementor-element elementor-element-165c8b6 elementor-section-boxed elementor-section-height-default elementor-section-height-default\" data-id=\"165c8b6\" data-element_type=\"section\">\n\t\t\t\t\t\t<div class=\"elementor-container elementor-column-gap-default\">\n\t\t\t\t\t<div class=\"elementor-column elementor-col-100 elementor-top-column elementor-element elementor-element-7279f2c\" data-id=\"7279f2c\" data-element_type=\"column\">\n\t\t\t<div class=\"elementor-widget-wrap elementor-element-populated\">\n\t\t\t\t\t\t<div class=\"elementor-element elementor-element-e505210 elementor-widget elementor-widget-text-editor\" data-id=\"e505210\" data-element_type=\"widget\" data-widget_type=\"text-editor.default\">\n\t\t\t\t<div class=\"elementor-widget-container\">\n\t\t\t\t\t\t\t<p><strong>CHECKLIST<\/strong><\/p>\n<p>O checklist \u00e9 uma ferramenta de organiza\u00e7\u00e3o que acompanha o organizador durante todo o evento: pr\u00e9, durante e p\u00f3s. Nele, \u00e9 poss\u00edvel detalhar as a\u00e7\u00f5es necess\u00e1rias e indicar respons\u00e1veis.<\/p>\n<p>Normalmente, o checklist \u00e9 feito em formatado em uma tabela. \u00c9 interessante que se tenha um coluna para acompanhar as a\u00e7\u00f5es realizadas e em andamento.<\/p>\n<p>Abaixo, segue um modelo de checklist para o seu evento. Voc\u00ea pode adapt\u00e1-lo de acordo com as suas necessidades.<\/p>\t\t\t\t\t\t<\/div>\n\t\t\t\t<\/div>\n\t\t\t\t<div class=\"elementor-element elementor-element-e8263ad elementor-align-center elementor-widget elementor-widget-button\" data-id=\"e8263ad\" data-element_type=\"widget\" data-widget_type=\"button.default\">\n\t\t\t\t<div class=\"elementor-widget-container\">\n\t\t\t\t\t\t\t<div class=\"elementor-button-wrapper\">\n\t\t\t\t\t<a class=\"elementor-button elementor-button-link elementor-size-sm\" href=\"https:\/\/www.ufsm.br\/app\/uploads\/sites\/767\/2020\/09\/CHECKLIST-EVENTO-.pdf\" target=\"_blank\">\n\t\t\t\t\t\t<span class=\"elementor-button-content-wrapper\">\n\t\t\t\t\t\t\t\t\t<span class=\"elementor-button-text\">Checklist b\u00e1sico para eventos<\/span>\n\t\t\t\t\t<\/span>\n\t\t\t\t\t<\/a>\n\t\t\t\t<\/div>\n\t\t\t\t\t\t<\/div>\n\t\t\t\t<\/div>\n\t\t\t\t\t<\/div>\n\t\t<\/div>\n\t\t\t\t\t<\/div>\n\t\t<\/section>\n\t\t\t\t<\/div>\n\t\t","protected":false},"excerpt":{"rendered":"<p>PLANEJAMENTO Para criar o seu evento, \u00e9 importante que voc\u00ea fa\u00e7a um planejamento b\u00e1sico. isso facilitar\u00e1 a organiza\u00e7\u00e3o e a divulga\u00e7\u00e3o do evento. O planejamento deve conter defini\u00e7\u00f5es e informa\u00e7\u00f5es sobre o evento. O formato do planejamento deve ser aquele que o organizador mais de adapta. Sugerimos, abaixo, um planejamento em tabela. Planejamento b\u00e1sico para [&hellip;]<\/p>\n","protected":false},"author":118,"featured_media":0,"parent":0,"menu_order":0,"comment_status":"closed","ping_status":"closed","template":"","meta":{"footnotes":""},"categories":[],"tags":[],"class_list":["post-1002","page","type-page","status-publish","hentry"],"acf":[],"_links":{"self":[{"href":"https:\/\/www.ufsm.br\/comunicacao\/guiaeventos\/wp-json\/wp\/v2\/pages\/1002","targetHints":{"allow":["GET"]}}],"collection":[{"href":"https:\/\/www.ufsm.br\/comunicacao\/guiaeventos\/wp-json\/wp\/v2\/pages"}],"about":[{"href":"https:\/\/www.ufsm.br\/comunicacao\/guiaeventos\/wp-json\/wp\/v2\/types\/page"}],"author":[{"embeddable":true,"href":"https:\/\/www.ufsm.br\/comunicacao\/guiaeventos\/wp-json\/wp\/v2\/users\/118"}],"replies":[{"embeddable":true,"href":"https:\/\/www.ufsm.br\/comunicacao\/guiaeventos\/wp-json\/wp\/v2\/comments?post=1002"}],"version-history":[{"count":0,"href":"https:\/\/www.ufsm.br\/comunicacao\/guiaeventos\/wp-json\/wp\/v2\/pages\/1002\/revisions"}],"wp:attachment":[{"href":"https:\/\/www.ufsm.br\/comunicacao\/guiaeventos\/wp-json\/wp\/v2\/media?parent=1002"}],"wp:term":[{"taxonomy":"category","embeddable":true,"href":"https:\/\/www.ufsm.br\/comunicacao\/guiaeventos\/wp-json\/wp\/v2\/categories?post=1002"},{"taxonomy":"post_tag","embeddable":true,"href":"https:\/\/www.ufsm.br\/comunicacao\/guiaeventos\/wp-json\/wp\/v2\/tags?post=1002"}],"curies":[{"name":"wp","href":"https:\/\/api.w.org\/{rel}","templated":true}]}}

<div data-elementor-type="wp-page" data-elementor-id="1002" class="elementor elementor-1002">
						<section class="elementor-section elementor-top-section elementor-element elementor-element-4044f035 elementor-section-boxed elementor-section-height-default elementor-section-height-default" data-id="4044f035" data-element_type="section">
						<div class="elementor-container elementor-column-gap-default">
					<div class="elementor-column elementor-col-100 elementor-top-column elementor-element elementor-element-6e504849" data-id="6e504849" data-element_type="column">
			<div class="elementor-widget-wrap elementor-element-populated">
						<div class="elementor-element elementor-element-25d9810d elementor-widget elementor-widget-text-editor" data-id="25d9810d" data-element_type="widget" data-widget_type="text-editor.default">
				<div class="elementor-widget-container">
							<p><!-- wp:tadv/classic-paragraph --></p>
<p><strong>PLANEJAMENTO</strong></p>
<p>Para criar o seu evento, é importante que você faça um planejamento básico. isso facilitará a organização e a divulgação do evento.</p>
<p>O planejamento deve conter definições e informações sobre o evento. O formato do planejamento deve ser aquele que o organizador mais de adapta. Sugerimos, abaixo, um planejamento em tabela.</p>
<p><!-- /wp:tadv/classic-paragraph --></p>						</div>
				</div>
				<div class="elementor-element elementor-element-5e8f682 elementor-align-center elementor-widget elementor-widget-button" data-id="5e8f682" data-element_type="widget" data-widget_type="button.default">
				<div class="elementor-widget-container">
							<div class="elementor-button-wrapper">
					<a class="elementor-button elementor-button-link elementor-size-sm" href="https://www.ufsm.br/app/uploads/sites/767/2020/09/PLANEJAMENTO-DE-EVENTO-1.pdf" target="_blank">
						<span class="elementor-button-content-wrapper">
									<span class="elementor-button-text">Planejamento básico para evento</span>
					</span>
					</a>
				</div>
						</div>
				</div>
					</div>
		</div>
					</div>
		</section>
				<section class="elementor-section elementor-top-section elementor-element elementor-element-165c8b6 elementor-section-boxed elementor-section-height-default elementor-section-height-default" data-id="165c8b6" data-element_type="section">
						<div class="elementor-container elementor-column-gap-default">
					<div class="elementor-column elementor-col-100 elementor-top-column elementor-element elementor-element-7279f2c" data-id="7279f2c" data-element_type="column">
			<div class="elementor-widget-wrap elementor-element-populated">
						<div class="elementor-element elementor-element-e505210 elementor-widget elementor-widget-text-editor" data-id="e505210" data-element_type="widget" data-widget_type="text-editor.default">
				<div class="elementor-widget-container">
							<p><strong>CHECKLIST</strong></p>
<p>O checklist é uma ferramenta de organização que acompanha o organizador durante todo o evento: pré, durante e pós. Nele, é possível detalhar as ações necessárias e indicar responsáveis.</p>
<p>Normalmente, o checklist é feito em formatado em uma tabela. É interessante que se tenha um coluna para acompanhar as ações realizadas e em andamento.</p>
<p>Abaixo, segue um modelo de checklist para o seu evento. Você pode adaptá-lo de acordo com as suas necessidades.</p>						</div>
				</div>
				<div class="elementor-element elementor-element-e8263ad elementor-align-center elementor-widget elementor-widget-button" data-id="e8263ad" data-element_type="widget" data-widget_type="button.default">
				<div class="elementor-widget-container">
							<div class="elementor-button-wrapper">
					<a class="elementor-button elementor-button-link elementor-size-sm" href="https://www.ufsm.br/app/uploads/sites/767/2020/09/CHECKLIST-EVENTO-.pdf" target="_blank">
						<span class="elementor-button-content-wrapper">
									<span class="elementor-button-text">Checklist básico para eventos</span>
					</span>
					</a>
				</div>
						</div>
				</div>
					</div>
		</div>
					</div>
		</section>
				</div>

<p>PLANEJAMENTO Para criar o seu evento, é importante que você faça um planejamento básico. isso facilitará a organização e a divulgação do evento. O planejamento deve conter definições e informações sobre o evento. O formato do planejamento deve ser aquele que o organizador mais de adapta. Sugerimos, abaixo, um planejamento em tabela. Planejamento básico para [&hellip;]</p>
