{"id":1047,"date":"2019-12-02T12:27:42","date_gmt":"2019-12-02T15:27:42","guid":{"rendered":"https:\/\/www.ufsm.br\/reitoria\/gabinete-do-reitor\/guiaeventos\/?page_id=1047"},"modified":"2020-09-02T19:36:15","modified_gmt":"2020-09-02T22:36:15","slug":"apresentacao-do-projeto","status":"publish","type":"page","link":"https:\/\/www.ufsm.br\/comunicacao\/guiaeventos\/apresentacao-do-projeto","title":{"rendered":"Apresenta\u00e7\u00e3o"},"content":{"rendered":"\n<p>A partir do projeto de conclus\u00e3o de curso em Rela\u00e7\u00f5es P\u00fablicas do estudante Rodrigo Riquer, o comit\u00ea Gestor da Pol\u00edtica de Comunica\u00e7\u00e3o assumiu a necessidade de criar um Grupo de Trabalho (GT) que abordasse a quest\u00e3o dos eventos na UFSM. Por isso, criou-se o GT Eventos Sustent\u00e1veis.<\/p>\n<p><span style=\"font-weight: 400\">Os eventos institucionais possuem um grande impacto na viv\u00eancia acad\u00eamica e o comprometimento dos servidores t\u00e9cnico-administrativos em educa\u00e7\u00e3o (TAE), docentes e estudantes na sua organiza\u00e7\u00e3o muitas vezes n\u00e3o \u00e9 o suficiente. Por isso, este site visa contribuir tanto com quest\u00f5es legais quanto com dicas de organiza\u00e7\u00e3o e execu\u00e7\u00e3o de eventos.<\/span><\/p>\n<p>Abaixo, voc\u00ea encontra documentos relacionados a Pol\u00edtica de Comunica\u00e7\u00e3o.<\/p>\n","protected":false},"excerpt":{"rendered":"<p>A partir do projeto de conclus\u00e3o de curso em Rela\u00e7\u00f5es P\u00fablicas do estudante Rodrigo Riquer, o comit\u00ea Gestor da Pol\u00edtica de Comunica\u00e7\u00e3o assumiu a necessidade de criar um Grupo de Trabalho (GT) que abordasse a quest\u00e3o dos eventos na UFSM. Por isso, criou-se o GT Eventos Sustent\u00e1veis. Os eventos institucionais possuem um grande impacto na [&hellip;]<\/p>\n","protected":false},"author":118,"featured_media":0,"parent":0,"menu_order":0,"comment_status":"closed","ping_status":"closed","template":"","meta":{"footnotes":""},"categories":[],"tags":[],"class_list":["post-1047","page","type-page","status-publish","hentry"],"acf":[],"_links":{"self":[{"href":"https:\/\/www.ufsm.br\/comunicacao\/guiaeventos\/wp-json\/wp\/v2\/pages\/1047","targetHints":{"allow":["GET"]}}],"collection":[{"href":"https:\/\/www.ufsm.br\/comunicacao\/guiaeventos\/wp-json\/wp\/v2\/pages"}],"about":[{"href":"https:\/\/www.ufsm.br\/comunicacao\/guiaeventos\/wp-json\/wp\/v2\/types\/page"}],"author":[{"embeddable":true,"href":"https:\/\/www.ufsm.br\/comunicacao\/guiaeventos\/wp-json\/wp\/v2\/users\/118"}],"replies":[{"embeddable":true,"href":"https:\/\/www.ufsm.br\/comunicacao\/guiaeventos\/wp-json\/wp\/v2\/comments?post=1047"}],"version-history":[{"count":0,"href":"https:\/\/www.ufsm.br\/comunicacao\/guiaeventos\/wp-json\/wp\/v2\/pages\/1047\/revisions"}],"wp:attachment":[{"href":"https:\/\/www.ufsm.br\/comunicacao\/guiaeventos\/wp-json\/wp\/v2\/media?parent=1047"}],"wp:term":[{"taxonomy":"category","embeddable":true,"href":"https:\/\/www.ufsm.br\/comunicacao\/guiaeventos\/wp-json\/wp\/v2\/categories?post=1047"},{"taxonomy":"post_tag","embeddable":true,"href":"https:\/\/www.ufsm.br\/comunicacao\/guiaeventos\/wp-json\/wp\/v2\/tags?post=1047"}],"curies":[{"name":"wp","href":"https:\/\/api.w.org\/{rel}","templated":true}]}}

Apresentação

<p>A partir do projeto de conclusão de curso em Relações Públicas do estudante Rodrigo Riquer, o comitê Gestor da Política de Comunicação assumiu a necessidade de criar um Grupo de Trabalho (GT) que abordasse a questão dos eventos na UFSM. Por isso, criou-se o GT Eventos Sustentáveis.</p>
<p><span style="font-weight: 400">Os eventos institucionais possuem um grande impacto na vivência acadêmica e o comprometimento dos servidores técnico-administrativos em educação (TAE), docentes e estudantes na sua organização muitas vezes não é o suficiente. Por isso, este site visa contribuir tanto com questões legais quanto com dicas de organização e execução de eventos.</span></p>
<p>Abaixo, você encontra documentos relacionados a Política de Comunicação.</p>

<p>A partir do projeto de conclusão de curso em Relações Públicas do estudante Rodrigo Riquer, o comitê Gestor da Política de Comunicação assumiu a necessidade de criar um Grupo de Trabalho (GT) que abordasse a questão dos eventos na UFSM. Por isso, criou-se o GT Eventos Sustentáveis. Os eventos institucionais possuem um grande impacto na [&hellip;]</p>
