{"id":1061,"date":"2020-09-01T12:16:25","date_gmt":"2020-09-01T15:16:25","guid":{"rendered":"https:\/\/www.ufsm.br\/comunicacao\/guiaeventos\/?page_id=1061"},"modified":"2020-09-30T10:56:51","modified_gmt":"2020-09-30T13:56:51","slug":"sustentabilidade-em-eventos","status":"publish","type":"page","link":"https:\/\/www.ufsm.br\/comunicacao\/guiaeventos\/sustentabilidade-em-eventos","title":{"rendered":"Sustentabilidade em eventos"},"content":{"rendered":"\n<p>Ao falar de sustentabilidade, alguns verbos precisam estar presentes no planejamento de um evento: <strong>Repensar, Reutilizar, Reduzir e Reciclar<\/strong>. Ao realizar seu evento, \u00e9 poss\u00edvel diminuir impactos sociais, ambientais e econ\u00f4micos ao colocar em pr\u00e1tica a\u00e7\u00f5es de sustentabilidade. Abaixo, voc\u00ea encontra algumas dicas:<\/p>\n<p><strong>Repensar<\/strong><\/p>\n<ul>\n<li>Avalie os seus fornecedores e opte por aqueles que fa\u00e7am uso de pr\u00e1ticas sustent\u00e1veis.<\/li>\n<li>Reveja a necessidade de impress\u00e3o de flyers, cartazes e convites, atualmente as comunica\u00e7\u00f5es podem ser feitas em meios digitais como site, e-mail e redes sociais.<\/li>\n<li>Busque op\u00e7\u00f5es de coffee break que valorizem a gastronomia da regi\u00e3o e utilizem produtores locais.<\/li>\n<li>Veja a possibilidade de trocar copos pl\u00e1sticos descart\u00e1veis por copos retorn\u00e1veis ou copos biodegrad\u00e1veis.<\/li>\n<\/ul>\n<p><strong>Reutilizar<\/strong><\/p>\n<ul>\n<li>Se for poss\u00edvel, pe\u00e7a aos participantes que tragam suas canecas para evitar o uso de copos pl\u00e1sticos.<\/li>\n<li>Se houver sobra de alimentos, encaminhe os res\u00edduos para uma composteira org\u00e2nica.<\/li>\n<li>A fabrica\u00e7\u00e3o de banners de papel s\u00e3o uma alternativa mais interessante no ponto de vista ambiental em rela\u00e7\u00e3o aos de lona, visto que todo papel \u00e9 encaminhado para as Associa\u00e7\u00f5es e Cooperativas de catadores, onde s\u00e3o reciclados. A lona n\u00e3o \u00e9 reciclada, apenas reaproveitada para confec\u00e7\u00e3o de outros materiais.<\/li>\n<\/ul>\n<p><strong>Reduzir<\/strong><\/p>\n<ul>\n<li>Se houver coffee break, opte por alimentos que n\u00e3o possuam embalagens pl\u00e1sticas.<\/li>\n<li>Fa\u00e7a uso consciente de materiais impressos &#8211; o cronograma do evento pode ser impresso em um banner de papel ou projetado em uma TV e n\u00e3o impresso e entregue para cada participante.<\/li>\n<li>Fa\u00e7a uso consciente da luz e ar-condicionado. Caso o audit\u00f3rio n\u00e3o esteja cheio, n\u00e3o h\u00e1 necessidade de ligar todas as luzes e aparelhos.<\/li>\n<li>O ar-condicionado deve ser utilizado entre 22 e 23\u00baC. Essa temperatura garante conforto t\u00e9rmico no ambiente e n\u00e3o sobrecarrega a rede el\u00e9trica.<\/li>\n<li>Ao sair dos ambientes e finalizar as atividades, \u00e9 importante conferir se todos os aparelhos e luzes foram desligados.<\/li>\n<\/ul>\n<p><strong>Reciclar<\/strong><\/p>\n<ul>\n<li>Disponibilize coletoras de res\u00edduos org\u00e2nicos e recicl\u00e1veis.<\/li>\n<li>A aquisi\u00e7\u00e3o de coletores\/lixeiras \u00e9 responsabilidade da organiza\u00e7\u00e3o do evento.\u00a0 Podem ser adquiridas via Registro de Pre\u00e7o ou no Almoxarifado Central da UFSM. A compra dos sacos de lixo tamb\u00e9m \u00e9 responsabilidade da organiza\u00e7\u00e3o, devendo ser no padr\u00e3o das tr\u00eas cores (verde, marrom e cinza) ou todos transparentes. Para auxiliar o p\u00fablico, a identifica\u00e7\u00e3o dos coletores\/lixeiras \u00e9 padronizado, sendo responsabilidade da organiza\u00e7\u00e3o a impress\u00e3o e etiqueta\u00e7\u00e3o. <a href=\"https:\/\/www.ufsm.br\/pro-reitorias\/proinfra\/uma\/sinalizacao-lixeiras\/\">As artes encontram-se dispon\u00edveis na p\u00e1gina do UMA<\/a>.<\/li>\n<li>Para eventos que utilizem banners, s\u00e3o disponibilizadas caixas coletoras e o material \u00e9 destinado via Coleta Seletiva Solid\u00e1ria da UFSM. As caixas coletoras devem ser solicitadas para o Setor de Planejamento Ambiental com anteced\u00eancia de no m\u00ednimo tr\u00eas dias, atrav\u00e9s do e-mail <a href=\"mailto:spaproinfra@ufsm.br\">spaproinfra@ufsm.br<\/a>.<\/li>\n<\/ul>\n<p><a href=\"https:\/\/www.ufsm.br\/pro-reitorias\/proinfra\/uma\/manual-de-coleta-de-residuos-em-eventos\/?preview_id=544&amp;preview_nonce=350edd1961&amp;preview=true\">Veja o Manual de Coleta de Res\u00edduos em Eventos.<\/a><\/p>\n<p>Para mais dicas sobre sustentabilidade acesse o site do projeto <a href=\"https:\/\/www.ufsm.br\/pro-reitorias\/proinfra\/uma\/\">UMA Universidade Sustent\u00e1vel<\/a>.<\/p>\n","protected":false},"excerpt":{"rendered":"<p>Ao falar de sustentabilidade, alguns verbos precisam estar presentes no planejamento de um evento: Repensar, Reutilizar, Reduzir e Reciclar. Ao realizar seu evento, \u00e9 poss\u00edvel diminuir impactos sociais, ambientais e econ\u00f4micos ao colocar em pr\u00e1tica a\u00e7\u00f5es de sustentabilidade. Abaixo, voc\u00ea encontra algumas dicas: Repensar Avalie os seus fornecedores e opte por aqueles que fa\u00e7am uso [&hellip;]<\/p>\n","protected":false},"author":278,"featured_media":0,"parent":0,"menu_order":0,"comment_status":"closed","ping_status":"closed","template":"","meta":{"footnotes":""},"categories":[],"tags":[],"class_list":["post-1061","page","type-page","status-publish","hentry"],"acf":[],"_links":{"self":[{"href":"https:\/\/www.ufsm.br\/comunicacao\/guiaeventos\/wp-json\/wp\/v2\/pages\/1061","targetHints":{"allow":["GET"]}}],"collection":[{"href":"https:\/\/www.ufsm.br\/comunicacao\/guiaeventos\/wp-json\/wp\/v2\/pages"}],"about":[{"href":"https:\/\/www.ufsm.br\/comunicacao\/guiaeventos\/wp-json\/wp\/v2\/types\/page"}],"author":[{"embeddable":true,"href":"https:\/\/www.ufsm.br\/comunicacao\/guiaeventos\/wp-json\/wp\/v2\/users\/278"}],"replies":[{"embeddable":true,"href":"https:\/\/www.ufsm.br\/comunicacao\/guiaeventos\/wp-json\/wp\/v2\/comments?post=1061"}],"version-history":[{"count":0,"href":"https:\/\/www.ufsm.br\/comunicacao\/guiaeventos\/wp-json\/wp\/v2\/pages\/1061\/revisions"}],"wp:attachment":[{"href":"https:\/\/www.ufsm.br\/comunicacao\/guiaeventos\/wp-json\/wp\/v2\/media?parent=1061"}],"wp:term":[{"taxonomy":"category","embeddable":true,"href":"https:\/\/www.ufsm.br\/comunicacao\/guiaeventos\/wp-json\/wp\/v2\/categories?post=1061"},{"taxonomy":"post_tag","embeddable":true,"href":"https:\/\/www.ufsm.br\/comunicacao\/guiaeventos\/wp-json\/wp\/v2\/tags?post=1061"}],"curies":[{"name":"wp","href":"https:\/\/api.w.org\/{rel}","templated":true}]}}

<p>Ao falar de sustentabilidade, alguns verbos precisam estar presentes no planejamento de um evento: <strong>Repensar, Reutilizar, Reduzir e Reciclar</strong>. Ao realizar seu evento, é possível diminuir impactos sociais, ambientais e econômicos ao colocar em prática ações de sustentabilidade. Abaixo, você encontra algumas dicas:</p>
<p><strong>Repensar</strong></p>
<ul>
<li>Avalie os seus fornecedores e opte por aqueles que façam uso de práticas sustentáveis.</li>
<li>Reveja a necessidade de impressão de flyers, cartazes e convites, atualmente as comunicações podem ser feitas em meios digitais como site, e-mail e redes sociais.</li>
<li>Busque opções de coffee break que valorizem a gastronomia da região e utilizem produtores locais.</li>
<li>Veja a possibilidade de trocar copos plásticos descartáveis por copos retornáveis ou copos biodegradáveis.</li>
</ul>
<p><strong>Reutilizar</strong></p>
<ul>
<li>Se for possível, peça aos participantes que tragam suas canecas para evitar o uso de copos plásticos.</li>
<li>Se houver sobra de alimentos, encaminhe os resíduos para uma composteira orgânica.</li>
<li>A fabricação de banners de papel são uma alternativa mais interessante no ponto de vista ambiental em relação aos de lona, visto que todo papel é encaminhado para as Associações e Cooperativas de catadores, onde são reciclados. A lona não é reciclada, apenas reaproveitada para confecção de outros materiais.</li>
</ul>
<p><strong>Reduzir</strong></p>
<ul>
<li>Se houver coffee break, opte por alimentos que não possuam embalagens plásticas.</li>
<li>Faça uso consciente de materiais impressos &#8211; o cronograma do evento pode ser impresso em um banner de papel ou projetado em uma TV e não impresso e entregue para cada participante.</li>
<li>Faça uso consciente da luz e ar-condicionado. Caso o auditório não esteja cheio, não há necessidade de ligar todas as luzes e aparelhos.</li>
<li>O ar-condicionado deve ser utilizado entre 22 e 23ºC. Essa temperatura garante conforto térmico no ambiente e não sobrecarrega a rede elétrica.</li>
<li>Ao sair dos ambientes e finalizar as atividades, é importante conferir se todos os aparelhos e luzes foram desligados.</li>
</ul>
<p><strong>Reciclar</strong></p>
<ul>
<li>Disponibilize coletoras de resíduos orgânicos e recicláveis.</li>
<li>A aquisição de coletores/lixeiras é responsabilidade da organização do evento.  Podem ser adquiridas via Registro de Preço ou no Almoxarifado Central da UFSM. A compra dos sacos de lixo também é responsabilidade da organização, devendo ser no padrão das três cores (verde, marrom e cinza) ou todos transparentes. Para auxiliar o público, a identificação dos coletores/lixeiras é padronizado, sendo responsabilidade da organização a impressão e etiquetação. <a href="https://www.ufsm.br/pro-reitorias/proinfra/uma/sinalizacao-lixeiras/">As artes encontram-se disponíveis na página do UMA</a>.</li>
<li>Para eventos que utilizem banners, são disponibilizadas caixas coletoras e o material é destinado via Coleta Seletiva Solidária da UFSM. As caixas coletoras devem ser solicitadas para o Setor de Planejamento Ambiental com antecedência de no mínimo três dias, através do e-mail <a href="mailto:spaproinfra@ufsm.br">spaproinfra@ufsm.br</a>.</li>
</ul>
<p><a href="https://www.ufsm.br/pro-reitorias/proinfra/uma/manual-de-coleta-de-residuos-em-eventos/?preview_id=544&amp;preview_nonce=350edd1961&amp;preview=true">Veja o Manual de Coleta de Resíduos em Eventos.</a></p>
<p>Para mais dicas sobre sustentabilidade acesse o site do projeto <a href="https://www.ufsm.br/pro-reitorias/proinfra/uma/">UMA Universidade Sustentável</a>.</p>

<p>Ao falar de sustentabilidade, alguns verbos precisam estar presentes no planejamento de um evento: Repensar, Reutilizar, Reduzir e Reciclar. Ao realizar seu evento, é possível diminuir impactos sociais, ambientais e econômicos ao colocar em prática ações de sustentabilidade. Abaixo, você encontra algumas dicas: Repensar Avalie os seus fornecedores e opte por aqueles que façam uso [&hellip;]</p>
