{"id":1063,"date":"2020-09-01T12:17:00","date_gmt":"2020-09-01T15:17:00","guid":{"rendered":"https:\/\/www.ufsm.br\/comunicacao\/guiaeventos\/?page_id=1063"},"modified":"2020-09-15T12:08:47","modified_gmt":"2020-09-15T15:08:47","slug":"quem-contatar","status":"publish","type":"page","link":"https:\/\/www.ufsm.br\/comunicacao\/guiaeventos\/quem-contatar","title":{"rendered":"Quem contatar"},"content":{"rendered":"\n<p>Organizamos alguns contatos que talvez voc\u00ea precise ao organizar um evento na UFSM.<\/p>\n<p>Para divulgar seu evento nas redes sociais e site da UFSM: comunicacaointegrada@ufsm.br<\/p>\n<p>Para ter o cerimonial do seu evento corrigido por um(a) Rela\u00e7\u00f5es P\u00fablicas: ascomgabinete@ufsm.br<\/p>\n<p>Para ter a divulga\u00e7\u00e3o do seu evento enviada para a imprensa: imprensa@ufsm.br<\/p>\n<p>Para sanar d\u00favidas sobre acessibilidade: nucleodeacessibilidade@ufsm.br<\/p>\n<p>Para sanar d\u00favidas sobre sustentabilidade: uma@ufsm.br<\/p>\n<p>Para d\u00favidas sobre organiza\u00e7\u00e3o ou divulga\u00e7\u00e3o, entre em contato com o N\u00facleo de Divulga\u00e7\u00e3o (NDI) da sua unidade acad\u00eamica.<\/p>\n","protected":false},"excerpt":{"rendered":"<p>Organizamos alguns contatos que talvez voc\u00ea precise ao organizar um evento na UFSM. Para divulgar seu evento nas redes sociais e site da UFSM: comunicacaointegrada@ufsm.br Para ter o cerimonial do seu evento corrigido por um(a) Rela\u00e7\u00f5es P\u00fablicas: ascomgabinete@ufsm.br Para ter a divulga\u00e7\u00e3o do seu evento enviada para a imprensa: imprensa@ufsm.br Para sanar d\u00favidas sobre acessibilidade: [&hellip;]<\/p>\n","protected":false},"author":278,"featured_media":0,"parent":0,"menu_order":0,"comment_status":"closed","ping_status":"closed","template":"","meta":{"footnotes":""},"categories":[],"tags":[],"class_list":["post-1063","page","type-page","status-publish","hentry"],"acf":[],"_links":{"self":[{"href":"https:\/\/www.ufsm.br\/comunicacao\/guiaeventos\/wp-json\/wp\/v2\/pages\/1063","targetHints":{"allow":["GET"]}}],"collection":[{"href":"https:\/\/www.ufsm.br\/comunicacao\/guiaeventos\/wp-json\/wp\/v2\/pages"}],"about":[{"href":"https:\/\/www.ufsm.br\/comunicacao\/guiaeventos\/wp-json\/wp\/v2\/types\/page"}],"author":[{"embeddable":true,"href":"https:\/\/www.ufsm.br\/comunicacao\/guiaeventos\/wp-json\/wp\/v2\/users\/278"}],"replies":[{"embeddable":true,"href":"https:\/\/www.ufsm.br\/comunicacao\/guiaeventos\/wp-json\/wp\/v2\/comments?post=1063"}],"version-history":[{"count":0,"href":"https:\/\/www.ufsm.br\/comunicacao\/guiaeventos\/wp-json\/wp\/v2\/pages\/1063\/revisions"}],"wp:attachment":[{"href":"https:\/\/www.ufsm.br\/comunicacao\/guiaeventos\/wp-json\/wp\/v2\/media?parent=1063"}],"wp:term":[{"taxonomy":"category","embeddable":true,"href":"https:\/\/www.ufsm.br\/comunicacao\/guiaeventos\/wp-json\/wp\/v2\/categories?post=1063"},{"taxonomy":"post_tag","embeddable":true,"href":"https:\/\/www.ufsm.br\/comunicacao\/guiaeventos\/wp-json\/wp\/v2\/tags?post=1063"}],"curies":[{"name":"wp","href":"https:\/\/api.w.org\/{rel}","templated":true}]}}

<p>Organizamos alguns contatos que talvez você precise ao organizar um evento na UFSM.</p>
<p>Para divulgar seu evento nas redes sociais e site da UFSM: comunicacaointegrada@ufsm.br</p>
<p>Para ter o cerimonial do seu evento corrigido por um(a) Relações Públicas: ascomgabinete@ufsm.br</p>
<p>Para ter a divulgação do seu evento enviada para a imprensa: imprensa@ufsm.br</p>
<p>Para sanar dúvidas sobre acessibilidade: nucleodeacessibilidade@ufsm.br</p>
<p>Para sanar dúvidas sobre sustentabilidade: uma@ufsm.br</p>
<p>Para dúvidas sobre organização ou divulgação, entre em contato com o Núcleo de Divulgação (NDI) da sua unidade acadêmica.</p>

<p>Organizamos alguns contatos que talvez você precise ao organizar um evento na UFSM. Para divulgar seu evento nas redes sociais e site da UFSM: comunicacaointegrada@ufsm.br Para ter o cerimonial do seu evento corrigido por um(a) Relações Públicas: ascomgabinete@ufsm.br Para ter a divulgação do seu evento enviada para a imprensa: imprensa@ufsm.br Para sanar dúvidas sobre acessibilidade: [&hellip;]</p>
