{"id":1088,"date":"2020-09-02T18:30:25","date_gmt":"2020-09-02T21:30:25","guid":{"rendered":"https:\/\/www.ufsm.br\/comunicacao\/guiaeventos\/?page_id=1088"},"modified":"2020-09-22T13:00:04","modified_gmt":"2020-09-22T16:00:04","slug":"cerimonial-e-protocolo-3","status":"publish","type":"page","link":"https:\/\/www.ufsm.br\/comunicacao\/guiaeventos\/cerimonial-e-protocolo-3","title":{"rendered":"Cerimonial e protocolo"},"content":{"rendered":"\n<p>O cerimonial de um evento \u00e9 o guia da organiza\u00e7\u00e3o do evento.\u00a0Para informa\u00e7\u00f5es a respeito do cerimonial e protocolo nas universidades, voc\u00ea pode acessar a disserta\u00e7\u00e3o da Rela\u00e7\u00f5es P\u00fablicas da UFSM, T\u00e2nia Regina Weber, que cria um <a href=\"https:\/\/www.ufsm.br\/app\/uploads\/sites\/767\/2019\/11\/MANUAL-DE-CERIMONIAL.pdf\">Manual de Cerimonial.<\/a><\/p>\n<p>Voc\u00ea pode acessar modelos de cerimonial pelos links abaixo retirados do Manual de Cerimonial da T\u00e2nia Weber.<\/p>\n","protected":false},"excerpt":{"rendered":"<p>O cerimonial de um evento \u00e9 o guia da organiza\u00e7\u00e3o do evento.\u00a0Para informa\u00e7\u00f5es a respeito do cerimonial e protocolo nas universidades, voc\u00ea pode acessar a disserta\u00e7\u00e3o da Rela\u00e7\u00f5es P\u00fablicas da UFSM, T\u00e2nia Regina Weber, que cria um Manual de Cerimonial. Voc\u00ea pode acessar modelos de cerimonial pelos links abaixo retirados do Manual de Cerimonial da [&hellip;]<\/p>\n","protected":false},"author":278,"featured_media":0,"parent":0,"menu_order":0,"comment_status":"closed","ping_status":"closed","template":"","meta":{"footnotes":""},"categories":[],"tags":[],"class_list":["post-1088","page","type-page","status-publish","hentry"],"acf":[],"_links":{"self":[{"href":"https:\/\/www.ufsm.br\/comunicacao\/guiaeventos\/wp-json\/wp\/v2\/pages\/1088","targetHints":{"allow":["GET"]}}],"collection":[{"href":"https:\/\/www.ufsm.br\/comunicacao\/guiaeventos\/wp-json\/wp\/v2\/pages"}],"about":[{"href":"https:\/\/www.ufsm.br\/comunicacao\/guiaeventos\/wp-json\/wp\/v2\/types\/page"}],"author":[{"embeddable":true,"href":"https:\/\/www.ufsm.br\/comunicacao\/guiaeventos\/wp-json\/wp\/v2\/users\/278"}],"replies":[{"embeddable":true,"href":"https:\/\/www.ufsm.br\/comunicacao\/guiaeventos\/wp-json\/wp\/v2\/comments?post=1088"}],"version-history":[{"count":0,"href":"https:\/\/www.ufsm.br\/comunicacao\/guiaeventos\/wp-json\/wp\/v2\/pages\/1088\/revisions"}],"wp:attachment":[{"href":"https:\/\/www.ufsm.br\/comunicacao\/guiaeventos\/wp-json\/wp\/v2\/media?parent=1088"}],"wp:term":[{"taxonomy":"category","embeddable":true,"href":"https:\/\/www.ufsm.br\/comunicacao\/guiaeventos\/wp-json\/wp\/v2\/categories?post=1088"},{"taxonomy":"post_tag","embeddable":true,"href":"https:\/\/www.ufsm.br\/comunicacao\/guiaeventos\/wp-json\/wp\/v2\/tags?post=1088"}],"curies":[{"name":"wp","href":"https:\/\/api.w.org\/{rel}","templated":true}]}}

<p>O cerimonial de um evento é o guia da organização do evento. Para informações a respeito do cerimonial e protocolo nas universidades, você pode acessar a dissertação da Relações Públicas da UFSM, Tânia Regina Weber, que cria um <a href="https://www.ufsm.br/app/uploads/sites/767/2019/11/MANUAL-DE-CERIMONIAL.pdf">Manual de Cerimonial.</a></p>
<p>Você pode acessar modelos de cerimonial pelos links abaixo retirados do Manual de Cerimonial da Tânia Weber.</p>

<p>O cerimonial de um evento é o guia da organização do evento. Para informações a respeito do cerimonial e protocolo nas universidades, você pode acessar a dissertação da Relações Públicas da UFSM, Tânia Regina Weber, que cria um Manual de Cerimonial. Você pode acessar modelos de cerimonial pelos links abaixo retirados do Manual de Cerimonial da [&hellip;]</p>
