{"id":39,"date":"2020-03-06T10:00:52","date_gmt":"2020-03-06T13:00:52","guid":{"rendered":"https:\/\/www.ufsm.br\/comunicacao\/guiamidiassociais\/?page_id=39"},"modified":"2021-03-19T08:41:32","modified_gmt":"2021-03-19T11:41:32","slug":"dicas-de-ferramentas-que-facilitam-sua-vida-nas-redes-sociais","status":"publish","type":"page","link":"https:\/\/www.ufsm.br\/comunicacao\/guiamidiassociais\/dicas-de-ferramentas-que-facilitam-sua-vida-nas-redes-sociais","title":{"rendered":"Dicas de Ferramentas que facilitam sua vida nas redes sociais"},"content":{"rendered":"\t\t<div data-elementor-type=\"wp-page\" data-elementor-id=\"39\" class=\"elementor elementor-39\">\n\t\t\t\t\t\t<section class=\"elementor-section elementor-top-section elementor-element elementor-element-250962eb elementor-section-boxed elementor-section-height-default elementor-section-height-default\" data-id=\"250962eb\" data-element_type=\"section\">\n\t\t\t\t\t\t<div class=\"elementor-container elementor-column-gap-default\">\n\t\t\t\t\t<div class=\"elementor-column elementor-col-100 elementor-top-column elementor-element elementor-element-4eeca206\" data-id=\"4eeca206\" data-element_type=\"column\">\n\t\t\t<div class=\"elementor-widget-wrap elementor-element-populated\">\n\t\t\t\t\t\t<div class=\"elementor-element elementor-element-1be900f6 elementor-widget elementor-widget-text-editor\" data-id=\"1be900f6\" data-element_type=\"widget\" data-widget_type=\"text-editor.default\">\n\t\t\t\t<div class=\"elementor-widget-container\">\n\t\t\t\t\t\t\t<p><!-- wp:paragraph --><\/p>\n<p>Existem ferramentas que contribuem para a melhor utiliza\u00e7\u00e3o das redes sociais. Veja alguns exemplos abaixo:<\/p>\n<p><!-- \/wp:paragraph --><!-- wp:list --><\/p>\n<ul>\n<li><strong><i>TWEETDECK<\/i><\/strong>: permite visualizar v\u00e1rias&nbsp;<em>timelines&nbsp;<\/em>e&nbsp;contas do&nbsp;<em>Twitter<\/em>, programar&nbsp;<em>Tweets<\/em>&nbsp;para publica\u00e7\u00e3o no futuro, criar cole\u00e7\u00f5es de&nbsp;<em>Tweets<\/em>&nbsp;e muito mais. https:\/\/tweetdeck.twitter.com\/&nbsp;<\/li>\n<li><strong><i>BIT.LY<\/i><\/strong>: \u00e9 um encurtador de links. Quando voc\u00ea divulgar algum link no Facebook, \u00e9 indicado que voc\u00ea fa\u00e7a o encurtamento para que ele fique mais leg\u00edvel e mais \u201cbonito\u201d na publica\u00e7\u00e3o. Al\u00e9m disso, a ferramenta&nbsp;<em>Bit.ly<\/em>&nbsp;possibilita monitorar quantas vezes o link encurtado foi acessado. Vale lembrar que o&nbsp;<em>Instagram<\/em>&nbsp;n\u00e3o aceita links nas legendas das fotos e que o Twitter encurta os links publicados por conta.&nbsp;<a href=\"https:\/\/bitly.com\/\">https:\/\/bitly.com\/<\/a><\/li>\n<li><strong><i>CANVA<\/i><\/strong>: \u00e9 um programa online para cria\u00e7\u00e3o de cards e&nbsp;<em>layouts<\/em>&nbsp;em diversos formatos. No&nbsp;<em>Canva<\/em>, \u00e9 poss\u00edvel criar&nbsp;<em>layouts<\/em>&nbsp;com os tamanhos certos para as redes sociais de forma facilitada e intuitiva, com diferentes cores, imagens e tipos de textos.&nbsp;<span style=\"font-family: Arial, Helvetica, sans-serif;font-size: small\"><a href=\"https:\/\/www.canva.com\/pt_br\/modelos\/\" target=\"_blank\" data-saferedirecturl=\"https:\/\/www.google.com\/url?q=https:\/\/www.canva.com\/pt_br\/modelos\/&amp;source=gmail&amp;ust=1616237347856000&amp;usg=AFQjCNHypfjdmjBrXOksIGc0G7TzuCtIrg\">https:\/\/www.canva.com\/pt_br\/modelos\/<\/a><\/span><\/li>\n<li><strong>AGENDAMENTO DE POSTS VIA <i>FACEBOOK<\/i><\/strong>: o&nbsp;<em>Facebook<\/em>&nbsp;oferece a ferramenta de agendamento no Est\u00fadio de Cria\u00e7\u00e3o e a ferramenta de agendamento para&nbsp;<em>Instagram<\/em>&nbsp;est\u00e1 em desenvolvimento pela mesma plataforma. Confira abaixo como realizar agendamento de publica\u00e7\u00f5es no&nbsp;<em>Facebook<\/em>:<\/li>\n<\/ul>\n<figure id=\"attachment_40\" aria-describedby=\"caption-attachment-40\" style=\"width: 650px\" class=\"wp-caption aligncenter\"><img fetchpriority=\"high\" decoding=\"async\" src=\"https:\/\/www.ufsm.br\/comunicacao\/guiamidiassociais\/wp-content\/uploads\/sites\/812\/2020\/03\/Agendar-post-Facebook.jpg\" alt=\"Tutorial para agendar post no Facebook 1\" width=\"650\" height=\"365\"><figcaption id=\"caption-attachment-40\" class=\"wp-caption-text\">Clique em &#8220;Est\u00fadio de Cria\u00e7\u00e3o&#8221;<\/figcaption><\/figure>\n<figure id=\"attachment_41\" aria-describedby=\"caption-attachment-41\" style=\"width: 650px\" class=\"wp-caption aligncenter\"><img decoding=\"async\" src=\"https:\/\/www.ufsm.br\/comunicacao\/guiamidiassociais\/wp-content\/uploads\/sites\/812\/2020\/03\/Agendar-publica\u00e7\u00e3o-no-Face.jpg\" alt=\"Tutorial para agendar post no Facebook 2\" width=\"650\" height=\"317\"><figcaption id=\"caption-attachment-41\" class=\"wp-caption-text\">Clique em &#8220;Criar publica\u00e7\u00e3o&#8221;<\/figcaption><\/figure>\n<figure id=\"attachment_42\" aria-describedby=\"caption-attachment-42\" style=\"width: 400px\" class=\"wp-caption aligncenter\"><img decoding=\"async\" src=\"https:\/\/www.ufsm.br\/comunicacao\/guiamidiassociais\/wp-content\/uploads\/sites\/812\/2020\/03\/Agendar-publica\u00e7\u00e3o-no-Face2.jpg\" alt=\"Tutorial para agendar post no Facebook 3\" width=\"400\" height=\"691\"><figcaption id=\"caption-attachment-42\" class=\"wp-caption-text\">Clique na seta ao lado do bot\u00e3o &#8220;Publicar&#8221; e agende sua publica\u00e7\u00e3o<\/figcaption><\/figure>\n<p><!-- \/wp:list --><\/p>\t\t\t\t\t\t<\/div>\n\t\t\t\t<\/div>\n\t\t\t\t\t<\/div>\n\t\t<\/div>\n\t\t\t\t\t<\/div>\n\t\t<\/section>\n\t\t\t\t<\/div>\n\t\t","protected":false},"excerpt":{"rendered":"<p>Existem ferramentas que contribuem para a melhor utiliza\u00e7\u00e3o das redes sociais. Veja alguns exemplos abaixo: TWEETDECK: permite visualizar v\u00e1rias&nbsp;timelines&nbsp;e&nbsp;contas do&nbsp;Twitter, programar&nbsp;Tweets&nbsp;para publica\u00e7\u00e3o no futuro, criar cole\u00e7\u00f5es de&nbsp;Tweets&nbsp;e muito mais. https:\/\/tweetdeck.twitter.com\/&nbsp; BIT.LY: \u00e9 um encurtador de links. Quando voc\u00ea divulgar algum link no Facebook, \u00e9 indicado que voc\u00ea fa\u00e7a o encurtamento para que ele fique mais [&hellip;]<\/p>\n","protected":false},"author":80,"featured_media":0,"parent":0,"menu_order":0,"comment_status":"closed","ping_status":"closed","template":"","meta":{"footnotes":""},"categories":[],"tags":[],"class_list":["post-39","page","type-page","status-publish","hentry"],"acf":[],"_links":{"self":[{"href":"https:\/\/www.ufsm.br\/comunicacao\/guiamidiassociais\/wp-json\/wp\/v2\/pages\/39","targetHints":{"allow":["GET"]}}],"collection":[{"href":"https:\/\/www.ufsm.br\/comunicacao\/guiamidiassociais\/wp-json\/wp\/v2\/pages"}],"about":[{"href":"https:\/\/www.ufsm.br\/comunicacao\/guiamidiassociais\/wp-json\/wp\/v2\/types\/page"}],"author":[{"embeddable":true,"href":"https:\/\/www.ufsm.br\/comunicacao\/guiamidiassociais\/wp-json\/wp\/v2\/users\/80"}],"replies":[{"embeddable":true,"href":"https:\/\/www.ufsm.br\/comunicacao\/guiamidiassociais\/wp-json\/wp\/v2\/comments?post=39"}],"version-history":[{"count":0,"href":"https:\/\/www.ufsm.br\/comunicacao\/guiamidiassociais\/wp-json\/wp\/v2\/pages\/39\/revisions"}],"wp:attachment":[{"href":"https:\/\/www.ufsm.br\/comunicacao\/guiamidiassociais\/wp-json\/wp\/v2\/media?parent=39"}],"wp:term":[{"taxonomy":"category","embeddable":true,"href":"https:\/\/www.ufsm.br\/comunicacao\/guiamidiassociais\/wp-json\/wp\/v2\/categories?post=39"},{"taxonomy":"post_tag","embeddable":true,"href":"https:\/\/www.ufsm.br\/comunicacao\/guiamidiassociais\/wp-json\/wp\/v2\/tags?post=39"}],"curies":[{"name":"wp","href":"https:\/\/api.w.org\/{rel}","templated":true}]}}