{"id":36,"date":"2020-12-14T16:48:53","date_gmt":"2020-12-14T19:48:53","guid":{"rendered":"https:\/\/www.ufsm.br\/comunicacao\/?page_id=36"},"modified":"2026-02-09T09:06:39","modified_gmt":"2026-02-09T12:06:39","slug":"assessorias-de-comunicacao-das-unidades-de-ensino","status":"publish","type":"page","link":"https:\/\/www.ufsm.br\/comunicacao\/assessorias-de-comunicacao-das-unidades-de-ensino","title":{"rendered":"Assessorias de Comunica\u00e7\u00e3o das Unidades de Ensino"},"content":{"rendered":"\t\t<div data-elementor-type=\"wp-page\" data-elementor-id=\"36\" class=\"elementor elementor-36\">\n\t\t\t\t\t\t<section class=\"elementor-section elementor-top-section elementor-element elementor-element-171a6f8a elementor-section-boxed elementor-section-height-default elementor-section-height-default\" data-id=\"171a6f8a\" data-element_type=\"section\">\n\t\t\t\t\t\t<div class=\"elementor-container elementor-column-gap-default\">\n\t\t\t\t\t<div class=\"elementor-column elementor-col-100 elementor-top-column elementor-element elementor-element-380e1861\" data-id=\"380e1861\" data-element_type=\"column\">\n\t\t\t<div class=\"elementor-widget-wrap elementor-element-populated\">\n\t\t\t\t\t\t<div class=\"elementor-element elementor-element-591f0163 elementor-widget elementor-widget-text-editor\" data-id=\"591f0163\" data-element_type=\"widget\" data-widget_type=\"text-editor.default\">\n\t\t\t\t<div class=\"elementor-widget-container\">\n\t\t\t\t\t\t\t<p>De acordo com a <a href=\"https:\/\/www.ufsm.br\/comunicacao\/politica-de-comunicacao-da-ufsm\/\"><strong>Pol\u00edtica de Comunica\u00e7\u00e3o da UFSM<\/strong><\/a>, as Assessorias de Comunica\u00e7\u00e3o funcionam como Unidades de assessoramento institucional e de gest\u00e3o, unidades em cujas atribui\u00e7\u00f5es esteja o planejamento de comunica\u00e7\u00e3o da unidade.<\/p>\n<p><!-- \/wp:paragraph --><!-- wp:paragraph --><\/p>\n<p>Devem atender \u00e0 Pol\u00edtica de Comunica\u00e7\u00e3o de forma integrada, aos objetivos das gest\u00f5es e \u00e0s defini\u00e7\u00f5es do Planejamento Estrat\u00e9gico de Comunica\u00e7\u00e3o da UFSM, prezando pela transpar\u00eancia, presta\u00e7\u00e3o de contas, princ\u00edpios da administra\u00e7\u00e3o p\u00fablica.<\/p>\n<p><!-- \/wp:paragraph --><!-- wp:paragraph --><\/p>\n<p>As pr\u00e1ticas de assessoramento institucional e de gest\u00e3o podem ser derivadas das demandas da pr\u00f3pria unidade, ou articuladas com a Unidade de Comunica\u00e7\u00e3o Integrada, e dever\u00e3o ser desenvolvidas de forma integrada e sin\u00e9rgica ao Planejamento Estrat\u00e9gico de Comunica\u00e7\u00e3o da UFSM.<\/p>\n<p><!-- \/wp:paragraph --><!-- wp:paragraph --><\/p>\n<p>Podem ser desenvolvidas atividades oriundas das unidades de produ\u00e7\u00e3o pedag\u00f3gica, desde que previstas nos Planos de Comunica\u00e7\u00e3o, com a devida orienta\u00e7\u00e3o t\u00e9cnica e docente.<\/p>\n<p><!-- \/wp:paragraph --><!-- wp:paragraph --><\/p>\n<p>Os discentes participantes de atividades nas unidades de assessoramento institucional e de gest\u00e3o devem estar sob supervis\u00e3o de servidores lotados nestas unidades ou por servidores vinculados \u00e0s unidades de produ\u00e7\u00e3o pedag\u00f3gica. Essas atividades devem estar alinhadas ao Planejamento Estrat\u00e9gico de Comunica\u00e7\u00e3o da UFSM.<\/p>\n<p><!-- \/wp:paragraph --><!-- wp:paragraph --><\/p>\n<p>S\u00e3o fun\u00e7\u00f5es espec\u00edficas das assessorias:<\/p>\n<p><!-- \/wp:paragraph --><!-- wp:list --><\/p>\n<ul>\n<li>Planejamento e calendariza\u00e7\u00e3o de atividades e a\u00e7\u00f5es (com apoio da Unidade de Comunica\u00e7\u00e3o Integrada);<\/li>\n<\/ul>\n<p><!-- \/wp:list --><!-- wp:list --><\/p>\n<ul>\n<li>Ingresso e reingresso &#8211; prospec\u00e7\u00e3o de alunos em escolas, divulga\u00e7\u00e3o do processo, relacionamento e SAC (principalmente nos campi);<\/li>\n<\/ul>\n<p><!-- \/wp:list --><!-- wp:list --><\/p>\n<ul>\n<li>Formaturas &#8211; cerimonial e cobertura, organiza\u00e7\u00e3o da formatura coletiva (com apoio da Assessoria de Comunica\u00e7\u00e3o do Gabinete do Reitor);<\/li>\n<\/ul>\n<p><!-- \/wp:list --><!-- wp:list --><\/p>\n<ul>\n<li>Organiza\u00e7\u00e3o de eventos institucionais do Centro ou Dire\u00e7\u00e3o e apoio e cobertura de eventos dos cursos;<\/li>\n<\/ul>\n<p><!-- \/wp:list --><!-- wp:list --><\/p>\n<ul>\n<li>Divulga\u00e7\u00e3o do processo de avalia\u00e7\u00e3o institucional e das campanhas institucionais;<\/li>\n<\/ul>\n<p><!-- \/wp:list --><!-- wp:list --><\/p>\n<ul>\n<li>Produ\u00e7\u00e3o de conte\u00fado e gerenciamento de canais de comunica\u00e7\u00e3o (site, m\u00eddias sociais, newsletter, murais);<\/li>\n<\/ul>\n<p><!-- \/wp:list --><!-- wp:list --><\/p>\n<ul>\n<li>Relacionamento com servidores e estudantes da Unidade;<\/li>\n<\/ul>\n<p><!-- \/wp:list --><!-- wp:list --><\/p>\n<ul>\n<li>Atendimento \u00e0 imprensa.<\/li>\n<\/ul>\n<p><!-- \/wp:list --><!-- wp:paragraph --><\/p>\n<p><!-- \/wp:paragraph --><!-- wp:paragraph --><\/p>\n<p><strong>Contatos:<\/strong><\/p>\n<p><!-- \/wp:paragraph --><!-- wp:paragraph --><\/p>\n<p>Campus UFSM Cachoeira do Sul: csecom.cs@ufsm.br<\/p>\n<p><!-- \/wp:paragraph --><!-- wp:paragraph --><\/p>\n<p>Campus UFSM Frederico Westphalen: assessoriafw@ufsm.br<\/p>\n<p><!-- \/wp:paragraph --><!-- wp:paragraph --><\/p>\n<p>Campus UFSM Palmeira das Miss\u00f5es: assessoriapm@ufsm.br<\/p>\n<p><!-- \/wp:paragraph --><!-- wp:paragraph --><\/p>\n<p>Centro de Artes e Letras (CAL): ascomcal@ufsm.br<\/p>\n<p><!-- \/wp:paragraph --><!-- wp:paragraph --><\/p>\n<p>Centro de Ci\u00eancias da Sa\u00fade (CCS): comunica.ccs@ufsm.br<\/p>\n<p><!-- \/wp:paragraph --><!-- wp:paragraph --><\/p>\n<p>Centro de Ci\u00eancias Naturais e Exatas (CCNE): comunicacao.ccne@ufsm.br<\/p>\n<p><!-- \/wp:paragraph --><!-- wp:paragraph --><\/p>\n<p>Centro de Ci\u00eancias Rurais (CCR): noticiasccr@ufsm.br<\/p>\n<p><!-- \/wp:paragraph --><!-- wp:paragraph --><\/p>\n<p>Centro de Ci\u00eancias Sociais e Humanas (CCSH): comunica.ccsh@ufsm.br<\/p>\n<p><!-- \/wp:paragraph --><!-- wp:paragraph --><\/p>\n<p>Centro de Educa\u00e7\u00e3o (CE): assessoriace@ufsm.br<\/p>\n<p><!-- \/wp:paragraph --><!-- wp:paragraph --><\/p>\n<p>Centro de Educa\u00e7\u00e3o F\u00edsica e Desportos (CEFD): comunicacao.cefd@ufsm.br<\/p>\n<p><!-- \/wp:paragraph --><!-- wp:paragraph --><\/p>\n<p>Centro de Tecnologia (CT): comunicacaoct@ufsm.br<\/p>\n<p><!-- \/wp:paragraph --><!-- wp:paragraph --><\/p>\n<p>Col\u00e9gio Polit\u00e9cnico de Santa Maria: assessoriadecomunicacao@politecnico.ufsm.br<\/p>\n<p><!-- \/wp:paragraph --><!-- wp:paragraph --><\/p>\n<p>Col\u00e9gio T\u00e9cnico Industrial de Santa Maria (CTISM): assessoria@ctism.ufsm.br<\/p>\n<p><!-- \/wp:paragraph --><\/p>\t\t\t\t\t\t<\/div>\n\t\t\t\t<\/div>\n\t\t\t\t\t<\/div>\n\t\t<\/div>\n\t\t\t\t\t<\/div>\n\t\t<\/section>\n\t\t\t\t<\/div>\n\t\t","protected":false},"excerpt":{"rendered":"<p>De acordo com a Pol\u00edtica de Comunica\u00e7\u00e3o da UFSM, as Assessorias de Comunica\u00e7\u00e3o funcionam como Unidades de assessoramento institucional e de gest\u00e3o, unidades em cujas atribui\u00e7\u00f5es esteja o planejamento de comunica\u00e7\u00e3o da unidade. Devem atender \u00e0 Pol\u00edtica de Comunica\u00e7\u00e3o de forma integrada, aos objetivos das gest\u00f5es e \u00e0s defini\u00e7\u00f5es do Planejamento Estrat\u00e9gico de Comunica\u00e7\u00e3o da [&hellip;]<\/p>\n","protected":false},"author":80,"featured_media":0,"parent":0,"menu_order":0,"comment_status":"closed","ping_status":"closed","template":"","meta":{"footnotes":""},"categories":[],"tags":[],"class_list":["post-36","page","type-page","status-publish","hentry"],"acf":[],"_links":{"self":[{"href":"https:\/\/www.ufsm.br\/comunicacao\/wp-json\/wp\/v2\/pages\/36","targetHints":{"allow":["GET"]}}],"collection":[{"href":"https:\/\/www.ufsm.br\/comunicacao\/wp-json\/wp\/v2\/pages"}],"about":[{"href":"https:\/\/www.ufsm.br\/comunicacao\/wp-json\/wp\/v2\/types\/page"}],"author":[{"embeddable":true,"href":"https:\/\/www.ufsm.br\/comunicacao\/wp-json\/wp\/v2\/users\/80"}],"replies":[{"embeddable":true,"href":"https:\/\/www.ufsm.br\/comunicacao\/wp-json\/wp\/v2\/comments?post=36"}],"version-history":[{"count":0,"href":"https:\/\/www.ufsm.br\/comunicacao\/wp-json\/wp\/v2\/pages\/36\/revisions"}],"wp:attachment":[{"href":"https:\/\/www.ufsm.br\/comunicacao\/wp-json\/wp\/v2\/media?parent=36"}],"wp:term":[{"taxonomy":"category","embeddable":true,"href":"https:\/\/www.ufsm.br\/comunicacao\/wp-json\/wp\/v2\/categories?post=36"},{"taxonomy":"post_tag","embeddable":true,"href":"https:\/\/www.ufsm.br\/comunicacao\/wp-json\/wp\/v2\/tags?post=36"}],"curies":[{"name":"wp","href":"https:\/\/api.w.org\/{rel}","templated":true}]}}