{"id":4554,"date":"2021-03-30T14:15:42","date_gmt":"2021-03-30T17:15:42","guid":{"rendered":"https:\/\/www.ufsm.br\/coronavirus\/?page_id=4554"},"modified":"2021-05-21T14:24:48","modified_gmt":"2021-05-21T17:24:48","slug":"relatorios-cientificos","status":"publish","type":"page","link":"https:\/\/www.ufsm.br\/coronavirus\/relatorios-cientificos","title":{"rendered":"Relat\u00f3rios T\u00e9cnicos"},"content":{"rendered":"\t\t<div data-elementor-type=\"wp-page\" data-elementor-id=\"4554\" class=\"elementor elementor-4554\">\n\t\t\t\t\t\t<section class=\"elementor-section elementor-top-section elementor-element elementor-element-e0ef4c8 elementor-section-boxed elementor-section-height-default elementor-section-height-default\" data-id=\"e0ef4c8\" data-element_type=\"section\">\n\t\t\t\t\t\t<div class=\"elementor-container elementor-column-gap-default\">\n\t\t\t\t\t<div class=\"elementor-column elementor-col-100 elementor-top-column elementor-element elementor-element-6b87c62\" data-id=\"6b87c62\" data-element_type=\"column\">\n\t\t\t<div class=\"elementor-widget-wrap elementor-element-populated\">\n\t\t\t\t\t\t<div class=\"elementor-element elementor-element-127d6f3 elementor-widget elementor-widget-text-editor\" data-id=\"127d6f3\" data-element_type=\"widget\" data-widget_type=\"text-editor.default\">\n\t\t\t\t<div class=\"elementor-widget-container\">\n\t\t\t\t\t\t\t<p><a href=\"https:\/\/www.youtube.com\/watch?v=L_cnsVI2dy8&amp;authuser=2\" target=\"_blank\" rel=\"noopener\">Palestra na Semana de Recep\u00e7\u00e3o do CCNE\/UFSM<\/a><\/p>\t\t\t\t\t\t<\/div>\n\t\t\t\t<\/div>\n\t\t\t\t\t<\/div>\n\t\t<\/div>\n\t\t\t\t\t<\/div>\n\t\t<\/section>\n\t\t\t\t<section class=\"elementor-section elementor-top-section elementor-element elementor-element-0850763 elementor-section-boxed elementor-section-height-default elementor-section-height-default\" data-id=\"0850763\" data-element_type=\"section\">\n\t\t\t\t\t\t<div class=\"elementor-container elementor-column-gap-default\">\n\t\t\t\t\t<div class=\"elementor-column elementor-col-100 elementor-top-column elementor-element elementor-element-327de8b\" data-id=\"327de8b\" data-element_type=\"column\">\n\t\t\t<div class=\"elementor-widget-wrap elementor-element-populated\">\n\t\t\t\t\t\t<div class=\"elementor-element elementor-element-e63bf7b elementor-widget elementor-widget-text-editor\" data-id=\"e63bf7b\" data-element_type=\"widget\" data-widget_type=\"text-editor.default\">\n\t\t\t\t<div class=\"elementor-widget-container\">\n\t\t\t\t\t\t\t<p>Geografia da Pandemia &#8211;\u00a0<a href=\"https:\/\/www.ufsm.br\/app\/uploads\/sites\/820\/2021\/05\/Palestra-CCNE.pdf\">Palestra CCNE<\/a><\/p>\t\t\t\t\t\t<\/div>\n\t\t\t\t<\/div>\n\t\t\t\t\t<\/div>\n\t\t<\/div>\n\t\t\t\t\t<\/div>\n\t\t<\/section>\n\t\t\t\t<section class=\"elementor-section elementor-top-section elementor-element elementor-element-9d33579 elementor-section-boxed elementor-section-height-default elementor-section-height-default\" data-id=\"9d33579\" data-element_type=\"section\">\n\t\t\t\t\t\t<div class=\"elementor-container elementor-column-gap-default\">\n\t\t\t\t\t<div class=\"elementor-column elementor-col-100 elementor-top-column elementor-element elementor-element-7e04296\" data-id=\"7e04296\" data-element_type=\"column\">\n\t\t\t<div class=\"elementor-widget-wrap elementor-element-populated\">\n\t\t\t\t\t\t<div class=\"elementor-element elementor-element-9c58288 elementor-widget elementor-widget-text-editor\" data-id=\"9c58288\" data-element_type=\"widget\" data-widget_type=\"text-editor.default\">\n\t\t\t\t<div class=\"elementor-widget-container\">\n\t\t\t\t\t\t\t<p>Relat\u00f3rio COVID-Psiq<\/p><p><a href=\"https:\/\/www.ufsm.br\/app\/uploads\/sites\/820\/2020\/06\/COVIDPsiq_1etapa.pdf\">COVIDPsiq -1 etapa<\/a><\/p>\t\t\t\t\t\t<\/div>\n\t\t\t\t<\/div>\n\t\t\t\t\t<\/div>\n\t\t<\/div>\n\t\t\t\t\t<\/div>\n\t\t<\/section>\n\t\t\t\t<section class=\"elementor-section elementor-top-section elementor-element elementor-element-170f267 elementor-section-boxed elementor-section-height-default elementor-section-height-default\" data-id=\"170f267\" data-element_type=\"section\">\n\t\t\t\t\t\t<div class=\"elementor-container elementor-column-gap-default\">\n\t\t\t\t\t<div class=\"elementor-column elementor-col-25 elementor-top-column elementor-element elementor-element-00b60d0\" data-id=\"00b60d0\" data-element_type=\"column\">\n\t\t\t<div class=\"elementor-widget-wrap elementor-element-populated\">\n\t\t\t\t\t\t<div class=\"elementor-element elementor-element-b741014 elementor-widget elementor-widget-text-editor\" data-id=\"b741014\" data-element_type=\"widget\" data-widget_type=\"text-editor.default\">\n\t\t\t\t<div class=\"elementor-widget-container\">\n\t\t\t\t\t\t\t<p style=\"text-align: center\">Santa Maria &#8211; 2021<\/p><p><a href=\"https:\/\/www.ufsm.br\/app\/uploads\/sites\/820\/2021\/03\/Nota-001-2021-Santa-Maria.pdf\">Nota T\u00e9cnica 001 &#8211; 2021 SM<\/a><\/p><p style=\"text-align: center\"><span style=\"color: #000000\">Santa Maria &#8211; 2020<\/span><\/p><p><a href=\"https:\/\/www.ufsm.br\/app\/uploads\/sites\/820\/2020\/06\/Nota-T\u00e9cnica-007-Santa-Maria.pdf\">Nota T\u00e9cnica 007<\/a><\/p><p><a href=\"https:\/\/www.ufsm.br\/app\/uploads\/sites\/820\/2020\/05\/NotaT\u00e9cnica-006SM.pdf\">Nota T\u00e9cnica 006<\/a><\/p><p><a href=\"https:\/\/www.ufsm.br\/app\/uploads\/sites\/820\/2020\/05\/NotaTecnica-005-2020-SM.pdf\">Nota T\u00e9cnica 005<\/a><\/p><p><a href=\"https:\/\/www.ufsm.br\/app\/uploads\/sites\/820\/2020\/05\/NT-Espacializa\u00e7\u00e3o-SM-003-2020.pdf\">Nota T\u00e9cnica 003<\/a><\/p><p><a href=\"https:\/\/www.ufsm.br\/app\/uploads\/sites\/820\/2020\/05\/Nota-T\u00e9cnica-002-2020-30-04.pdf\">Nota T\u00e9cnica 002<\/a><\/p><p><a href=\"https:\/\/www.ufsm.br\/app\/uploads\/sites\/820\/2020\/05\/Nota-tecnica-001-SM.pdf\">Nota T\u00e9cnica 001<\/a><\/p><p><a href=\"https:\/\/www.ufsm.br\/app\/uploads\/sites\/820\/2020\/05\/Relat\u00f3rio-Geral-Santa-Maria-30-de-abril-de-2020.pdf\">Relat\u00f3rio Geral &#8211; Abril<\/a><\/p>\t\t\t\t\t\t<\/div>\n\t\t\t\t<\/div>\n\t\t\t\t\t<\/div>\n\t\t<\/div>\n\t\t\t\t<div class=\"elementor-column elementor-col-25 elementor-top-column elementor-element elementor-element-cc80e3b\" data-id=\"cc80e3b\" data-element_type=\"column\">\n\t\t\t<div class=\"elementor-widget-wrap elementor-element-populated\">\n\t\t\t\t\t\t<div class=\"elementor-element elementor-element-f9aa960 elementor-widget elementor-widget-text-editor\" data-id=\"f9aa960\" data-element_type=\"widget\" data-widget_type=\"text-editor.default\">\n\t\t\t\t<div class=\"elementor-widget-container\">\n\t\t\t\t\t\t\t<p style=\"text-align: center\">CAMPI &#8211; 2020<\/p><p><a href=\"https:\/\/www.ufsm.br\/app\/uploads\/sites\/820\/2020\/07\/Nota-T\u00e9cnica-Geografia-008-CAMPI.pdf\">Nota T\u00e9cnica 008<\/a><\/p><p><a href=\"https:\/\/www.ufsm.br\/app\/uploads\/sites\/820\/2020\/07\/Nota-T\u00e9cnica-Geografia-007-CAMPI.pdf\">Nota T\u00e9cnica 007<\/a><\/p><p><a href=\"https:\/\/www.ufsm.br\/app\/uploads\/sites\/820\/2020\/06\/Nota-T\u00e9cnica-Geografia-006-CAMPI-1.pdf\">Nota T\u00e9cnica 006<\/a><\/p><p><a href=\"https:\/\/www.ufsm.br\/app\/uploads\/sites\/820\/2020\/06\/NotaT\u00e9cnicaGeografia005-CAMPI.pdf\">Nota T\u00e9cnica 005<\/a><\/p><p><a href=\"https:\/\/www.ufsm.br\/app\/uploads\/sites\/820\/2020\/06\/Nota-T\u00e9cnica-Geografia-004-CAMPI.pdf\">Nota T\u00e9cnica 004<\/a><\/p><p><a href=\"https:\/\/www.ufsm.br\/app\/uploads\/sites\/820\/2020\/05\/Nota-T\u00e9cnica-Geografia-003-CAMPI.pdf\">Nota T\u00e9cnica 003<\/a><\/p><p><a href=\"https:\/\/www.ufsm.br\/app\/uploads\/sites\/820\/2020\/05\/Nota-T\u00e9cnica-Geografia-002-CAMPI.pdf\">Nota T\u00e9cnica 002<\/a><\/p><p><a href=\"https:\/\/www.ufsm.br\/app\/uploads\/sites\/820\/2020\/05\/Nota-T\u00e9cnica-Geografia-001-CAMPI.pdf\">Nota T\u00e9cnica 001<\/a><\/p><p>\u00a0<\/p><p>\u00a0<\/p><p>\u00a0<\/p><p>\u00a0<\/p><p>\u00a0<\/p><p>\u00a0<\/p><p>\u00a0<\/p>\t\t\t\t\t\t<\/div>\n\t\t\t\t<\/div>\n\t\t\t\t\t<\/div>\n\t\t<\/div>\n\t\t\t\t<div class=\"elementor-column elementor-col-25 elementor-top-column elementor-element elementor-element-5bc2ed2\" data-id=\"5bc2ed2\" data-element_type=\"column\">\n\t\t\t<div class=\"elementor-widget-wrap elementor-element-populated\">\n\t\t\t\t\t\t<div class=\"elementor-element elementor-element-6ddb6c4 elementor-widget elementor-widget-text-editor\" data-id=\"6ddb6c4\" data-element_type=\"widget\" data-widget_type=\"text-editor.default\">\n\t\t\t\t<div class=\"elementor-widget-container\">\n\t\t\t\t\t\t\t<p style=\"text-align: center\">4\u00aa CRS &#8211; 2020<\/p><p><a href=\"https:\/\/www.ufsm.br\/app\/uploads\/sites\/820\/2020\/07\/Nota-T\u00e9cnica-Geografia-009-4CRS.pdf\">Nota T\u00e9cnica 009<\/a><\/p><p><a href=\"https:\/\/www.ufsm.br\/app\/uploads\/sites\/820\/2020\/06\/Nota-T\u00e9cnica-Geografia-005-4CRS.pdf\">Nota T\u00e9cnica 005<\/a><\/p><p><a href=\"https:\/\/www.ufsm.br\/app\/uploads\/sites\/820\/2020\/06\/Nota-T\u00e9cnica-Geografia-004-4CRS.pdf\">Nota T\u00e9cnica 004<\/a><\/p><p><a href=\"https:\/\/www.ufsm.br\/app\/uploads\/sites\/820\/2020\/05\/Nota-T\u00e9cnica-Geografia-003-4CRS.pdf\">Nota T\u00e9cnica 003<\/a><\/p><p><a href=\"https:\/\/www.ufsm.br\/app\/uploads\/sites\/820\/2020\/05\/Nota-T\u00e9cnica-Geografia-002-4CRS.pdf\">Nota T\u00e9cnica 002<\/a><\/p><p><a href=\"https:\/\/www.ufsm.br\/app\/uploads\/sites\/820\/2020\/05\/Nota-T\u00e9cnica-Geografia-001-4CRS.pdf\">Nota T\u00e9cnica 001<\/a><\/p><p>\u00a0<\/p>\t\t\t\t\t\t<\/div>\n\t\t\t\t<\/div>\n\t\t\t\t\t<\/div>\n\t\t<\/div>\n\t\t\t\t<div class=\"elementor-column elementor-col-25 elementor-top-column elementor-element elementor-element-4e1af5b\" data-id=\"4e1af5b\" data-element_type=\"column\">\n\t\t\t<div class=\"elementor-widget-wrap elementor-element-populated\">\n\t\t\t\t\t\t<div class=\"elementor-element elementor-element-f81786d elementor-widget elementor-widget-text-editor\" data-id=\"f81786d\" data-element_type=\"widget\" data-widget_type=\"text-editor.default\">\n\t\t\t\t<div class=\"elementor-widget-container\">\n\t\t\t\t\t\t\t<p style=\"text-align: center\">RS &#8211; 2020<\/p><p><a href=\"https:\/\/www.ufsm.br\/app\/uploads\/sites\/820\/2020\/07\/Nota-Tecnica-005-2020-RS.pdf\">Nota T\u00e9cnica 005<\/a><\/p><p><a href=\"https:\/\/www.ufsm.br\/app\/uploads\/sites\/820\/2020\/06\/Nota-T\u00e9cnica-Geografia-004-RS.pdf\">Nota T\u00e9cnica 004<\/a><\/p><p><a href=\"https:\/\/www.ufsm.br\/app\/uploads\/sites\/820\/2020\/05\/Nota-T\u00e9cnica-Geografia-003-RS.pdf\">Nota T\u00e9cnica 003<\/a><\/p><p><a href=\"https:\/\/www.ufsm.br\/app\/uploads\/sites\/820\/2020\/05\/NT-DispersaoDensidade-RS-002.pdf\">Nota T\u00e9cnica 002<\/a><\/p><p><a href=\"https:\/\/www.ufsm.br\/app\/uploads\/sites\/820\/2020\/05\/Nota-T\u00e9cnica-Geografia-RS-30-de-abril-de-2020.pdf\">Nota T\u00e9cnica 001<\/a><\/p><p>\u00a0<\/p><p>\u00a0<\/p><p>\u00a0<\/p><p>\u00a0<\/p>\t\t\t\t\t\t<\/div>\n\t\t\t\t<\/div>\n\t\t\t\t\t<\/div>\n\t\t<\/div>\n\t\t\t\t\t<\/div>\n\t\t<\/section>\n\t\t\t\t<\/div>\n\t\t","protected":false},"excerpt":{"rendered":"<p>Palestra na Semana de Recep\u00e7\u00e3o do CCNE\/UFSM Geografia da Pandemia &#8211;\u00a0Palestra CCNE Relat\u00f3rio COVID-Psiq COVIDPsiq -1 etapa Santa Maria &#8211; 2021 Nota T\u00e9cnica 001 &#8211; 2021 SM Santa Maria &#8211; 2020 Nota T\u00e9cnica 007 Nota T\u00e9cnica 006 Nota T\u00e9cnica 005 Nota T\u00e9cnica 003 Nota T\u00e9cnica 002 Nota T\u00e9cnica 001 Relat\u00f3rio Geral &#8211; Abril CAMPI &#8211; [&hellip;]<\/p>\n","protected":false},"author":538,"featured_media":0,"parent":0,"menu_order":0,"comment_status":"closed","ping_status":"closed","template":"","meta":{"footnotes":""},"categories":[],"tags":[],"class_list":["post-4554","page","type-page","status-publish","hentry"],"acf":[],"_links":{"self":[{"href":"https:\/\/www.ufsm.br\/coronavirus\/wp-json\/wp\/v2\/pages\/4554","targetHints":{"allow":["GET"]}}],"collection":[{"href":"https:\/\/www.ufsm.br\/coronavirus\/wp-json\/wp\/v2\/pages"}],"about":[{"href":"https:\/\/www.ufsm.br\/coronavirus\/wp-json\/wp\/v2\/types\/page"}],"author":[{"embeddable":true,"href":"https:\/\/www.ufsm.br\/coronavirus\/wp-json\/wp\/v2\/users\/538"}],"replies":[{"embeddable":true,"href":"https:\/\/www.ufsm.br\/coronavirus\/wp-json\/wp\/v2\/comments?post=4554"}],"version-history":[{"count":0,"href":"https:\/\/www.ufsm.br\/coronavirus\/wp-json\/wp\/v2\/pages\/4554\/revisions"}],"wp:attachment":[{"href":"https:\/\/www.ufsm.br\/coronavirus\/wp-json\/wp\/v2\/media?parent=4554"}],"wp:term":[{"taxonomy":"category","embeddable":true,"href":"https:\/\/www.ufsm.br\/coronavirus\/wp-json\/wp\/v2\/categories?post=4554"},{"taxonomy":"post_tag","embeddable":true,"href":"https:\/\/www.ufsm.br\/coronavirus\/wp-json\/wp\/v2\/tags?post=4554"}],"curies":[{"name":"wp","href":"https:\/\/api.w.org\/{rel}","templated":true}]}}