{"id":4623,"date":"2021-05-13T16:18:17","date_gmt":"2021-05-13T19:18:17","guid":{"rendered":"https:\/\/www.ufsm.br\/coronavirus\/?page_id=4623"},"modified":"2021-08-20T15:31:29","modified_gmt":"2021-08-20T18:31:29","slug":"nota-da-comissao-de-biosseguranca-covid-19-da-ufsm-cbio","status":"publish","type":"page","link":"https:\/\/www.ufsm.br\/coronavirus\/nota-da-comissao-de-biosseguranca-covid-19-da-ufsm-cbio","title":{"rendered":"Nota do Grupo de Trabalho de Biosseguran\u00e7a do COE-E UFSM"},"content":{"rendered":"\t\t<div data-elementor-type=\"wp-page\" data-elementor-id=\"4623\" class=\"elementor elementor-4623\">\n\t\t\t\t\t\t<section class=\"elementor-section elementor-top-section elementor-element elementor-element-2d5763f elementor-section-boxed elementor-section-height-default elementor-section-height-default\" data-id=\"2d5763f\" data-element_type=\"section\">\n\t\t\t\t\t\t<div class=\"elementor-container elementor-column-gap-default\">\n\t\t\t\t\t<div class=\"elementor-column elementor-col-100 elementor-top-column elementor-element elementor-element-cfbd54e\" data-id=\"cfbd54e\" data-element_type=\"column\">\n\t\t\t<div class=\"elementor-widget-wrap elementor-element-populated\">\n\t\t\t\t\t\t<div class=\"elementor-element elementor-element-899ebcd elementor-widget elementor-widget-text-editor\" data-id=\"899ebcd\" data-element_type=\"widget\" data-widget_type=\"text-editor.default\">\n\t\t\t\t<div class=\"elementor-widget-container\">\n\t\t\t\t\t\t\t<p dir=\"ltr\" style=\"line-height: 1.38;background-color: #ffffff;margin-top: 0pt;margin-bottom: 0pt;padding: 0pt 0pt 12pt 0pt\"><span style=\"font-size: 12pt;font-family: Arial;color: #000000;background-color: transparent;font-weight: 400;font-style: normal;font-variant: normal;text-decoration: none;vertical-align: baseline\">O grupo trabalho de Biosseguran\u00e7a do\u00a0<span style=\"font-family: Arial, sans-serif;color: black;font-size: 16px;text-align: justify\">Centro de Opera\u00e7\u00f5es de Emerg\u00eancia em Sa\u00fade para Educa\u00e7\u00e3o\u00a0<\/span><span style=\"color: #000000;font-size: 16px\">\u2013<\/span><span style=\"font-family: Arial, sans-serif;color: black;font-size: 16px;text-align: justify\">\u00a0COVID 19\u00a0<\/span><span style=\"color: #000000;font-size: 16px\">\u2013<\/span><span style=\"font-family: Arial, sans-serif;color: black;font-size: 16px;text-align: justify\">\u00a0UFSM (COE-E UFSM)<\/span>\u00a0est\u00e1 permanentemente trabalhando para o combate \u00e0 pandemia e para garantir a seguran\u00e7a da comunidade acad\u00eamica.\u00a0<\/span><\/p><p dir=\"ltr\" style=\"line-height: 1.38;background-color: #ffffff;margin-top: 0pt;margin-bottom: 0pt;padding: 0pt 0pt 12pt 0pt\"><span style=\"background-color: transparent;font-family: Arial;font-size: 12pt\">Neste contexto, o grupo de trabalho de biosseguran\u00e7a do COE-E UFSM vem enfatizar as medidas priorit\u00e1rias para preven\u00e7\u00e3o da transmissibilidade do novo coronav\u00edrus.\u00a0<\/span><\/p><p dir=\"ltr\" style=\"line-height: 1.38;background-color: #ffffff;margin-top: 0pt;margin-bottom: 0pt;padding: 0pt 0pt 12pt 0pt\"><span style=\"background-color: transparent;font-family: Arial;font-size: 12pt\">Atualmente, sabe-se que a covid-19 \u00e9 transmitida principalmente pelo ar. Isso ocorre atrav\u00e9s dos aeross\u00f3is, que nada mais s\u00e3o do que pequenas part\u00edculas de saliva ou fluido respirat\u00f3rio junto ao ar expelido quando respiramos, falamos, gritamos ou tossimos. Embora esteja claro que os aeross\u00f3is emitidos por pessoas saud\u00e1veis n\u00e3o s\u00e3o um problema, aqueles emitidos por pessoas infectadas podem conter o v\u00edrus. O problema \u00e9 que eles permanecem flutuando no ar por minutos ou horas e, nesse tempo, podem se mover v\u00e1rios metros.<\/span><\/p><p dir=\"ltr\" style=\"line-height: 1.38;background-color: #ffffff;margin-top: 0pt;margin-bottom: 0pt;padding: 0pt 0pt 12pt 0pt\"><span style=\"background-color: transparent;font-family: Arial;font-size: 12pt\">Em ambientes internos mal ventilados, os aeross\u00f3is de uma pessoa infectada s\u00e3o distribu\u00eddos por todo o espa\u00e7o, com o risco de outras pessoas serem infectadas ao inal\u00e1-los. O ar de uma sala fechada funciona como uma piscina: se houver uma fonte que coloca \u00e1gua com colora\u00e7\u00e3o (nosso v\u00edrus) na piscina, depois de um tempo toda a \u00e1gua da piscina (nosso ar) ter\u00e1 mudado de cor. N\u00e3o importa se estou perto ou longe da fonte: a \u00e1gua estar\u00e1 colorida.<\/span><\/p><p dir=\"ltr\" style=\"line-height: 1.38;background-color: #ffffff;margin-top: 0pt;margin-bottom: 0pt;padding: 0pt 0pt 12pt 0pt\"><span style=\"background-color: transparent;font-family: Arial;font-size: 12pt\">Foi observado que ser infectado em ambientes fechados \u00e9 20 vezes mais prov\u00e1vel do que ao ar livre, o que novamente s\u00f3 pode ser explicado pela transmiss\u00e3o atrav\u00e9s de aerossol. A revista acad\u00eamica de sa\u00fade The Lancet publicou recentemente um artigo que n\u00e3o deixa d\u00favidas quanto \u00e0 import\u00e2ncia da via de transmiss\u00e3o por aeross\u00f3is.<\/span><\/p><p dir=\"ltr\" style=\"line-height: 1.38;background-color: #ffffff;margin-top: 0pt;margin-bottom: 0pt;padding: 0pt 0pt 12pt 0pt\"><span style=\"background-color: transparent;font-family: Arial;font-size: 12pt\">Sabe-se que as pessoas infectadas s\u00e3o principalmente contagiosas antes de apresentarem sintomas (pr\u00e9-sintom\u00e1ticos) ou quando sequer apresentam sintomas (assintom\u00e1ticos). Assim, \u00e9 imposs\u00edvel, na aus\u00eancia de testes com diagn\u00f3stico imediato, confi\u00e1veis e abundantes, saber quem \u00e9 contagioso e quem n\u00e3o \u00e9. Portanto, \u00e9 preciso agir como se todas as pessoas fossem. Temos que nos proteger continuamente.<\/span><\/p><p dir=\"ltr\" style=\"line-height: 1.38;background-color: #ffffff;margin-top: 0pt;margin-bottom: 0pt;padding: 0pt 0pt 12pt 0pt\"><span style=\"font-size: 12pt;font-family: Arial;color: #000000;background-color: transparent;font-weight: 400;font-style: normal;font-variant: normal;text-decoration: none;vertical-align: baseline\">\u00a0<\/span><\/p><p dir=\"ltr\" style=\"line-height: 1.38;background-color: #ffffff;margin-top: 0pt;margin-bottom: 0pt;padding: 0pt 0pt 12pt 0pt\"><span style=\"font-size: 12pt;font-family: Arial;color: #000000;background-color: transparent;font-style: normal;font-variant: normal;text-decoration: none;vertical-align: baseline\"><b>Medidas priorit\u00e1rias:\u00a0<\/b><\/span><\/p><p dir=\"ltr\" style=\"line-height: 1.38;background-color: #ffffff;margin-top: 0pt;margin-bottom: 0pt;padding: 0pt 0pt 12pt 0pt\"><span style=\"font-size: 12pt;font-family: Arial;color: #000000;background-color: transparent;font-weight: 400;font-style: normal;font-variant: normal;text-decoration: none;vertical-align: baseline\">As m\u00e1scaras de uso geral precisam ser eficazes. Uma m\u00e1scara mal ajustada (com lacunas entre a borda da m\u00e1scara e o rosto) pode ter sua efic\u00e1cia reduzida. Em interiores compartilhados, incluindo, \u00e9 claro, locais de trabalho, ela deve ser sempre usada, independentemente da dist\u00e2ncia entre as pessoas.<\/span><\/p><p dir=\"ltr\" style=\"line-height: 1.38;background-color: #ffffff;margin-top: 0pt;margin-bottom: 0pt;padding: 0pt 0pt 12pt 0pt\"><b style=\"background-color: transparent;font-family: Arial;font-size: 12pt\">Atividades ao ar livre devem ser preferenciais.\u00a0<\/b><\/p><p dir=\"ltr\" style=\"line-height: 1.38;background-color: #ffffff;margin-top: 0pt;margin-bottom: 0pt;padding: 0pt 0pt 12pt 0pt\"><span style=\"font-size: 12pt;font-family: Arial;color: #000000;background-color: transparent;font-weight: 400;font-style: normal;font-variant: normal;text-decoration: none;vertical-align: baseline\">Os espa\u00e7os internos devem ser ventilados com ar externo cont\u00ednuo e abundante, usando ventila\u00e7\u00e3o natural ou mec\u00e2nica. Na analogia da piscina, isso significa adicionar \u00e1gua limpa \u00e0 nossa piscina de forma cont\u00ednua, e gradualmente retirando a \u00e1gua colorida. Quanto? O suficiente para que a piscina nunca fique muito escura, apesar de a fonte com \u00e1gua colorida n\u00e3o parar.<\/span><\/p><p dir=\"ltr\" style=\"line-height: 1.38;background-color: #ffffff;margin-top: 0pt;margin-bottom: 0pt;padding: 0pt 0pt 12pt 0pt\"><span style=\"font-size: 12pt;font-family: Arial;color: #000000;background-color: transparent;font-weight: 400;font-style: normal;font-variant: normal;text-decoration: none;vertical-align: baseline\">\u00a0<\/span><\/p><p dir=\"ltr\" style=\"line-height: 1.38;background-color: #ffffff;margin-top: 0pt;margin-bottom: 0pt;padding: 0pt 0pt 12pt 0pt\"><span style=\"font-size: 12pt;font-family: Arial;color: #000000;background-color: transparent;font-weight: 400;font-style: normal;font-variant: normal;text-decoration: none;vertical-align: baseline\">Santa Maria, 13 de maio de 2021.\u00a0<\/span><\/p><p><span style=\"font-size: 12pt;font-family: Arial;color: #000000;background-color: transparent;vertical-align: baseline\">Fonte: <\/span><a href=\"https:\/\/theconversation.com\/ocho-medidas-clave-contra-el-coronavirus-que-esta-en-el-aire-y-no-tanto-en-superficies-158979.\"><span style=\"font-size: 12pt;font-family: Arial;color: #1155cc;background-color: transparent;vertical-align: baseline\">The Conversation\u00a0\u00a0<\/span><\/a><\/p>\t\t\t\t\t\t<\/div>\n\t\t\t\t<\/div>\n\t\t\t\t\t<\/div>\n\t\t<\/div>\n\t\t\t\t\t<\/div>\n\t\t<\/section>\n\t\t\t\t<\/div>\n\t\t","protected":false},"excerpt":{"rendered":"<p>O grupo trabalho de Biosseguran\u00e7a do&nbsp;Centro de Opera\u00e7\u00f5es de Emerg\u00eancia em Sa\u00fade para Educa\u00e7\u00e3o&nbsp;\u2013&nbsp;COVID 19&nbsp;\u2013&nbsp;UFSM (COE-E UFSM)&nbsp;est\u00e1 permanentemente trabalhando para o combate \u00e0 pandemia e para garantir a seguran\u00e7a da comunidade acad\u00eamica.&nbsp; Neste contexto, o grupo de trabalho de biosseguran\u00e7a do COE-E UFSM vem enfatizar as medidas priorit\u00e1rias para preven\u00e7\u00e3o da transmissibilidade do novo coronav\u00edrus.&nbsp; [&hellip;]<\/p>\n","protected":false},"author":3904,"featured_media":0,"parent":0,"menu_order":0,"comment_status":"closed","ping_status":"closed","template":"","meta":{"footnotes":""},"categories":[],"tags":[],"class_list":["post-4623","page","type-page","status-publish","hentry"],"acf":[],"_links":{"self":[{"href":"https:\/\/www.ufsm.br\/coronavirus\/wp-json\/wp\/v2\/pages\/4623","targetHints":{"allow":["GET"]}}],"collection":[{"href":"https:\/\/www.ufsm.br\/coronavirus\/wp-json\/wp\/v2\/pages"}],"about":[{"href":"https:\/\/www.ufsm.br\/coronavirus\/wp-json\/wp\/v2\/types\/page"}],"author":[{"embeddable":true,"href":"https:\/\/www.ufsm.br\/coronavirus\/wp-json\/wp\/v2\/users\/3904"}],"replies":[{"embeddable":true,"href":"https:\/\/www.ufsm.br\/coronavirus\/wp-json\/wp\/v2\/comments?post=4623"}],"version-history":[{"count":0,"href":"https:\/\/www.ufsm.br\/coronavirus\/wp-json\/wp\/v2\/pages\/4623\/revisions"}],"wp:attachment":[{"href":"https:\/\/www.ufsm.br\/coronavirus\/wp-json\/wp\/v2\/media?parent=4623"}],"wp:term":[{"taxonomy":"category","embeddable":true,"href":"https:\/\/www.ufsm.br\/coronavirus\/wp-json\/wp\/v2\/categories?post=4623"},{"taxonomy":"post_tag","embeddable":true,"href":"https:\/\/www.ufsm.br\/coronavirus\/wp-json\/wp\/v2\/tags?post=4623"}],"curies":[{"name":"wp","href":"https:\/\/api.w.org\/{rel}","templated":true}]}}