{"id":427,"date":"2019-09-26T21:30:08","date_gmt":"2019-09-27T00:30:08","guid":{"rendered":"https:\/\/www.ufsm.br\/cursos\/graduacao\/cachoeira-do-sul\/arquitetura-e-urbanismo\/?page_id=427"},"modified":"2025-09-22T10:53:38","modified_gmt":"2025-09-22T13:53:38","slug":"laboratorio-de-projetos-e-acervo-lapa","status":"publish","type":"page","link":"https:\/\/www.ufsm.br\/cursos\/graduacao\/cachoeira-do-sul\/arquitetura-e-urbanismo\/laboratorios\/laboratorio-de-projetos-e-acervo-lapa","title":{"rendered":"Laborat\u00f3rio de Projetos e Acervo \u2013 LaPA"},"content":{"rendered":"\n<p>O Laborat\u00f3rio de Projetos e Acervo (LaPA), localizado na UFSM \u2013 Campus Cachoeira do Sul (Pr\u00e9dio C3 \u2013 sala 12), destina-se \u00e0 produ\u00e7\u00e3o de projetos de ensino, pesquisa e extens\u00e3o, bem como \u00e0 cataloga\u00e7\u00e3o e armazenamento de acervo espec\u00edfico do Curso de Arquitetura e Urbanismo. Este acervo compreende publica\u00e7\u00f5es resultantes dos projetos ora desenvolvidos, de demais atividades acad\u00eamicas do curso, por peri\u00f3dicos e revistas para consulta dos alunos, livros com poucas unidades dispon\u00edveis, adquiridos, principalmente, por meio de doa\u00e7\u00e3o, bem como todo o acervo de Trabalhos de Conclus\u00e3o de Curso. O objetivo \u00e9 fomentar o desenvolvimento de atividades acad\u00eamicas em geral e gerar um ambiente de discuss\u00e3o, troca de opini\u00f5es e coopera\u00e7\u00e3o m\u00fatua. \u00a0<\/p>\n","protected":false},"excerpt":{"rendered":"<p>O Laborat\u00f3rio de Projetos e Acervo (LaPA), localizado na UFSM \u2013 Campus Cachoeira do Sul (Pr\u00e9dio C3 \u2013 sala 12), destina-se \u00e0 produ\u00e7\u00e3o de projetos de ensino, pesquisa e extens\u00e3o, bem como \u00e0 cataloga\u00e7\u00e3o e armazenamento de acervo espec\u00edfico do Curso de Arquitetura e Urbanismo. Este acervo compreende publica\u00e7\u00f5es resultantes dos projetos ora desenvolvidos, de [&hellip;]<\/p>\n","protected":false},"author":339,"featured_media":0,"parent":356,"menu_order":0,"comment_status":"closed","ping_status":"closed","template":"","meta":{"footnotes":""},"categories":[],"tags":[],"class_list":["post-427","page","type-page","status-publish","hentry"],"acf":[],"_links":{"self":[{"href":"https:\/\/www.ufsm.br\/cursos\/graduacao\/cachoeira-do-sul\/arquitetura-e-urbanismo\/wp-json\/wp\/v2\/pages\/427","targetHints":{"allow":["GET"]}}],"collection":[{"href":"https:\/\/www.ufsm.br\/cursos\/graduacao\/cachoeira-do-sul\/arquitetura-e-urbanismo\/wp-json\/wp\/v2\/pages"}],"about":[{"href":"https:\/\/www.ufsm.br\/cursos\/graduacao\/cachoeira-do-sul\/arquitetura-e-urbanismo\/wp-json\/wp\/v2\/types\/page"}],"author":[{"embeddable":true,"href":"https:\/\/www.ufsm.br\/cursos\/graduacao\/cachoeira-do-sul\/arquitetura-e-urbanismo\/wp-json\/wp\/v2\/users\/339"}],"replies":[{"embeddable":true,"href":"https:\/\/www.ufsm.br\/cursos\/graduacao\/cachoeira-do-sul\/arquitetura-e-urbanismo\/wp-json\/wp\/v2\/comments?post=427"}],"version-history":[{"count":0,"href":"https:\/\/www.ufsm.br\/cursos\/graduacao\/cachoeira-do-sul\/arquitetura-e-urbanismo\/wp-json\/wp\/v2\/pages\/427\/revisions"}],"up":[{"embeddable":true,"href":"https:\/\/www.ufsm.br\/cursos\/graduacao\/cachoeira-do-sul\/arquitetura-e-urbanismo\/wp-json\/wp\/v2\/pages\/356"}],"wp:attachment":[{"href":"https:\/\/www.ufsm.br\/cursos\/graduacao\/cachoeira-do-sul\/arquitetura-e-urbanismo\/wp-json\/wp\/v2\/media?parent=427"}],"wp:term":[{"taxonomy":"category","embeddable":true,"href":"https:\/\/www.ufsm.br\/cursos\/graduacao\/cachoeira-do-sul\/arquitetura-e-urbanismo\/wp-json\/wp\/v2\/categories?post=427"},{"taxonomy":"post_tag","embeddable":true,"href":"https:\/\/www.ufsm.br\/cursos\/graduacao\/cachoeira-do-sul\/arquitetura-e-urbanismo\/wp-json\/wp\/v2\/tags?post=427"}],"curies":[{"name":"wp","href":"https:\/\/api.w.org\/{rel}","templated":true}]}}