{"id":212,"date":"2019-01-07T11:34:55","date_gmt":"2019-01-07T13:34:55","guid":{"rendered":"https:\/\/www.ufsm.br\/cursos\/graduacao\/cachoeira-do-sul\/engenharia-agricola\/?page_id=212"},"modified":"2022-09-05T11:05:35","modified_gmt":"2022-09-05T14:05:35","slug":"212-2","status":"publish","type":"page","link":"https:\/\/www.ufsm.br\/cursos\/graduacao\/cachoeira-do-sul\/engenharia-agricola\/212-2","title":{"rendered":"Revis\u00e3o das Avalia\u00e7\u00f5es"},"content":{"rendered":"\n<p>Conforme Previsto no <a href=\"https:\/\/www.ufsm.br\/app\/uploads\/sites\/342\/2019\/06\/Guia_UFSM_2019_Finalizado_9MB-1.pdf\">Guia do Estudante da UFSM<\/a> (<a href=\"https:\/\/www.ufsm.br\/app\/uploads\/sites\/342\/2019\/06\/Guia_UFSM_2019_Finalizado_9MB-1.pdf\">https:\/\/www.ufsm.br\/app\/uploads\/sites\/342\/2019\/06\/Guia_UFSM_2019_Finalizado_9MB-1.pdf<\/a>), no item <strong>6.7.7 Revis\u00e3o de Avalia\u00e7\u00f5es<\/strong>, os alunos poder\u00e3o recorrer aos Departamentos Did\u00e1ticos (no Campus de Cachoeira do Sul \u00e0 Coordenadoria Acad\u00eamica) para solicitar a revis\u00e3o da nota atribu\u00edda em uma avalia\u00e7\u00e3o, no prazo de <b>tr\u00eas dias \u00fateis<\/b>, contados da divulga\u00e7\u00e3o do resultado.\u00a0<\/p>\n<p>Para solicitar a revis\u00e3o, o estudante dever\u00e1 abrir um processo via <a href=\"https:\/\/portal.ufsm.br\/documentos\/mainMenu.html\">PEN-SIE<\/a>, tipo &#8220;<strong>Processo de revis\u00e3o e reconsidera\u00e7\u00e3o de avalia\u00e7\u00e3o de gradua\u00e7\u00e3o<\/strong>&#8220;, tramitando-o \u00e0 <strong>Coordena\u00e7\u00e3o Acad\u00eamica &#8211; UFSM-CS<\/strong>, que \u00e9 o departamento did\u00e1tico respons\u00e1vel.<\/p>\n\n\n","protected":false},"excerpt":{"rendered":"<p>Conforme Previsto no Guia do Estudante da UFSM (https:\/\/www.ufsm.br\/app\/uploads\/sites\/342\/2019\/06\/Guia_UFSM_2019_Finalizado_9MB-1.pdf), no item 6.7.7 Revis\u00e3o de Avalia\u00e7\u00f5es, os alunos poder\u00e3o recorrer aos Departamentos Did\u00e1ticos (no Campus de Cachoeira do Sul \u00e0 Coordenadoria Acad\u00eamica) para solicitar a revis\u00e3o da nota atribu\u00edda em uma avalia\u00e7\u00e3o, no prazo de tr\u00eas dias \u00fateis, contados da divulga\u00e7\u00e3o do resultado.\u00a0 Para solicitar a [&hellip;]<\/p>\n","protected":false},"author":389,"featured_media":0,"parent":0,"menu_order":0,"comment_status":"closed","ping_status":"closed","template":"","meta":{"footnotes":""},"categories":[],"tags":[],"class_list":["post-212","page","type-page","status-publish","hentry"],"acf":[],"_links":{"self":[{"href":"https:\/\/www.ufsm.br\/cursos\/graduacao\/cachoeira-do-sul\/engenharia-agricola\/wp-json\/wp\/v2\/pages\/212","targetHints":{"allow":["GET"]}}],"collection":[{"href":"https:\/\/www.ufsm.br\/cursos\/graduacao\/cachoeira-do-sul\/engenharia-agricola\/wp-json\/wp\/v2\/pages"}],"about":[{"href":"https:\/\/www.ufsm.br\/cursos\/graduacao\/cachoeira-do-sul\/engenharia-agricola\/wp-json\/wp\/v2\/types\/page"}],"author":[{"embeddable":true,"href":"https:\/\/www.ufsm.br\/cursos\/graduacao\/cachoeira-do-sul\/engenharia-agricola\/wp-json\/wp\/v2\/users\/389"}],"replies":[{"embeddable":true,"href":"https:\/\/www.ufsm.br\/cursos\/graduacao\/cachoeira-do-sul\/engenharia-agricola\/wp-json\/wp\/v2\/comments?post=212"}],"version-history":[{"count":0,"href":"https:\/\/www.ufsm.br\/cursos\/graduacao\/cachoeira-do-sul\/engenharia-agricola\/wp-json\/wp\/v2\/pages\/212\/revisions"}],"wp:attachment":[{"href":"https:\/\/www.ufsm.br\/cursos\/graduacao\/cachoeira-do-sul\/engenharia-agricola\/wp-json\/wp\/v2\/media?parent=212"}],"wp:term":[{"taxonomy":"category","embeddable":true,"href":"https:\/\/www.ufsm.br\/cursos\/graduacao\/cachoeira-do-sul\/engenharia-agricola\/wp-json\/wp\/v2\/categories?post=212"},{"taxonomy":"post_tag","embeddable":true,"href":"https:\/\/www.ufsm.br\/cursos\/graduacao\/cachoeira-do-sul\/engenharia-agricola\/wp-json\/wp\/v2\/tags?post=212"}],"curies":[{"name":"wp","href":"https:\/\/api.w.org\/{rel}","templated":true}]}}