{"id":243,"date":"2019-01-11T11:39:12","date_gmt":"2019-01-11T13:39:12","guid":{"rendered":"https:\/\/www.ufsm.br\/cursos\/graduacao\/cachoeira-do-sul\/engenharia-agricola\/?page_id=243"},"modified":"2023-07-24T14:55:19","modified_gmt":"2023-07-24T17:55:19","slug":"pre-requisitos-atualizados","status":"publish","type":"page","link":"https:\/\/www.ufsm.br\/cursos\/graduacao\/cachoeira-do-sul\/engenharia-agricola\/pre-requisitos-atualizados","title":{"rendered":"Pr\u00e9-requisitos"},"content":{"rendered":"\n<p>Um pr\u00e9-requisito \u00e9 uma disciplina que o estudante j\u00e1 deve ter cursado, com conhecimentos adquiridos necess\u00e1rios para se matricular em uma disciplina em algum semestre \u00e0 frente. Dessa forma, o estudante adquire conhecimento de forma crescente, estruturada e sequencial.<\/p>\n<p>O Curso de Engenharia Agr\u00edcola duas listas de pr\u00e9-requisitos: do <a href=\"https:\/\/www.ufsm.br\/app\/uploads\/sites\/259\/2023\/07\/Pre-requisitos-Curriculo-2023.pdf\">Curr\u00edculo 2023<\/a> (vigente) e do\u00a0<a href=\"https:\/\/www.ufsm.br\/app\/uploads\/sites\/259\/2022\/03\/PRE-REQUISITOS_2022.pdf\">Curr\u00edculo 2017<\/a> (antigo).<\/p>\n<p>S\u00e3o duas listas, pois a partir de agosto de 2023 h\u00e1 um novo Curr\u00edculo para Curso, por\u00e9m alguns estudantes permanecem no anterior.<\/p>\n<p>Alguns casos excepcionais podem permitir que o estudante seja liberado de um pr\u00e9-requisito (disciplina anterior). Comumente, esse processo se denomina de quebra de pr\u00e9-requisito.<\/p>\n<p>A quebra de pr\u00e9-requisito somente \u00e9 autorizada pelo Colegiado do Curso, que avalia a situa\u00e7\u00e3o do estudante e delibera a favor ou n\u00e3o. O pedido deve ser feito pelo estudante \u00e0 Coordena\u00e7\u00e3o do Curso, que encaminha ao colegiado.<\/p>\n<p>O Colegiado da Engenharia Agr\u00edcola possui <a href=\"_wp_link_placeholder\" data-wplink-edit=\"true\">regras para essa an\u00e1lise<\/a>, estabelecidas em um documento em anexo.<\/p>\n<p>\u00a0<\/p>\n<p>Qualquer d\u00favida, por favor entrar em contato com a Coordena\u00e7\u00e3o do Curso, ou os representantes discentes no Colegiado.<\/p>\n\n\n\n<hr class=\"wp-block-separator has-css-opacity\" \/>\n","protected":false},"excerpt":{"rendered":"<p>Um pr\u00e9-requisito \u00e9 uma disciplina que o estudante j\u00e1 deve ter cursado, com conhecimentos adquiridos necess\u00e1rios para se matricular em uma disciplina em algum semestre \u00e0 frente. Dessa forma, o estudante adquire conhecimento de forma crescente, estruturada e sequencial. O Curso de Engenharia Agr\u00edcola duas listas de pr\u00e9-requisitos: do Curr\u00edculo 2023 (vigente) e do\u00a0Curr\u00edculo 2017 [&hellip;]<\/p>\n","protected":false},"author":389,"featured_media":0,"parent":0,"menu_order":0,"comment_status":"closed","ping_status":"closed","template":"","meta":{"footnotes":""},"categories":[],"tags":[],"class_list":["post-243","page","type-page","status-publish","hentry"],"acf":[],"_links":{"self":[{"href":"https:\/\/www.ufsm.br\/cursos\/graduacao\/cachoeira-do-sul\/engenharia-agricola\/wp-json\/wp\/v2\/pages\/243","targetHints":{"allow":["GET"]}}],"collection":[{"href":"https:\/\/www.ufsm.br\/cursos\/graduacao\/cachoeira-do-sul\/engenharia-agricola\/wp-json\/wp\/v2\/pages"}],"about":[{"href":"https:\/\/www.ufsm.br\/cursos\/graduacao\/cachoeira-do-sul\/engenharia-agricola\/wp-json\/wp\/v2\/types\/page"}],"author":[{"embeddable":true,"href":"https:\/\/www.ufsm.br\/cursos\/graduacao\/cachoeira-do-sul\/engenharia-agricola\/wp-json\/wp\/v2\/users\/389"}],"replies":[{"embeddable":true,"href":"https:\/\/www.ufsm.br\/cursos\/graduacao\/cachoeira-do-sul\/engenharia-agricola\/wp-json\/wp\/v2\/comments?post=243"}],"version-history":[{"count":0,"href":"https:\/\/www.ufsm.br\/cursos\/graduacao\/cachoeira-do-sul\/engenharia-agricola\/wp-json\/wp\/v2\/pages\/243\/revisions"}],"wp:attachment":[{"href":"https:\/\/www.ufsm.br\/cursos\/graduacao\/cachoeira-do-sul\/engenharia-agricola\/wp-json\/wp\/v2\/media?parent=243"}],"wp:term":[{"taxonomy":"category","embeddable":true,"href":"https:\/\/www.ufsm.br\/cursos\/graduacao\/cachoeira-do-sul\/engenharia-agricola\/wp-json\/wp\/v2\/categories?post=243"},{"taxonomy":"post_tag","embeddable":true,"href":"https:\/\/www.ufsm.br\/cursos\/graduacao\/cachoeira-do-sul\/engenharia-agricola\/wp-json\/wp\/v2\/tags?post=243"}],"curies":[{"name":"wp","href":"https:\/\/api.w.org\/{rel}","templated":true}]}}