{"id":131,"date":"2018-11-26T14:28:39","date_gmt":"2018-11-26T16:28:39","guid":{"rendered":"https:\/\/www.ufsm.br\/cursos\/graduacao\/cachoeira-do-sul\/engenharia-eletrica\/?page_id=131"},"modified":"2018-11-26T14:33:42","modified_gmt":"2018-11-26T16:33:42","slug":"sobre-o-curso","status":"publish","type":"page","link":"https:\/\/www.ufsm.br\/cursos\/graduacao\/cachoeira-do-sul\/engenharia-eletrica\/sobre-o-curso","title":{"rendered":"Sobre o Curso"},"content":{"rendered":"<p><strong>C\u00f3digo:<\/strong>\u00a04001<\/p>\n<p><strong>Turno:<\/strong>\u00a0Diurno<\/p>\n<p><strong>Ingresso:<\/strong>\u00a0Semestral<\/p>\n<p><strong>Vagas:\u00a0<\/strong>40<\/p>\n<p><strong>Objetivo Geral<\/strong><\/p>\n<p>O Curso de Engenharia El\u00e9trica tem por objetivo formar profissionais capacitados a entender, criar e desenvolver tecnologias, em sua \u00e1rea de atua\u00e7\u00e3o, tendo como base uma s\u00f3lida forma\u00e7\u00e3o t\u00e9cnica, humanista e cient\u00edfica, implicando em a\u00e7\u00f5es \u00e9ticas, justas e com responsabilidade social, as quais visam colaborar para o desenvolvimento da sociedade nos \u00e2mbitos tecnol\u00f3gico, cient\u00edfico, econ\u00f4mico e intelectual, buscando o bem estar do indiv\u00edduo. Os principais meios para isto s\u00e3o: a forma\u00e7\u00e3o de profissionais qualificados nestes quesitos, e a execu\u00e7\u00e3o de projetos de pesquisa e extens\u00e3o de forma conjunta com setores da sociedade.<\/p>\n<p><strong>\u00c1reas de Atua\u00e7\u00e3o<\/strong><\/p>\n<p>A atua\u00e7\u00e3o do engenheiro eletricista \u00e9 regulamentada pela Resolu\u00e7\u00e3o n\u00ba 218 do CONFEA e, a partir de agosto de 2005, pela Resolu\u00e7\u00e3o n\u00ba 1010 do CONFEA. Nestas, s\u00e3o discriminadas as atividades das diferentes modalidades profissionais da Engenharia, Arquitetura e Agronomia. O campo de atua\u00e7\u00e3o profissional do engenheiro eletricista \u00e9 bastante diversificado, compreendendo desde grandes empresas p\u00fablicas e privadas, empreendimentos pr\u00f3prios ou atua\u00e7\u00e3o aut\u00f4noma. O mercado de trabalho \u00e9 caracterizado, al\u00e9m da diversidade, por varia\u00e7\u00f5es relativamente r\u00e1pidas, atreladas aos per\u00edodos de retra\u00e7\u00e3o e expans\u00e3o da economia e das pol\u00edticas para o desenvolvimento da infraestrutura. Em sua atua\u00e7\u00e3o, o profissional formado pelo Curso de Engenharia El\u00e9trica da UFSM poder\u00e1 estar habilitado \u00e0 atua\u00e7\u00e3o nas \u00e1reas de eletr\u00f4nica, comunica\u00e7\u00f5es ou eletrot\u00e9cnica, conforme matriz curricular cumprida pelo estudante durante o Curso. Nessas \u00e1reas, o engenheiro eletricista ou engenheiro eletr\u00f4nico recebe atribui\u00e7\u00f5es para exercer dezoito tipos de atividades:<\/p>\n<p>&#8211; supervis\u00e3o, coordena\u00e7\u00e3o e orienta\u00e7\u00e3o t\u00e9cnica;<\/p>\n<p>&#8211; estudo, planejamento, projeto e especifica\u00e7\u00e3o;<\/p>\n<p>&#8211; estudo de viabilidade t\u00e9cnico-econ\u00f4mica;<\/p>\n<p>&#8211; assist\u00eancia, assessoria e consultoria;<\/p>\n<p>&#8211; dire\u00e7\u00e3o de obra e servi\u00e7o t\u00e9cnico;<\/p>\n<p>&#8211; vistoria, per\u00edcia, avalia\u00e7\u00e3o, arbitramento, laudo e parecer t\u00e9cnico;<\/p>\n<p>&#8211; desempenho de cargo e fun\u00e7\u00e3o t\u00e9cnica;<\/p>\n<p>&#8211; ensino, pesquisa, an\u00e1lise, experimenta\u00e7\u00e3o, ensaio e divulga\u00e7\u00e3o t\u00e9cnica; extens\u00e3o;<\/p>\n<p>&#8211; elabora\u00e7\u00e3o de or\u00e7amento;<\/p>\n<p>&#8211; padroniza\u00e7\u00e3o, mensura\u00e7\u00e3o e controle de qualidade;<\/p>\n<p>&#8211; execu\u00e7\u00e3o de obra e servi\u00e7o t\u00e9cnico;<\/p>\n<p>&#8211; fiscaliza\u00e7\u00e3o de obra e servi\u00e7o t\u00e9cnico;<\/p>\n<p>&#8211; produ\u00e7\u00e3o t\u00e9cnica e especializada;<\/p>\n<p>&#8211; condu\u00e7\u00e3o de trabalho t\u00e9cnico;<\/p>\n<p>&#8211; condu\u00e7\u00e3o de equipe de instala\u00e7\u00e3o, montagem, opera\u00e7\u00e3o, reparo ou manuten\u00e7\u00e3o;<\/p>\n<p>&#8211; execu\u00e7\u00e3o de instala\u00e7\u00e3o, montagem e reparo;<\/p>\n<p>&#8211; opera\u00e7\u00e3o e manuten\u00e7\u00e3o de equipamento e instala\u00e7\u00e3o;<\/p>\n<p>&#8211; execu\u00e7\u00e3o de desenho t\u00e9cnico.<\/p>\n<p>A forma\u00e7\u00e3o profissional proposta pelo Curso de Engenharia El\u00e9trica da UFSM, Campus de Cachoeira do Sul, almeja que o estudante possa buscar de fato as compet\u00eancias, n\u00e3o apenas nas atividades previstas em lei, mas nas diversas outras \u00e1reas de atua\u00e7\u00e3o exercidas atualmente pelos engenheiros eletricistas, exercitando a prospec\u00e7\u00e3o de oportunidades no mercado de trabalho. O reconhecimento dessa realidade e sua considera\u00e7\u00e3o no cont\u00ednuo planejamento do Curso s\u00e3o muito importes, pois a cada dia abrem-se novas oportunidades de atua\u00e7\u00e3o para o engenheiro. Esse n\u00edvel de conscientiza\u00e7\u00e3o pode ser atingido atrav\u00e9s da pr\u00e1tica do planejamento profissional desde os prim\u00f3rdios do Curso.<\/p>\n<p><strong>Dura\u00e7\u00e3o<\/strong><br \/>\nPrazo m\u00ednimo: 10 semestres<br \/>\nPrazo m\u00e1ximo: 15 semestres<\/p>\n","protected":false},"excerpt":{"rendered":"<p>C\u00f3digo:\u00a04001 Turno:\u00a0Diurno Ingresso:\u00a0Semestral Vagas:\u00a040 Objetivo Geral O Curso de Engenharia El\u00e9trica tem por objetivo formar profissionais capacitados a entender, criar e desenvolver tecnologias, em sua \u00e1rea de atua\u00e7\u00e3o, tendo como base uma s\u00f3lida forma\u00e7\u00e3o t\u00e9cnica, humanista e cient\u00edfica, implicando em a\u00e7\u00f5es \u00e9ticas, justas e com responsabilidade social, as quais visam colaborar para o desenvolvimento da [&hellip;]<\/p>\n","protected":false},"author":117,"featured_media":0,"parent":0,"menu_order":0,"comment_status":"closed","ping_status":"closed","template":"","meta":{"footnotes":""},"categories":[],"tags":[],"class_list":["post-131","page","type-page","status-publish","hentry"],"acf":[],"_links":{"self":[{"href":"https:\/\/www.ufsm.br\/cursos\/graduacao\/cachoeira-do-sul\/engenharia-eletrica\/wp-json\/wp\/v2\/pages\/131","targetHints":{"allow":["GET"]}}],"collection":[{"href":"https:\/\/www.ufsm.br\/cursos\/graduacao\/cachoeira-do-sul\/engenharia-eletrica\/wp-json\/wp\/v2\/pages"}],"about":[{"href":"https:\/\/www.ufsm.br\/cursos\/graduacao\/cachoeira-do-sul\/engenharia-eletrica\/wp-json\/wp\/v2\/types\/page"}],"author":[{"embeddable":true,"href":"https:\/\/www.ufsm.br\/cursos\/graduacao\/cachoeira-do-sul\/engenharia-eletrica\/wp-json\/wp\/v2\/users\/117"}],"replies":[{"embeddable":true,"href":"https:\/\/www.ufsm.br\/cursos\/graduacao\/cachoeira-do-sul\/engenharia-eletrica\/wp-json\/wp\/v2\/comments?post=131"}],"version-history":[{"count":0,"href":"https:\/\/www.ufsm.br\/cursos\/graduacao\/cachoeira-do-sul\/engenharia-eletrica\/wp-json\/wp\/v2\/pages\/131\/revisions"}],"wp:attachment":[{"href":"https:\/\/www.ufsm.br\/cursos\/graduacao\/cachoeira-do-sul\/engenharia-eletrica\/wp-json\/wp\/v2\/media?parent=131"}],"wp:term":[{"taxonomy":"category","embeddable":true,"href":"https:\/\/www.ufsm.br\/cursos\/graduacao\/cachoeira-do-sul\/engenharia-eletrica\/wp-json\/wp\/v2\/categories?post=131"},{"taxonomy":"post_tag","embeddable":true,"href":"https:\/\/www.ufsm.br\/cursos\/graduacao\/cachoeira-do-sul\/engenharia-eletrica\/wp-json\/wp\/v2\/tags?post=131"}],"curies":[{"name":"wp","href":"https:\/\/api.w.org\/{rel}","templated":true}]}}