{"id":134,"date":"2018-11-26T14:36:00","date_gmt":"2018-11-26T16:36:00","guid":{"rendered":"https:\/\/www.ufsm.br\/cursos\/graduacao\/cachoeira-do-sul\/engenharia-eletrica\/?page_id=134"},"modified":"2024-12-18T09:21:45","modified_gmt":"2024-12-18T12:21:45","slug":"nucleo-docente-estruturante-nde","status":"publish","type":"page","link":"https:\/\/www.ufsm.br\/cursos\/graduacao\/cachoeira-do-sul\/engenharia-eletrica\/nucleo-docente-estruturante-nde","title":{"rendered":"N\u00facleo Docente Estruturante (NDE)"},"content":{"rendered":"<p>O N\u00facleo Docente Estruturante (NDE) de um curso de gradua\u00e7\u00e3o atua no processo de concep\u00e7\u00e3o, consolida\u00e7\u00e3o e cont\u00ednua atualiza\u00e7\u00e3o do projeto pedag\u00f3gico do curso.<\/p>\n<p><a href=\"https:\/\/www.ufsm.br\/pro-reitorias\/proplan\/resolucao-n-043-2019\">Resolu\u00e7\u00e3o N\u00ba 043\/2019<\/a> &#8211; (Institui o N\u00facleo Docente Estruturante no \u00e2mbito da UFSM)<\/p>\n<p style=\"text-align: center\">Composi\u00e7\u00e3o Atual (<a href=\"https:\/\/portal.ufsm.br\/documentos\/publico\/documento.html?id=15262676\">Portaria N. 069 de 17\/09\/2024<\/a>)<\/p>\n<p><strong>Membros do NDE da Engenharia El\u00e9trica:<\/strong><\/p>\n<p>Prof\u00ba. Celso Becker Tischer (Presidente)<br \/>Prof\u00aa. Thieli Smidt Gabbi (Secret\u00e1ria)<br \/>Prof\u00ba Paulo C\u00e9sar Vargas Luz<br \/>Prof\u00aa. Laura Lisiane Callai dos Santos<br \/>Prof\u00ba Nelson Knak Neto<br \/>Prof\u00ba Diogo Vargas<br \/>Prof\u00aa. Deise Maria Cirolini Milbradt<\/p>\n<p style=\"text-align: center\"><span style=\"text-decoration: underline\"><strong>\u21d2 Atas das reuni\u00f5es do NDE<\/strong><\/span>\u00a0(<a href=\"https:\/\/www.ufsm.br\/cursos\/graduacao\/cachoeira-do-sul\/engenharia-eletrica\/atas-das-reunioes-do-nde\/\">Clique aqui<\/a>)<\/p>\n\n\n<p><\/p>\n","protected":false},"excerpt":{"rendered":"<p>O N\u00facleo Docente Estruturante (NDE) de um curso de gradua\u00e7\u00e3o atua no processo de concep\u00e7\u00e3o, consolida\u00e7\u00e3o e cont\u00ednua atualiza\u00e7\u00e3o do projeto pedag\u00f3gico do curso. Resolu\u00e7\u00e3o N\u00ba 043\/2019 &#8211; (Institui o N\u00facleo Docente Estruturante no \u00e2mbito da UFSM) Composi\u00e7\u00e3o Atual (Portaria N. 069 de 17\/09\/2024) Membros do NDE da Engenharia El\u00e9trica: Prof\u00ba. Celso Becker Tischer (Presidente)Prof\u00aa. [&hellip;]<\/p>\n","protected":false},"author":117,"featured_media":0,"parent":0,"menu_order":0,"comment_status":"closed","ping_status":"closed","template":"","meta":{"footnotes":""},"categories":[],"tags":[],"class_list":["post-134","page","type-page","status-publish","hentry"],"acf":[],"_links":{"self":[{"href":"https:\/\/www.ufsm.br\/cursos\/graduacao\/cachoeira-do-sul\/engenharia-eletrica\/wp-json\/wp\/v2\/pages\/134","targetHints":{"allow":["GET"]}}],"collection":[{"href":"https:\/\/www.ufsm.br\/cursos\/graduacao\/cachoeira-do-sul\/engenharia-eletrica\/wp-json\/wp\/v2\/pages"}],"about":[{"href":"https:\/\/www.ufsm.br\/cursos\/graduacao\/cachoeira-do-sul\/engenharia-eletrica\/wp-json\/wp\/v2\/types\/page"}],"author":[{"embeddable":true,"href":"https:\/\/www.ufsm.br\/cursos\/graduacao\/cachoeira-do-sul\/engenharia-eletrica\/wp-json\/wp\/v2\/users\/117"}],"replies":[{"embeddable":true,"href":"https:\/\/www.ufsm.br\/cursos\/graduacao\/cachoeira-do-sul\/engenharia-eletrica\/wp-json\/wp\/v2\/comments?post=134"}],"version-history":[{"count":0,"href":"https:\/\/www.ufsm.br\/cursos\/graduacao\/cachoeira-do-sul\/engenharia-eletrica\/wp-json\/wp\/v2\/pages\/134\/revisions"}],"wp:attachment":[{"href":"https:\/\/www.ufsm.br\/cursos\/graduacao\/cachoeira-do-sul\/engenharia-eletrica\/wp-json\/wp\/v2\/media?parent=134"}],"wp:term":[{"taxonomy":"category","embeddable":true,"href":"https:\/\/www.ufsm.br\/cursos\/graduacao\/cachoeira-do-sul\/engenharia-eletrica\/wp-json\/wp\/v2\/categories?post=134"},{"taxonomy":"post_tag","embeddable":true,"href":"https:\/\/www.ufsm.br\/cursos\/graduacao\/cachoeira-do-sul\/engenharia-eletrica\/wp-json\/wp\/v2\/tags?post=134"}],"curies":[{"name":"wp","href":"https:\/\/api.w.org\/{rel}","templated":true}]}}