{"id":371,"date":"2019-02-12T15:16:13","date_gmt":"2019-02-12T17:16:13","guid":{"rendered":"https:\/\/www.ufsm.br\/cursos\/graduacao\/cachoeira-do-sul\/engenharia-eletrica\/?page_id=371"},"modified":"2019-08-09T17:39:16","modified_gmt":"2019-08-09T20:39:16","slug":"visita-tecnica-usina-hidreletrica-de-itaipu-binacional-e-subestacao-de-furnas","status":"publish","type":"page","link":"https:\/\/www.ufsm.br\/cursos\/graduacao\/cachoeira-do-sul\/engenharia-eletrica\/visita-tecnica-usina-hidreletrica-de-itaipu-binacional-e-subestacao-de-furnas","title":{"rendered":"Visita T\u00e9cnica: Usina Hidrel\u00e9trica de ITAIPU Binacional e Subesta\u00e7\u00e3o de Furnas"},"content":{"rendered":"\t\t<div data-elementor-type=\"wp-post\" data-elementor-id=\"371\" class=\"elementor elementor-371 elementor-bc-flex-widget\">\n\t\t\t\t\t\t<section class=\"elementor-section elementor-top-section elementor-element elementor-element-e8570dc elementor-section-boxed elementor-section-height-default elementor-section-height-default\" data-id=\"e8570dc\" data-element_type=\"section\">\n\t\t\t\t\t\t<div class=\"elementor-container elementor-column-gap-default\">\n\t\t\t\t\t<div class=\"elementor-column elementor-col-100 elementor-top-column elementor-element elementor-element-6ad33fa\" data-id=\"6ad33fa\" data-element_type=\"column\">\n\t\t\t<div class=\"elementor-widget-wrap elementor-element-populated\">\n\t\t\t\t\t\t<div class=\"elementor-element elementor-element-4780898 gallery-spacing-custom elementor-widget elementor-widget-image-gallery\" data-id=\"4780898\" data-element_type=\"widget\" data-widget_type=\"image-gallery.default\">\n\t\t\t\t<div class=\"elementor-widget-container\">\n\t\t\t\t\t<div class=\"elementor-image-gallery\">\n\t\t\t<div id='gallery-1' class='gallery galleryid-371 gallery-columns-6 gallery-size-thumbnail'><figure class='gallery-item'>\n\t\t\t<div class='gallery-icon landscape'>\n\t\t\t\t<a data-elementor-open-lightbox=\"yes\" data-elementor-lightbox-slideshow=\"4780898\" data-elementor-lightbox-title=\"28279747_335933690144695_6267208727203068435_n\" data-e-action-hash=\"#elementor-action%3Aaction%3Dlightbox%26settings%3DeyJpZCI6MzU5LCJ1cmwiOiJodHRwczpcL1wvd3d3LnVmc20uYnJcL2FwcFwvdXBsb2Fkc1wvc2l0ZXNcLzI2OFwvMjAxOVwvMDJcLzI4Mjc5NzQ3XzMzNTkzMzY5MDE0NDY5NV82MjY3MjA4NzI3MjAzMDY4NDM1X24tMS5qcGciLCJzbGlkZXNob3ciOiI0NzgwODk4In0%3D\" href='https:\/\/www.ufsm.br\/app\/uploads\/sites\/268\/2019\/02\/28279747_335933690144695_6267208727203068435_n-1.jpg'><img decoding=\"async\" width=\"150\" height=\"150\" src=\"https:\/\/www.ufsm.br\/app\/uploads\/sites\/268\/2019\/02\/28279747_335933690144695_6267208727203068435_n-1-150x150.jpg\" class=\"attachment-thumbnail size-thumbnail\" alt=\"\" \/><\/a>\n\t\t\t<\/div><\/figure><figure class='gallery-item'>\n\t\t\t<div class='gallery-icon landscape'>\n\t\t\t\t<a data-elementor-open-lightbox=\"yes\" data-elementor-lightbox-slideshow=\"4780898\" data-elementor-lightbox-title=\"27972430_335933780144686_3522370315644686909_n\" data-e-action-hash=\"#elementor-action%3Aaction%3Dlightbox%26settings%3DeyJpZCI6MzM5LCJ1cmwiOiJodHRwczpcL1wvd3d3LnVmc20uYnJcL2FwcFwvdXBsb2Fkc1wvc2l0ZXNcLzI2OFwvMjAxOVwvMDJcLzI3OTcyNDMwXzMzNTkzMzc4MDE0NDY4Nl8zNTIyMzcwMzE1NjQ0Njg2OTA5X24uanBnIiwic2xpZGVzaG93IjoiNDc4MDg5OCJ9\" href='https:\/\/www.ufsm.br\/app\/uploads\/sites\/268\/2019\/02\/27972430_335933780144686_3522370315644686909_n.jpg'><img decoding=\"async\" width=\"150\" height=\"150\" src=\"https:\/\/www.ufsm.br\/app\/uploads\/sites\/268\/2019\/02\/27972430_335933780144686_3522370315644686909_n-150x150.jpg\" class=\"attachment-thumbnail size-thumbnail\" alt=\"\" \/><\/a>\n\t\t\t<\/div><\/figure><figure class='gallery-item'>\n\t\t\t<div class='gallery-icon landscape'>\n\t\t\t\t<a data-elementor-open-lightbox=\"yes\" data-elementor-lightbox-slideshow=\"4780898\" data-elementor-lightbox-title=\"IMG-20180303-WA0107\" data-e-action-hash=\"#elementor-action%3Aaction%3Dlightbox%26settings%3DeyJpZCI6MzkxLCJ1cmwiOiJodHRwczpcL1wvd3d3LnVmc20uYnJcL2FwcFwvdXBsb2Fkc1wvc2l0ZXNcLzI2OFwvMjAxOVwvMDJcL0lNRy0yMDE4MDMwMy1XQTAxMDcuanBnIiwic2xpZGVzaG93IjoiNDc4MDg5OCJ9\" href='https:\/\/www.ufsm.br\/app\/uploads\/sites\/268\/2019\/02\/IMG-20180303-WA0107.jpg'><img decoding=\"async\" width=\"150\" height=\"150\" src=\"https:\/\/www.ufsm.br\/app\/uploads\/sites\/268\/2019\/02\/IMG-20180303-WA0107-150x150.jpg\" class=\"attachment-thumbnail size-thumbnail\" alt=\"\" \/><\/a>\n\t\t\t<\/div><\/figure><figure class='gallery-item'>\n\t\t\t<div class='gallery-icon landscape'>\n\t\t\t\t<a data-elementor-open-lightbox=\"yes\" data-elementor-lightbox-slideshow=\"4780898\" data-elementor-lightbox-title=\"28660401_335933723478025_3511927760498464025_n\" data-e-action-hash=\"#elementor-action%3Aaction%3Dlightbox%26settings%3DeyJpZCI6MzQxLCJ1cmwiOiJodHRwczpcL1wvd3d3LnVmc20uYnJcL2FwcFwvdXBsb2Fkc1wvc2l0ZXNcLzI2OFwvMjAxOVwvMDJcLzI4NjYwNDAxXzMzNTkzMzcyMzQ3ODAyNV8zNTExOTI3NzYwNDk4NDY0MDI1X24uanBnIiwic2xpZGVzaG93IjoiNDc4MDg5OCJ9\" href='https:\/\/www.ufsm.br\/app\/uploads\/sites\/268\/2019\/02\/28660401_335933723478025_3511927760498464025_n.jpg'><img loading=\"lazy\" decoding=\"async\" width=\"150\" height=\"150\" src=\"https:\/\/www.ufsm.br\/app\/uploads\/sites\/268\/2019\/02\/28660401_335933723478025_3511927760498464025_n-150x150.jpg\" class=\"attachment-thumbnail size-thumbnail\" alt=\"\" \/><\/a>\n\t\t\t<\/div><\/figure><figure class='gallery-item'>\n\t\t\t<div class='gallery-icon portrait'>\n\t\t\t\t<a data-elementor-open-lightbox=\"yes\" data-elementor-lightbox-slideshow=\"4780898\" data-elementor-lightbox-title=\"IMG_20180301_104326780_HDR\" data-e-action-hash=\"#elementor-action%3Aaction%3Dlightbox%26settings%3DeyJpZCI6Mzc4LCJ1cmwiOiJodHRwczpcL1wvd3d3LnVmc20uYnJcL2FwcFwvdXBsb2Fkc1wvc2l0ZXNcLzI2OFwvMjAxOVwvMDJcL0lNR18yMDE4MDMwMV8xMDQzMjY3ODBfSERSLmpwZyIsInNsaWRlc2hvdyI6IjQ3ODA4OTgifQ%3D%3D\" href='https:\/\/www.ufsm.br\/app\/uploads\/sites\/268\/2019\/02\/IMG_20180301_104326780_HDR.jpg'><img loading=\"lazy\" decoding=\"async\" width=\"150\" height=\"150\" src=\"https:\/\/www.ufsm.br\/app\/uploads\/sites\/268\/2019\/02\/IMG_20180301_104326780_HDR-150x150.jpg\" class=\"attachment-thumbnail size-thumbnail\" alt=\"\" \/><\/a>\n\t\t\t<\/div><\/figure><figure class='gallery-item'>\n\t\t\t<div class='gallery-icon landscape'>\n\t\t\t\t<a data-elementor-open-lightbox=\"yes\" data-elementor-lightbox-slideshow=\"4780898\" data-elementor-lightbox-title=\"IMG_20180301_092331112\" data-e-action-hash=\"#elementor-action%3Aaction%3Dlightbox%26settings%3DeyJpZCI6Mzc1LCJ1cmwiOiJodHRwczpcL1wvd3d3LnVmc20uYnJcL2FwcFwvdXBsb2Fkc1wvc2l0ZXNcLzI2OFwvMjAxOVwvMDJcL0lNR18yMDE4MDMwMV8wOTIzMzExMTIuanBnIiwic2xpZGVzaG93IjoiNDc4MDg5OCJ9\" href='https:\/\/www.ufsm.br\/app\/uploads\/sites\/268\/2019\/02\/IMG_20180301_092331112.jpg'><img loading=\"lazy\" decoding=\"async\" width=\"150\" height=\"150\" src=\"https:\/\/www.ufsm.br\/app\/uploads\/sites\/268\/2019\/02\/IMG_20180301_092331112-150x150.jpg\" class=\"attachment-thumbnail size-thumbnail\" alt=\"\" \/><\/a>\n\t\t\t<\/div><\/figure><figure class='gallery-item'>\n\t\t\t<div class='gallery-icon landscape'>\n\t\t\t\t<a data-elementor-open-lightbox=\"yes\" data-elementor-lightbox-slideshow=\"4780898\" data-elementor-lightbox-title=\"IMG-20180303-WA0083\" data-e-action-hash=\"#elementor-action%3Aaction%3Dlightbox%26settings%3DeyJpZCI6Mzg5LCJ1cmwiOiJodHRwczpcL1wvd3d3LnVmc20uYnJcL2FwcFwvdXBsb2Fkc1wvc2l0ZXNcLzI2OFwvMjAxOVwvMDJcL0lNRy0yMDE4MDMwMy1XQTAwODMuanBnIiwic2xpZGVzaG93IjoiNDc4MDg5OCJ9\" href='https:\/\/www.ufsm.br\/app\/uploads\/sites\/268\/2019\/02\/IMG-20180303-WA0083.jpg'><img loading=\"lazy\" decoding=\"async\" width=\"150\" height=\"150\" src=\"https:\/\/www.ufsm.br\/app\/uploads\/sites\/268\/2019\/02\/IMG-20180303-WA0083-150x150.jpg\" class=\"attachment-thumbnail size-thumbnail\" alt=\"\" \/><\/a>\n\t\t\t<\/div><\/figure><figure class='gallery-item'>\n\t\t\t<div class='gallery-icon landscape'>\n\t\t\t\t<a data-elementor-open-lightbox=\"yes\" data-elementor-lightbox-slideshow=\"4780898\" data-elementor-lightbox-title=\"IMG_20180301_075531465\" data-e-action-hash=\"#elementor-action%3Aaction%3Dlightbox%26settings%3DeyJpZCI6MzcyLCJ1cmwiOiJodHRwczpcL1wvd3d3LnVmc20uYnJcL2FwcFwvdXBsb2Fkc1wvc2l0ZXNcLzI2OFwvMjAxOVwvMDJcL0lNR18yMDE4MDMwMV8wNzU1MzE0NjUuanBnIiwic2xpZGVzaG93IjoiNDc4MDg5OCJ9\" href='https:\/\/www.ufsm.br\/app\/uploads\/sites\/268\/2019\/02\/IMG_20180301_075531465.jpg'><img loading=\"lazy\" decoding=\"async\" width=\"150\" height=\"150\" src=\"https:\/\/www.ufsm.br\/app\/uploads\/sites\/268\/2019\/02\/IMG_20180301_075531465-150x150.jpg\" class=\"attachment-thumbnail size-thumbnail\" alt=\"\" \/><\/a>\n\t\t\t<\/div><\/figure><figure class='gallery-item'>\n\t\t\t<div class='gallery-icon portrait'>\n\t\t\t\t<a data-elementor-open-lightbox=\"yes\" data-elementor-lightbox-slideshow=\"4780898\" data-elementor-lightbox-title=\"IMG_20180301_091112767\" data-e-action-hash=\"#elementor-action%3Aaction%3Dlightbox%26settings%3DeyJpZCI6Mzc0LCJ1cmwiOiJodHRwczpcL1wvd3d3LnVmc20uYnJcL2FwcFwvdXBsb2Fkc1wvc2l0ZXNcLzI2OFwvMjAxOVwvMDJcL0lNR18yMDE4MDMwMV8wOTExMTI3NjcuanBnIiwic2xpZGVzaG93IjoiNDc4MDg5OCJ9\" href='https:\/\/www.ufsm.br\/app\/uploads\/sites\/268\/2019\/02\/IMG_20180301_091112767.jpg'><img loading=\"lazy\" decoding=\"async\" width=\"150\" height=\"150\" src=\"https:\/\/www.ufsm.br\/app\/uploads\/sites\/268\/2019\/02\/IMG_20180301_091112767-150x150.jpg\" class=\"attachment-thumbnail size-thumbnail\" alt=\"\" \/><\/a>\n\t\t\t<\/div><\/figure><figure class='gallery-item'>\n\t\t\t<div class='gallery-icon landscape'>\n\t\t\t\t<a data-elementor-open-lightbox=\"yes\" data-elementor-lightbox-slideshow=\"4780898\" data-elementor-lightbox-title=\"IMG_20180301_084950580\" data-e-action-hash=\"#elementor-action%3Aaction%3Dlightbox%26settings%3DeyJpZCI6MzczLCJ1cmwiOiJodHRwczpcL1wvd3d3LnVmc20uYnJcL2FwcFwvdXBsb2Fkc1wvc2l0ZXNcLzI2OFwvMjAxOVwvMDJcL0lNR18yMDE4MDMwMV8wODQ5NTA1ODAuanBnIiwic2xpZGVzaG93IjoiNDc4MDg5OCJ9\" href='https:\/\/www.ufsm.br\/app\/uploads\/sites\/268\/2019\/02\/IMG_20180301_084950580.jpg'><img loading=\"lazy\" decoding=\"async\" width=\"150\" height=\"150\" src=\"https:\/\/www.ufsm.br\/app\/uploads\/sites\/268\/2019\/02\/IMG_20180301_084950580-150x150.jpg\" class=\"attachment-thumbnail size-thumbnail\" alt=\"\" \/><\/a>\n\t\t\t<\/div><\/figure><figure class='gallery-item'>\n\t\t\t<div class='gallery-icon landscape'>\n\t\t\t\t<a data-elementor-open-lightbox=\"yes\" data-elementor-lightbox-slideshow=\"4780898\" data-elementor-lightbox-title=\"IMG_20180302_144658276_HDR\" data-e-action-hash=\"#elementor-action%3Aaction%3Dlightbox%26settings%3DeyJpZCI6MzgwLCJ1cmwiOiJodHRwczpcL1wvd3d3LnVmc20uYnJcL2FwcFwvdXBsb2Fkc1wvc2l0ZXNcLzI2OFwvMjAxOVwvMDJcL0lNR18yMDE4MDMwMl8xNDQ2NTgyNzZfSERSLmpwZyIsInNsaWRlc2hvdyI6IjQ3ODA4OTgifQ%3D%3D\" href='https:\/\/www.ufsm.br\/app\/uploads\/sites\/268\/2019\/02\/IMG_20180302_144658276_HDR.jpg'><img loading=\"lazy\" decoding=\"async\" width=\"150\" height=\"150\" src=\"https:\/\/www.ufsm.br\/app\/uploads\/sites\/268\/2019\/02\/IMG_20180302_144658276_HDR-150x150.jpg\" class=\"attachment-thumbnail size-thumbnail\" alt=\"\" \/><\/a>\n\t\t\t<\/div><\/figure><figure class='gallery-item'>\n\t\t\t<div class='gallery-icon landscape'>\n\t\t\t\t<a data-elementor-open-lightbox=\"yes\" data-elementor-lightbox-slideshow=\"4780898\" data-elementor-lightbox-title=\"IMG-20180303-WA0096\" data-e-action-hash=\"#elementor-action%3Aaction%3Dlightbox%26settings%3DeyJpZCI6MzkwLCJ1cmwiOiJodHRwczpcL1wvd3d3LnVmc20uYnJcL2FwcFwvdXBsb2Fkc1wvc2l0ZXNcLzI2OFwvMjAxOVwvMDJcL0lNRy0yMDE4MDMwMy1XQTAwOTYuanBnIiwic2xpZGVzaG93IjoiNDc4MDg5OCJ9\" href='https:\/\/www.ufsm.br\/app\/uploads\/sites\/268\/2019\/02\/IMG-20180303-WA0096.jpg'><img loading=\"lazy\" decoding=\"async\" width=\"150\" height=\"150\" src=\"https:\/\/www.ufsm.br\/app\/uploads\/sites\/268\/2019\/02\/IMG-20180303-WA0096-150x150.jpg\" class=\"attachment-thumbnail size-thumbnail\" alt=\"\" \/><\/a>\n\t\t\t<\/div><\/figure><figure class='gallery-item'>\n\t\t\t<div class='gallery-icon portrait'>\n\t\t\t\t<a data-elementor-open-lightbox=\"yes\" data-elementor-lightbox-slideshow=\"4780898\" data-elementor-lightbox-title=\"IMG-20180303-WA0040\" data-e-action-hash=\"#elementor-action%3Aaction%3Dlightbox%26settings%3DeyJpZCI6Mzg2LCJ1cmwiOiJodHRwczpcL1wvd3d3LnVmc20uYnJcL2FwcFwvdXBsb2Fkc1wvc2l0ZXNcLzI2OFwvMjAxOVwvMDJcL0lNRy0yMDE4MDMwMy1XQTAwNDAuanBnIiwic2xpZGVzaG93IjoiNDc4MDg5OCJ9\" href='https:\/\/www.ufsm.br\/app\/uploads\/sites\/268\/2019\/02\/IMG-20180303-WA0040.jpg'><img loading=\"lazy\" decoding=\"async\" width=\"150\" height=\"150\" src=\"https:\/\/www.ufsm.br\/app\/uploads\/sites\/268\/2019\/02\/IMG-20180303-WA0040-150x150.jpg\" class=\"attachment-thumbnail size-thumbnail\" alt=\"\" \/><\/a>\n\t\t\t<\/div><\/figure><figure class='gallery-item'>\n\t\t\t<div class='gallery-icon landscape'>\n\t\t\t\t<a data-elementor-open-lightbox=\"yes\" data-elementor-lightbox-slideshow=\"4780898\" data-elementor-lightbox-title=\"IMG-20180303-WA0047\" data-e-action-hash=\"#elementor-action%3Aaction%3Dlightbox%26settings%3DeyJpZCI6Mzg4LCJ1cmwiOiJodHRwczpcL1wvd3d3LnVmc20uYnJcL2FwcFwvdXBsb2Fkc1wvc2l0ZXNcLzI2OFwvMjAxOVwvMDJcL0lNRy0yMDE4MDMwMy1XQTAwNDcuanBnIiwic2xpZGVzaG93IjoiNDc4MDg5OCJ9\" href='https:\/\/www.ufsm.br\/app\/uploads\/sites\/268\/2019\/02\/IMG-20180303-WA0047.jpg'><img loading=\"lazy\" decoding=\"async\" width=\"150\" height=\"150\" src=\"https:\/\/www.ufsm.br\/app\/uploads\/sites\/268\/2019\/02\/IMG-20180303-WA0047-150x150.jpg\" class=\"attachment-thumbnail size-thumbnail\" alt=\"\" \/><\/a>\n\t\t\t<\/div><\/figure><figure class='gallery-item'>\n\t\t\t<div class='gallery-icon landscape'>\n\t\t\t\t<a data-elementor-open-lightbox=\"yes\" data-elementor-lightbox-slideshow=\"4780898\" data-elementor-lightbox-title=\"IMG-20180303-WA0046\" data-e-action-hash=\"#elementor-action%3Aaction%3Dlightbox%26settings%3DeyJpZCI6Mzg3LCJ1cmwiOiJodHRwczpcL1wvd3d3LnVmc20uYnJcL2FwcFwvdXBsb2Fkc1wvc2l0ZXNcLzI2OFwvMjAxOVwvMDJcL0lNRy0yMDE4MDMwMy1XQTAwNDYuanBnIiwic2xpZGVzaG93IjoiNDc4MDg5OCJ9\" href='https:\/\/www.ufsm.br\/app\/uploads\/sites\/268\/2019\/02\/IMG-20180303-WA0046.jpg'><img loading=\"lazy\" decoding=\"async\" width=\"150\" height=\"150\" src=\"https:\/\/www.ufsm.br\/app\/uploads\/sites\/268\/2019\/02\/IMG-20180303-WA0046-150x150.jpg\" class=\"attachment-thumbnail size-thumbnail\" alt=\"\" \/><\/a>\n\t\t\t<\/div><\/figure><figure class='gallery-item'>\n\t\t\t<div class='gallery-icon landscape'>\n\t\t\t\t<a data-elementor-open-lightbox=\"yes\" data-elementor-lightbox-slideshow=\"4780898\" data-elementor-lightbox-title=\"IMG-20180303-WA0038\" data-e-action-hash=\"#elementor-action%3Aaction%3Dlightbox%26settings%3DeyJpZCI6Mzg1LCJ1cmwiOiJodHRwczpcL1wvd3d3LnVmc20uYnJcL2FwcFwvdXBsb2Fkc1wvc2l0ZXNcLzI2OFwvMjAxOVwvMDJcL0lNRy0yMDE4MDMwMy1XQTAwMzguanBnIiwic2xpZGVzaG93IjoiNDc4MDg5OCJ9\" href='https:\/\/www.ufsm.br\/app\/uploads\/sites\/268\/2019\/02\/IMG-20180303-WA0038.jpg'><img loading=\"lazy\" decoding=\"async\" width=\"150\" height=\"150\" src=\"https:\/\/www.ufsm.br\/app\/uploads\/sites\/268\/2019\/02\/IMG-20180303-WA0038-150x150.jpg\" class=\"attachment-thumbnail size-thumbnail\" alt=\"\" \/><\/a>\n\t\t\t<\/div><\/figure><figure class='gallery-item'>\n\t\t\t<div class='gallery-icon landscape'>\n\t\t\t\t<a data-elementor-open-lightbox=\"yes\" data-elementor-lightbox-slideshow=\"4780898\" data-elementor-lightbox-title=\"IMG_20180301_101307525_HDR\" data-e-action-hash=\"#elementor-action%3Aaction%3Dlightbox%26settings%3DeyJpZCI6Mzc2LCJ1cmwiOiJodHRwczpcL1wvd3d3LnVmc20uYnJcL2FwcFwvdXBsb2Fkc1wvc2l0ZXNcLzI2OFwvMjAxOVwvMDJcL0lNR18yMDE4MDMwMV8xMDEzMDc1MjVfSERSLmpwZyIsInNsaWRlc2hvdyI6IjQ3ODA4OTgifQ%3D%3D\" href='https:\/\/www.ufsm.br\/app\/uploads\/sites\/268\/2019\/02\/IMG_20180301_101307525_HDR.jpg'><img loading=\"lazy\" decoding=\"async\" width=\"150\" height=\"150\" src=\"https:\/\/www.ufsm.br\/app\/uploads\/sites\/268\/2019\/02\/IMG_20180301_101307525_HDR-150x150.jpg\" class=\"attachment-thumbnail size-thumbnail\" alt=\"\" \/><\/a>\n\t\t\t<\/div><\/figure><figure class='gallery-item'>\n\t\t\t<div class='gallery-icon landscape'>\n\t\t\t\t<a data-elementor-open-lightbox=\"yes\" data-elementor-lightbox-slideshow=\"4780898\" data-elementor-lightbox-title=\"IMG_20180301_102958535\" data-e-action-hash=\"#elementor-action%3Aaction%3Dlightbox%26settings%3DeyJpZCI6Mzc3LCJ1cmwiOiJodHRwczpcL1wvd3d3LnVmc20uYnJcL2FwcFwvdXBsb2Fkc1wvc2l0ZXNcLzI2OFwvMjAxOVwvMDJcL0lNR18yMDE4MDMwMV8xMDI5NTg1MzUuanBnIiwic2xpZGVzaG93IjoiNDc4MDg5OCJ9\" href='https:\/\/www.ufsm.br\/app\/uploads\/sites\/268\/2019\/02\/IMG_20180301_102958535.jpg'><img loading=\"lazy\" decoding=\"async\" width=\"150\" height=\"150\" src=\"https:\/\/www.ufsm.br\/app\/uploads\/sites\/268\/2019\/02\/IMG_20180301_102958535-150x150.jpg\" class=\"attachment-thumbnail size-thumbnail\" alt=\"\" \/><\/a>\n\t\t\t<\/div><\/figure><figure class='gallery-item'>\n\t\t\t<div class='gallery-icon landscape'>\n\t\t\t\t<a data-elementor-open-lightbox=\"yes\" data-elementor-lightbox-slideshow=\"4780898\" data-elementor-lightbox-title=\"IMG_20180302_144632960\" data-e-action-hash=\"#elementor-action%3Aaction%3Dlightbox%26settings%3DeyJpZCI6Mzc5LCJ1cmwiOiJodHRwczpcL1wvd3d3LnVmc20uYnJcL2FwcFwvdXBsb2Fkc1wvc2l0ZXNcLzI2OFwvMjAxOVwvMDJcL0lNR18yMDE4MDMwMl8xNDQ2MzI5NjAuanBnIiwic2xpZGVzaG93IjoiNDc4MDg5OCJ9\" href='https:\/\/www.ufsm.br\/app\/uploads\/sites\/268\/2019\/02\/IMG_20180302_144632960.jpg'><img loading=\"lazy\" decoding=\"async\" width=\"150\" height=\"150\" src=\"https:\/\/www.ufsm.br\/app\/uploads\/sites\/268\/2019\/02\/IMG_20180302_144632960-150x150.jpg\" class=\"attachment-thumbnail size-thumbnail\" alt=\"\" \/><\/a>\n\t\t\t<\/div><\/figure><figure class='gallery-item'>\n\t\t\t<div class='gallery-icon landscape'>\n\t\t\t\t<a data-elementor-open-lightbox=\"yes\" data-elementor-lightbox-slideshow=\"4780898\" data-elementor-lightbox-title=\"IMG_20180302_145633117\" data-e-action-hash=\"#elementor-action%3Aaction%3Dlightbox%26settings%3DeyJpZCI6MzgxLCJ1cmwiOiJodHRwczpcL1wvd3d3LnVmc20uYnJcL2FwcFwvdXBsb2Fkc1wvc2l0ZXNcLzI2OFwvMjAxOVwvMDJcL0lNR18yMDE4MDMwMl8xNDU2MzMxMTcuanBnIiwic2xpZGVzaG93IjoiNDc4MDg5OCJ9\" href='https:\/\/www.ufsm.br\/app\/uploads\/sites\/268\/2019\/02\/IMG_20180302_145633117.jpg'><img loading=\"lazy\" decoding=\"async\" width=\"150\" height=\"150\" src=\"https:\/\/www.ufsm.br\/app\/uploads\/sites\/268\/2019\/02\/IMG_20180302_145633117-150x150.jpg\" class=\"attachment-thumbnail size-thumbnail\" alt=\"\" \/><\/a>\n\t\t\t<\/div><\/figure><figure class='gallery-item'>\n\t\t\t<div class='gallery-icon landscape'>\n\t\t\t\t<a data-elementor-open-lightbox=\"yes\" data-elementor-lightbox-slideshow=\"4780898\" data-elementor-lightbox-title=\"IMG_20180302_150244063_HDR\" data-e-action-hash=\"#elementor-action%3Aaction%3Dlightbox%26settings%3DeyJpZCI6MzgyLCJ1cmwiOiJodHRwczpcL1wvd3d3LnVmc20uYnJcL2FwcFwvdXBsb2Fkc1wvc2l0ZXNcLzI2OFwvMjAxOVwvMDJcL0lNR18yMDE4MDMwMl8xNTAyNDQwNjNfSERSLmpwZyIsInNsaWRlc2hvdyI6IjQ3ODA4OTgifQ%3D%3D\" href='https:\/\/www.ufsm.br\/app\/uploads\/sites\/268\/2019\/02\/IMG_20180302_150244063_HDR.jpg'><img loading=\"lazy\" decoding=\"async\" width=\"150\" height=\"150\" src=\"https:\/\/www.ufsm.br\/app\/uploads\/sites\/268\/2019\/02\/IMG_20180302_150244063_HDR-150x150.jpg\" class=\"attachment-thumbnail size-thumbnail\" alt=\"\" \/><\/a>\n\t\t\t<\/div><\/figure><figure class='gallery-item'>\n\t\t\t<div class='gallery-icon landscape'>\n\t\t\t\t<a data-elementor-open-lightbox=\"yes\" data-elementor-lightbox-slideshow=\"4780898\" data-elementor-lightbox-title=\"IMG_20180302_150819387\" data-e-action-hash=\"#elementor-action%3Aaction%3Dlightbox%26settings%3DeyJpZCI6MzgzLCJ1cmwiOiJodHRwczpcL1wvd3d3LnVmc20uYnJcL2FwcFwvdXBsb2Fkc1wvc2l0ZXNcLzI2OFwvMjAxOVwvMDJcL0lNR18yMDE4MDMwMl8xNTA4MTkzODcuanBnIiwic2xpZGVzaG93IjoiNDc4MDg5OCJ9\" href='https:\/\/www.ufsm.br\/app\/uploads\/sites\/268\/2019\/02\/IMG_20180302_150819387.jpg'><img loading=\"lazy\" decoding=\"async\" width=\"150\" height=\"150\" src=\"https:\/\/www.ufsm.br\/app\/uploads\/sites\/268\/2019\/02\/IMG_20180302_150819387-150x150.jpg\" class=\"attachment-thumbnail size-thumbnail\" alt=\"\" \/><\/a>\n\t\t\t<\/div><\/figure><figure class='gallery-item'>\n\t\t\t<div class='gallery-icon portrait'>\n\t\t\t\t<a data-elementor-open-lightbox=\"yes\" data-elementor-lightbox-slideshow=\"4780898\" data-elementor-lightbox-title=\"IMG-20180303-WA0092\" data-e-action-hash=\"#elementor-action%3Aaction%3Dlightbox%26settings%3DeyJpZCI6MzkzLCJ1cmwiOiJodHRwczpcL1wvd3d3LnVmc20uYnJcL2FwcFwvdXBsb2Fkc1wvc2l0ZXNcLzI2OFwvMjAxOVwvMDJcL0lNRy0yMDE4MDMwMy1XQTAwOTIuanBnIiwic2xpZGVzaG93IjoiNDc4MDg5OCJ9\" href='https:\/\/www.ufsm.br\/app\/uploads\/sites\/268\/2019\/02\/IMG-20180303-WA0092.jpg'><img loading=\"lazy\" decoding=\"async\" width=\"150\" height=\"150\" src=\"https:\/\/www.ufsm.br\/app\/uploads\/sites\/268\/2019\/02\/IMG-20180303-WA0092-150x150.jpg\" class=\"attachment-thumbnail size-thumbnail\" alt=\"\" \/><\/a>\n\t\t\t<\/div><\/figure><figure class='gallery-item'>\n\t\t\t<div class='gallery-icon landscape'>\n\t\t\t\t<a data-elementor-open-lightbox=\"yes\" data-elementor-lightbox-slideshow=\"4780898\" data-elementor-lightbox-title=\"IMG-20180301-WA0012\" data-e-action-hash=\"#elementor-action%3Aaction%3Dlightbox%26settings%3DeyJpZCI6Mzg0LCJ1cmwiOiJodHRwczpcL1wvd3d3LnVmc20uYnJcL2FwcFwvdXBsb2Fkc1wvc2l0ZXNcLzI2OFwvMjAxOVwvMDJcL0lNRy0yMDE4MDMwMS1XQTAwMTIuanBnIiwic2xpZGVzaG93IjoiNDc4MDg5OCJ9\" href='https:\/\/www.ufsm.br\/app\/uploads\/sites\/268\/2019\/02\/IMG-20180301-WA0012.jpg'><img loading=\"lazy\" decoding=\"async\" width=\"150\" height=\"150\" src=\"https:\/\/www.ufsm.br\/app\/uploads\/sites\/268\/2019\/02\/IMG-20180301-WA0012-150x150.jpg\" class=\"attachment-thumbnail size-thumbnail\" alt=\"\" \/><\/a>\n\t\t\t<\/div><\/figure>\n\t\t<\/div>\n\t\t<\/div>\n\t\t\t\t<\/div>\n\t\t\t\t<\/div>\n\t\t\t\t\t<\/div>\n\t\t<\/div>\n\t\t\t\t\t<\/div>\n\t\t<\/section>\n\t\t\t\t<\/div>\n\t\t","protected":false},"excerpt":{"rendered":"","protected":false},"author":407,"featured_media":0,"parent":0,"menu_order":0,"comment_status":"closed","ping_status":"closed","template":"","meta":{"footnotes":""},"categories":[],"tags":[],"class_list":["post-371","page","type-page","status-publish","hentry"],"acf":[],"_links":{"self":[{"href":"https:\/\/www.ufsm.br\/cursos\/graduacao\/cachoeira-do-sul\/engenharia-eletrica\/wp-json\/wp\/v2\/pages\/371","targetHints":{"allow":["GET"]}}],"collection":[{"href":"https:\/\/www.ufsm.br\/cursos\/graduacao\/cachoeira-do-sul\/engenharia-eletrica\/wp-json\/wp\/v2\/pages"}],"about":[{"href":"https:\/\/www.ufsm.br\/cursos\/graduacao\/cachoeira-do-sul\/engenharia-eletrica\/wp-json\/wp\/v2\/types\/page"}],"author":[{"embeddable":true,"href":"https:\/\/www.ufsm.br\/cursos\/graduacao\/cachoeira-do-sul\/engenharia-eletrica\/wp-json\/wp\/v2\/users\/407"}],"replies":[{"embeddable":true,"href":"https:\/\/www.ufsm.br\/cursos\/graduacao\/cachoeira-do-sul\/engenharia-eletrica\/wp-json\/wp\/v2\/comments?post=371"}],"version-history":[{"count":0,"href":"https:\/\/www.ufsm.br\/cursos\/graduacao\/cachoeira-do-sul\/engenharia-eletrica\/wp-json\/wp\/v2\/pages\/371\/revisions"}],"wp:attachment":[{"href":"https:\/\/www.ufsm.br\/cursos\/graduacao\/cachoeira-do-sul\/engenharia-eletrica\/wp-json\/wp\/v2\/media?parent=371"}],"wp:term":[{"taxonomy":"category","embeddable":true,"href":"https:\/\/www.ufsm.br\/cursos\/graduacao\/cachoeira-do-sul\/engenharia-eletrica\/wp-json\/wp\/v2\/categories?post=371"},{"taxonomy":"post_tag","embeddable":true,"href":"https:\/\/www.ufsm.br\/cursos\/graduacao\/cachoeira-do-sul\/engenharia-eletrica\/wp-json\/wp\/v2\/tags?post=371"}],"curies":[{"name":"wp","href":"https:\/\/api.w.org\/{rel}","templated":true}]}}