{"id":217,"date":"2019-04-15T12:00:28","date_gmt":"2019-04-15T15:00:28","guid":{"rendered":"https:\/\/www.ufsm.br\/cursos\/graduacao\/educacao-a-distancia\/geografia\/?page_id=217"},"modified":"2022-09-19T10:22:35","modified_gmt":"2022-09-19T13:22:35","slug":"cronograma-de-atividades-2019","status":"publish","type":"page","link":"https:\/\/www.ufsm.br\/cursos\/graduacao\/educacao-a-distancia\/geografia\/cronograma-de-atividades-2019","title":{"rendered":"Cronograma de Atividades 2022"},"content":{"rendered":"\t\t<div data-elementor-type=\"wp-post\" data-elementor-id=\"217\" class=\"elementor elementor-217\">\n\t\t\t\t\t\t<section class=\"elementor-section elementor-top-section elementor-element elementor-element-b187876 elementor-section-boxed elementor-section-height-default elementor-section-height-default\" data-id=\"b187876\" data-element_type=\"section\">\n\t\t\t\t\t\t<div class=\"elementor-container elementor-column-gap-default\">\n\t\t\t\t\t<div class=\"elementor-column elementor-col-100 elementor-top-column elementor-element elementor-element-969648e\" data-id=\"969648e\" data-element_type=\"column\">\n\t\t\t<div class=\"elementor-widget-wrap elementor-element-populated\">\n\t\t\t\t\t\t<div class=\"elementor-element elementor-element-ec2ea77 elementor-widget elementor-widget-text-editor\" data-id=\"ec2ea77\" data-element_type=\"widget\" data-widget_type=\"text-editor.default\">\n\t\t\t\t<div class=\"elementor-widget-container\">\n\t\t\t\t\t\t\t<p>Durante o segundo semestre de 2022 o Curso de Licenciatura em Geografia oferece as disciplinas do 1\u00ba semestre.<\/p>\t\t\t\t\t\t<\/div>\n\t\t\t\t<\/div>\n\t\t\t\t<div class=\"elementor-element elementor-element-6b84949 elementor-widget elementor-widget-toggle\" data-id=\"6b84949\" data-element_type=\"widget\" data-widget_type=\"toggle.default\">\n\t\t\t\t<div class=\"elementor-widget-container\">\n\t\t\t\t\t<div class=\"elementor-toggle\">\n\t\t\t\t\t\t\t<div class=\"elementor-toggle-item\">\n\t\t\t\t\t<div id=\"elementor-tab-title-1121\" class=\"elementor-tab-title\" data-tab=\"1\" role=\"button\" aria-controls=\"elementor-tab-content-1121\" aria-expanded=\"false\">\n\t\t\t\t\t\t\t\t\t\t\t\t<span class=\"elementor-toggle-icon elementor-toggle-icon-left\" aria-hidden=\"true\">\n\t\t\t\t\t\t\t\t\t\t\t\t\t\t\t<span class=\"elementor-toggle-icon-closed\"><i class=\"fas fa-caret-right\"><\/i><\/span>\n\t\t\t\t\t\t\t\t<span class=\"elementor-toggle-icon-opened\"><i class=\"elementor-toggle-icon-opened fas fa-caret-up\"><\/i><\/span>\n\t\t\t\t\t\t\t\t\t\t\t\t\t<\/span>\n\t\t\t\t\t\t\t\t\t\t\t\t<a class=\"elementor-toggle-title\" tabindex=\"0\">Setembro<\/a>\n\t\t\t\t\t<\/div>\n\n\t\t\t\t\t<div id=\"elementor-tab-content-1121\" class=\"elementor-tab-content elementor-clearfix\" data-tab=\"1\" role=\"region\" aria-labelledby=\"elementor-tab-title-1121\"><ul><li><span style=\"color: #000000\">In\u00edcio das aulas do 1\u00ba semestre &#8211; 26\/09\/22<\/span><br \/><br \/><ul><li>Disciplinas:<ul><li>Instrumentaliza\u00e7\u00e3o para o Acesso a Informa\u00e7\u00e3o \u201cA\u201d;<\/li><li>Historiografia do Pensamento Geogr\u00e1fico;<\/li><li>Geografia da Popula\u00e7\u00e3o;<\/li><li>Geologia;<\/li><li>Cartografia I;<\/li><li>Oficina Pedag\u00f3gica em Geografia I.<\/li><\/ul><\/li><\/ul><\/li><\/ul><p>\u00a0<\/p><ul><li><strong><span style=\"color: #000000\">Encontro Via Google Meet (a dist\u00e2ncia) &#8211; Polo de Sarandi &#8211; Disciplina de Instrumentaliza\u00e7\u00e3o para o Acesso a Informa\u00e7\u00e3o \u201cA\u201d &#8211; 28\/09<\/span><\/strong><\/li><\/ul><\/div>\n\t\t\t\t<\/div>\n\t\t\t\t\t\t\t<div class=\"elementor-toggle-item\">\n\t\t\t\t\t<div id=\"elementor-tab-title-1122\" class=\"elementor-tab-title\" data-tab=\"2\" role=\"button\" aria-controls=\"elementor-tab-content-1122\" aria-expanded=\"false\">\n\t\t\t\t\t\t\t\t\t\t\t\t<span class=\"elementor-toggle-icon elementor-toggle-icon-left\" aria-hidden=\"true\">\n\t\t\t\t\t\t\t\t\t\t\t\t\t\t\t<span class=\"elementor-toggle-icon-closed\"><i class=\"fas fa-caret-right\"><\/i><\/span>\n\t\t\t\t\t\t\t\t<span class=\"elementor-toggle-icon-opened\"><i class=\"elementor-toggle-icon-opened fas fa-caret-up\"><\/i><\/span>\n\t\t\t\t\t\t\t\t\t\t\t\t\t<\/span>\n\t\t\t\t\t\t\t\t\t\t\t\t<a class=\"elementor-toggle-title\" tabindex=\"0\">Outubro<\/a>\n\t\t\t\t\t<\/div>\n\n\t\t\t\t\t<div id=\"elementor-tab-content-1122\" class=\"elementor-tab-content elementor-clearfix\" data-tab=\"2\" role=\"region\" aria-labelledby=\"elementor-tab-title-1122\"><ul><li><strong><span style=\"color: #000000\">Encontro Presencial &#8211; Polo de Herval &#8211; Disciplinas de Geografia da Popula\u00e7\u00e3o e Historiografia do Pensamento Geogr\u00e1fico &#8211; 01\/10<\/span><\/strong><\/li><li><strong><span style=\"color: #000000\">Encontro Presencial &#8211; Polo de Cruz Alta &#8211; Instrumentaliza\u00e7\u00e3o para o Acesso a Informa\u00e7\u00e3o \u201cA\u201d &#8211; 08\/10 (Manh\u00e3)<\/span><\/strong><\/li><li><strong><span style=\"color: #000000\">Encontro Presencial &#8211; Polo de Jacuizinho &#8211; Instrumentaliza\u00e7\u00e3o para o Acesso a Informa\u00e7\u00e3o \u201cA\u201d &#8211; 08\/10 (Tarde)<\/span><\/strong><\/li><\/ul><\/div>\n\t\t\t\t<\/div>\n\t\t\t\t\t\t\t<div class=\"elementor-toggle-item\">\n\t\t\t\t\t<div id=\"elementor-tab-title-1123\" class=\"elementor-tab-title\" data-tab=\"3\" role=\"button\" aria-controls=\"elementor-tab-content-1123\" aria-expanded=\"false\">\n\t\t\t\t\t\t\t\t\t\t\t\t<span class=\"elementor-toggle-icon elementor-toggle-icon-left\" aria-hidden=\"true\">\n\t\t\t\t\t\t\t\t\t\t\t\t\t\t\t<span class=\"elementor-toggle-icon-closed\"><i class=\"fas fa-caret-right\"><\/i><\/span>\n\t\t\t\t\t\t\t\t<span class=\"elementor-toggle-icon-opened\"><i class=\"elementor-toggle-icon-opened fas fa-caret-up\"><\/i><\/span>\n\t\t\t\t\t\t\t\t\t\t\t\t\t<\/span>\n\t\t\t\t\t\t\t\t\t\t\t\t<a class=\"elementor-toggle-title\" tabindex=\"0\">Novembro<\/a>\n\t\t\t\t\t<\/div>\n\n\t\t\t\t\t<div id=\"elementor-tab-content-1123\" class=\"elementor-tab-content elementor-clearfix\" data-tab=\"3\" role=\"region\" aria-labelledby=\"elementor-tab-title-1123\"><ul><li><strong><span style=\"color: #000000\">Encontro Presencial &#8211; Polo de Cruz Alta &#8211; Disciplinas de Geografia da Popula\u00e7\u00e3o e Historiografia do Pensamento Geogr\u00e1fico &#8211; 18\/11 (Noite)<\/span><\/strong><\/li><li><strong><span style=\"color: #000000\">Encontro Presencial &#8211; Polo de Jacuizinho &#8211; Disciplinas de Geografia da Popula\u00e7\u00e3o e Historiografia do Pensamento Geogr\u00e1fico &#8211; 19\/11 (Manh\u00e3)<\/span><\/strong><\/li><li><strong><span style=\"color: #000000\">Encontro Presencial &#8211; Polo de Sarandi &#8211; Disciplinas de Geografia da Popula\u00e7\u00e3o e Historiografia do Pensamento Geogr\u00e1fico &#8211; 19\/11 (Tarde &#8211; 16:00)<\/span><\/strong><\/li><li><strong><span style=\"color: #000000\">Encontro Presencial &#8211; Polo de Ros\u00e1rio do Sul &#8211; Instrumentaliza\u00e7\u00e3o para o Acesso a Informa\u00e7\u00e3o\/EAD<br \/>\u201cA\u201d &#8211; 18\/11 (Noite)<\/span><\/strong><\/li><li><strong><span style=\"color: #000000\">Encontro Presencial &#8211; Polo de Herval &#8211; Instrumentaliza\u00e7\u00e3o para o Acesso a Informa\u00e7\u00e3o\/EAD<br \/>\u201cA\u201d &#8211; 19\/11 (Manh\u00e3)<\/span><\/strong><\/li><li><strong><span style=\"color: #000000\">Encontro Presencial &#8211; Polo de Ros\u00e1rio do Sul &#8211; Disciplinas de Geografia da Popula\u00e7\u00e3o e Historiografia do Pensamento Geogr\u00e1fico &#8211; 26\/11 (Manh\u00e3)<\/span><\/strong><\/li><\/ul><p>\u00a0<\/p><p>\u00a0<\/p><p>\u00a0<\/p><\/div>\n\t\t\t\t<\/div>\n\t\t\t\t\t\t\t<div class=\"elementor-toggle-item\">\n\t\t\t\t\t<div id=\"elementor-tab-title-1124\" class=\"elementor-tab-title\" data-tab=\"4\" role=\"button\" aria-controls=\"elementor-tab-content-1124\" aria-expanded=\"false\">\n\t\t\t\t\t\t\t\t\t\t\t\t<span class=\"elementor-toggle-icon elementor-toggle-icon-left\" aria-hidden=\"true\">\n\t\t\t\t\t\t\t\t\t\t\t\t\t\t\t<span class=\"elementor-toggle-icon-closed\"><i class=\"fas fa-caret-right\"><\/i><\/span>\n\t\t\t\t\t\t\t\t<span class=\"elementor-toggle-icon-opened\"><i class=\"elementor-toggle-icon-opened fas fa-caret-up\"><\/i><\/span>\n\t\t\t\t\t\t\t\t\t\t\t\t\t<\/span>\n\t\t\t\t\t\t\t\t\t\t\t\t<a class=\"elementor-toggle-title\" tabindex=\"0\">Dezembro<\/a>\n\t\t\t\t\t<\/div>\n\n\t\t\t\t\t<div id=\"elementor-tab-content-1124\" class=\"elementor-tab-content elementor-clearfix\" data-tab=\"4\" role=\"region\" aria-labelledby=\"elementor-tab-title-1124\"><ul><li><strong><span style=\"color: #000000\">Encontro Presencial &#8211; Polo de Santo Ant\u00f4nio da Patrulha &#8211; Disciplinas de Geografia da Popula\u00e7\u00e3o e Historiografia do Pensamento Geogr\u00e1fico &#8211; 10\/12 (Manh\u00e3)<\/span><\/strong><\/li><li>\u00a0<\/li><li><strong><span style=\"color: #000000\">Encontro Presencial &#8211; Polo de Santo Ant\u00f4nio da Patrulha &#8211; Disciplina de Instrumentaliza\u00e7\u00e3o para o Acesso a Informa\u00e7\u00e3o<br \/>\u201cA\u201d &#8211; 17\/12 (Noite)<\/span><\/strong><\/li><\/ul><\/div>\n\t\t\t\t<\/div>\n\t\t\t\t\t\t\t<div class=\"elementor-toggle-item\">\n\t\t\t\t\t<div id=\"elementor-tab-title-1125\" class=\"elementor-tab-title\" data-tab=\"5\" role=\"button\" aria-controls=\"elementor-tab-content-1125\" aria-expanded=\"false\">\n\t\t\t\t\t\t\t\t\t\t\t\t<span class=\"elementor-toggle-icon elementor-toggle-icon-left\" aria-hidden=\"true\">\n\t\t\t\t\t\t\t\t\t\t\t\t\t\t\t<span class=\"elementor-toggle-icon-closed\"><i class=\"fas fa-caret-right\"><\/i><\/span>\n\t\t\t\t\t\t\t\t<span class=\"elementor-toggle-icon-opened\"><i class=\"elementor-toggle-icon-opened fas fa-caret-up\"><\/i><\/span>\n\t\t\t\t\t\t\t\t\t\t\t\t\t<\/span>\n\t\t\t\t\t\t\t\t\t\t\t\t<a class=\"elementor-toggle-title\" tabindex=\"0\">Janeiro<\/a>\n\t\t\t\t\t<\/div>\n\n\t\t\t\t\t<div id=\"elementor-tab-content-1125\" class=\"elementor-tab-content elementor-clearfix\" data-tab=\"5\" role=\"region\" aria-labelledby=\"elementor-tab-title-1125\"><p>AVALIA\u00c7\u00d5ES PRESENCIAIS NOS POLOS:<\/p><p><strong>14\/01\/2023:<\/strong><\/p><p>&#8211; EAD1982 Cartografia I.<\/p><p>&#8211; EAD1979 Historiografia do pensamento geogr\u00e1fico.<\/p><p>&#8211; EAD1981 Geologia.<\/p><p>\u00a0<\/p><p><strong>21\/01\/2023:<\/strong><\/p><p>&#8211; EAD1980 Geografia da popula\u00e7\u00e3o.<\/p><p>&#8211; EAD1978 Instrumentaliza\u00e7\u00e3o para o acesso a informa\u00e7\u00e3o A.<\/p><p>&#8211; EAD2004 Oficina pedag\u00f3gica em Geografia I.<\/p><\/div>\n\t\t\t\t<\/div>\n\t\t\t\t\t\t\t<div class=\"elementor-toggle-item\">\n\t\t\t\t\t<div id=\"elementor-tab-title-1126\" class=\"elementor-tab-title\" data-tab=\"6\" role=\"button\" aria-controls=\"elementor-tab-content-1126\" aria-expanded=\"false\">\n\t\t\t\t\t\t\t\t\t\t\t\t<span class=\"elementor-toggle-icon elementor-toggle-icon-left\" aria-hidden=\"true\">\n\t\t\t\t\t\t\t\t\t\t\t\t\t\t\t<span class=\"elementor-toggle-icon-closed\"><i class=\"fas fa-caret-right\"><\/i><\/span>\n\t\t\t\t\t\t\t\t<span class=\"elementor-toggle-icon-opened\"><i class=\"elementor-toggle-icon-opened fas fa-caret-up\"><\/i><\/span>\n\t\t\t\t\t\t\t\t\t\t\t\t\t<\/span>\n\t\t\t\t\t\t\t\t\t\t\t\t<a class=\"elementor-toggle-title\" tabindex=\"0\">Fevereiro<\/a>\n\t\t\t\t\t<\/div>\n\n\t\t\t\t\t<div id=\"elementor-tab-content-1126\" class=\"elementor-tab-content elementor-clearfix\" data-tab=\"6\" role=\"region\" aria-labelledby=\"elementor-tab-title-1126\"><p><strong><u>Avalia\u00e7\u00f5es Finais (EXAMES) do 2\u00ba Semestre &#8211; 11\/02\/2022<\/u><\/strong><\/p><\/div>\n\t\t\t\t<\/div>\n\t\t\t\t\t\t\t\t<\/div>\n\t\t\t\t<\/div>\n\t\t\t\t<\/div>\n\t\t\t\t\t<\/div>\n\t\t<\/div>\n\t\t\t\t\t<\/div>\n\t\t<\/section>\n\t\t\t\t<\/div>\n\t\t","protected":false},"excerpt":{"rendered":"<p>Durante o segundo semestre de 2022 o Curso de Licenciatura em Geografia oferece as disciplinas do 1\u00ba semestre. Setembro In\u00edcio das aulas do 1\u00ba semestre \u2013 26\/09\/22 Disciplinas: Instrumentaliza\u00e7\u00e3o para o Acesso a Informa\u00e7\u00e3o \u201cA\u201d; Historiografia do Pensamento Geogr\u00e1fico; Geografia da Popula\u00e7\u00e3o; Geologia; Cartografia I; Oficina Pedag\u00f3gica em Geografia I. Encontro Via Google Meet (a [&hellip;]<\/p>\n","protected":false},"author":262,"featured_media":0,"parent":0,"menu_order":0,"comment_status":"closed","ping_status":"closed","template":"","meta":{"footnotes":""},"categories":[],"tags":[],"class_list":["post-217","page","type-page","status-publish","hentry"],"acf":[],"_links":{"self":[{"href":"https:\/\/www.ufsm.br\/cursos\/graduacao\/educacao-a-distancia\/geografia\/wp-json\/wp\/v2\/pages\/217","targetHints":{"allow":["GET"]}}],"collection":[{"href":"https:\/\/www.ufsm.br\/cursos\/graduacao\/educacao-a-distancia\/geografia\/wp-json\/wp\/v2\/pages"}],"about":[{"href":"https:\/\/www.ufsm.br\/cursos\/graduacao\/educacao-a-distancia\/geografia\/wp-json\/wp\/v2\/types\/page"}],"author":[{"embeddable":true,"href":"https:\/\/www.ufsm.br\/cursos\/graduacao\/educacao-a-distancia\/geografia\/wp-json\/wp\/v2\/users\/262"}],"replies":[{"embeddable":true,"href":"https:\/\/www.ufsm.br\/cursos\/graduacao\/educacao-a-distancia\/geografia\/wp-json\/wp\/v2\/comments?post=217"}],"version-history":[{"count":0,"href":"https:\/\/www.ufsm.br\/cursos\/graduacao\/educacao-a-distancia\/geografia\/wp-json\/wp\/v2\/pages\/217\/revisions"}],"wp:attachment":[{"href":"https:\/\/www.ufsm.br\/cursos\/graduacao\/educacao-a-distancia\/geografia\/wp-json\/wp\/v2\/media?parent=217"}],"wp:term":[{"taxonomy":"category","embeddable":true,"href":"https:\/\/www.ufsm.br\/cursos\/graduacao\/educacao-a-distancia\/geografia\/wp-json\/wp\/v2\/categories?post=217"},{"taxonomy":"post_tag","embeddable":true,"href":"https:\/\/www.ufsm.br\/cursos\/graduacao\/educacao-a-distancia\/geografia\/wp-json\/wp\/v2\/tags?post=217"}],"curies":[{"name":"wp","href":"https:\/\/api.w.org\/{rel}","templated":true}]}}