{"id":236,"date":"2019-05-03T09:18:48","date_gmt":"2019-05-03T12:18:48","guid":{"rendered":"https:\/\/www.ufsm.br\/cursos\/graduacao\/educacao-a-distancia\/geografia\/?page_id=236"},"modified":"2022-09-15T12:05:41","modified_gmt":"2022-09-15T15:05:41","slug":"nucleo-docente-estruturante","status":"publish","type":"page","link":"https:\/\/www.ufsm.br\/cursos\/graduacao\/educacao-a-distancia\/geografia\/nucleo-docente-estruturante","title":{"rendered":"N\u00facleo Docente Estruturante"},"content":{"rendered":"\n<p>O NDE (N\u00facleo Docente Estruturante) \u00e9 respons\u00e1vel pela concep\u00e7\u00e3o, acompanhamento, consolida\u00e7\u00e3o e avalia\u00e7\u00e3o do projeto pedag\u00f3gico do curso. Ele tem car\u00e1ter consultivo e propositivo em mat\u00e9ria acad\u00eamica.<\/p>\n<p>A<a href=\"https:\/\/portal.ufsm.br\/documentos\/publico\/documento.html?id=8807737\" target=\"_blank\" rel=\"noopener noreferrer\"> Resolu\u00e7\u00e3o UFSM 031\/2017<\/a> institui o NDE e estabelece suas normas de funcionamento.<\/p>\n<p>Atualmente, o NDE do curso de Geografia &#8211; EaD \u00e9 constitu\u00eddo pelos seguintes membros (<a href=\"https:\/\/www.ufsm.br\/cursos\/graduacao\/educacao-a-distancia\/geografia\/wp-content\/uploads\/sites\/632\/2019\/05\/NDE44_2018.pdf\">Portaria N. 068 de maio de 2018<\/a>):<\/p>\n<ul>\n<li>Prof. Valmir Viera<\/li>\n<li>Prof. Mauro Kumpfer Werlang<\/li>\n<li>Prof. Waterloo Pereira Filho<\/li>\n<li>Prof. Leonice Aparecida de F\u00e1tima A. P. Mourad<\/li>\n<\/ul>\n","protected":false},"excerpt":{"rendered":"<p>O NDE (N\u00facleo Docente Estruturante) \u00e9 respons\u00e1vel pela concep\u00e7\u00e3o, acompanhamento, consolida\u00e7\u00e3o e avalia\u00e7\u00e3o do projeto pedag\u00f3gico do curso. Ele tem car\u00e1ter consultivo e propositivo em mat\u00e9ria acad\u00eamica. A Resolu\u00e7\u00e3o UFSM 031\/2017 institui o NDE e estabelece suas normas de funcionamento. Atualmente, o NDE do curso de Geografia &#8211; EaD \u00e9 constitu\u00eddo pelos seguintes membros (Portaria [&hellip;]<\/p>\n","protected":false},"author":262,"featured_media":0,"parent":0,"menu_order":0,"comment_status":"closed","ping_status":"closed","template":"","meta":{"footnotes":""},"categories":[],"tags":[],"class_list":["post-236","page","type-page","status-publish","hentry"],"acf":[],"_links":{"self":[{"href":"https:\/\/www.ufsm.br\/cursos\/graduacao\/educacao-a-distancia\/geografia\/wp-json\/wp\/v2\/pages\/236","targetHints":{"allow":["GET"]}}],"collection":[{"href":"https:\/\/www.ufsm.br\/cursos\/graduacao\/educacao-a-distancia\/geografia\/wp-json\/wp\/v2\/pages"}],"about":[{"href":"https:\/\/www.ufsm.br\/cursos\/graduacao\/educacao-a-distancia\/geografia\/wp-json\/wp\/v2\/types\/page"}],"author":[{"embeddable":true,"href":"https:\/\/www.ufsm.br\/cursos\/graduacao\/educacao-a-distancia\/geografia\/wp-json\/wp\/v2\/users\/262"}],"replies":[{"embeddable":true,"href":"https:\/\/www.ufsm.br\/cursos\/graduacao\/educacao-a-distancia\/geografia\/wp-json\/wp\/v2\/comments?post=236"}],"version-history":[{"count":0,"href":"https:\/\/www.ufsm.br\/cursos\/graduacao\/educacao-a-distancia\/geografia\/wp-json\/wp\/v2\/pages\/236\/revisions"}],"wp:attachment":[{"href":"https:\/\/www.ufsm.br\/cursos\/graduacao\/educacao-a-distancia\/geografia\/wp-json\/wp\/v2\/media?parent=236"}],"wp:term":[{"taxonomy":"category","embeddable":true,"href":"https:\/\/www.ufsm.br\/cursos\/graduacao\/educacao-a-distancia\/geografia\/wp-json\/wp\/v2\/categories?post=236"},{"taxonomy":"post_tag","embeddable":true,"href":"https:\/\/www.ufsm.br\/cursos\/graduacao\/educacao-a-distancia\/geografia\/wp-json\/wp\/v2\/tags?post=236"}],"curies":[{"name":"wp","href":"https:\/\/api.w.org\/{rel}","templated":true}]}}