{"id":300,"date":"2025-05-19T11:13:42","date_gmt":"2025-05-19T14:13:42","guid":{"rendered":"https:\/\/www.ufsm.br\/cursos\/graduacao\/educacao-a-distancia\/letras-espanhol\/?page_id=300"},"modified":"2025-05-19T12:39:38","modified_gmt":"2025-05-19T15:39:38","slug":"colegiado","status":"publish","type":"page","link":"https:\/\/www.ufsm.br\/cursos\/graduacao\/educacao-a-distancia\/letras-espanhol\/colegiado","title":{"rendered":"Colegiado"},"content":{"rendered":"\n<p>Prof<sup>a<\/sup>. Dr<sup>a<\/sup>. Ivani Cristina Brito Fernandes (presidenta)<\/p>\n<div class=\"page\" title=\"Page 1\">\n<div class=\"layoutArea\">\n<div class=\"column\">\n<p>Prof<sup>a<\/sup>. Dr<sup>a<\/sup>. Caroline Mitidieri Selvero (representante Professor Formador)<\/p>\n<p>Prof<sup>a<\/sup>. Dr<sup>a<\/sup>. Liane Camatti (representante Professor Formador)<\/p>\n<p>Prof. Ms. Bruno Zili (representante Professor Tutor)<\/p>\n<p>Prof<sup>a<\/sup>. Dr<sup>a<\/sup>. Suzana Toniolo Linhati (representante Professor Tutor)<\/p>\n<p>Mait\u00ea \u00c1vila Oyarz\u00e1bal (representante discente &#8211; Polo Novo Hamburgo)<\/p>\n<p>Priscila R\u00fabia de Souza (representante discente &#8211; Polo Balner\u00e1rio Pinhal)\u00a0<\/p>\n<p>\u00a0<\/p>\n<\/div>\n<\/div>\n<\/div>\n","protected":false},"excerpt":{"rendered":"<p>Profa. Dra. Ivani Cristina Brito Fernandes (presidenta) Profa. Dra. Caroline Mitidieri Selvero (representante Professor Formador) Profa. Dra. Liane Camatti (representante Professor Formador) Prof. Ms. Bruno Zili (representante Professor Tutor) Profa. Dra. Suzana Toniolo Linhati (representante Professor Tutor) Mait\u00ea \u00c1vila Oyarz\u00e1bal (representante discente &#8211; Polo Novo Hamburgo) Priscila R\u00fabia de Souza (representante discente &#8211; Polo Balner\u00e1rio [&hellip;]<\/p>\n","protected":false},"author":1197,"featured_media":0,"parent":0,"menu_order":0,"comment_status":"closed","ping_status":"closed","template":"","meta":{"footnotes":""},"categories":[],"tags":[],"class_list":["post-300","page","type-page","status-publish","hentry"],"acf":[],"_links":{"self":[{"href":"https:\/\/www.ufsm.br\/cursos\/graduacao\/educacao-a-distancia\/letras-espanhol\/wp-json\/wp\/v2\/pages\/300","targetHints":{"allow":["GET"]}}],"collection":[{"href":"https:\/\/www.ufsm.br\/cursos\/graduacao\/educacao-a-distancia\/letras-espanhol\/wp-json\/wp\/v2\/pages"}],"about":[{"href":"https:\/\/www.ufsm.br\/cursos\/graduacao\/educacao-a-distancia\/letras-espanhol\/wp-json\/wp\/v2\/types\/page"}],"author":[{"embeddable":true,"href":"https:\/\/www.ufsm.br\/cursos\/graduacao\/educacao-a-distancia\/letras-espanhol\/wp-json\/wp\/v2\/users\/1197"}],"replies":[{"embeddable":true,"href":"https:\/\/www.ufsm.br\/cursos\/graduacao\/educacao-a-distancia\/letras-espanhol\/wp-json\/wp\/v2\/comments?post=300"}],"version-history":[{"count":0,"href":"https:\/\/www.ufsm.br\/cursos\/graduacao\/educacao-a-distancia\/letras-espanhol\/wp-json\/wp\/v2\/pages\/300\/revisions"}],"wp:attachment":[{"href":"https:\/\/www.ufsm.br\/cursos\/graduacao\/educacao-a-distancia\/letras-espanhol\/wp-json\/wp\/v2\/media?parent=300"}],"wp:term":[{"taxonomy":"category","embeddable":true,"href":"https:\/\/www.ufsm.br\/cursos\/graduacao\/educacao-a-distancia\/letras-espanhol\/wp-json\/wp\/v2\/categories?post=300"},{"taxonomy":"post_tag","embeddable":true,"href":"https:\/\/www.ufsm.br\/cursos\/graduacao\/educacao-a-distancia\/letras-espanhol\/wp-json\/wp\/v2\/tags?post=300"}],"curies":[{"name":"wp","href":"https:\/\/api.w.org\/{rel}","templated":true}]}}