{"id":303,"date":"2025-05-19T12:01:46","date_gmt":"2025-05-19T15:01:46","guid":{"rendered":"https:\/\/www.ufsm.br\/cursos\/graduacao\/educacao-a-distancia\/letras-espanhol\/?page_id=303"},"modified":"2025-05-19T12:18:11","modified_gmt":"2025-05-19T15:18:11","slug":"polos-de-apoio-presencial","status":"publish","type":"page","link":"https:\/\/www.ufsm.br\/cursos\/graduacao\/educacao-a-distancia\/letras-espanhol\/polos-de-apoio-presencial","title":{"rendered":"Contextualiza\u00e7\u00e3o"},"content":{"rendered":"\n<p style=\"text-align: justify\">O conjunto do localidades da atual edi\u00e7\u00e3o do curso de Licenciatura em Letras Espanhol-Literaturas (EaD), intermediada pelo F\u00f3rum Estadual de Coordenadores de Polo da UAB (FECOUAB), inst\u00e2ncia colegiada com reconhecida expertise consultiva e deliberativa, fundamenta-se em um processo criterioso que transcende a mera an\u00e1lise de indicadores socioecon\u00f4micos e ambientais.<\/p>\n<p style=\"text-align: justify\">A sele\u00e7\u00e3o dos polos para a instala\u00e7\u00e3o de cursos da UAB-UFSM \u00e9 precedida por um levantamento estadual de interesse, no qual os gestores municipais expressam as demandas espec\u00edficas de suas comunidades. No caso particular da Licenciatura em Letras Espanhol &#8211; Literaturas, a FECOUAB e a UFSM conduzem um ciclo de estudos e discuss\u00f5es aprofundadas para identificar os polos que melhor se beneficiariam da oferta do curso. Este processo avalia criticamente as demandas manifestadas, a localiza\u00e7\u00e3o geogr\u00e1fica estrat\u00e9gica e a distribui\u00e7\u00e3o do curso em diferentes regi\u00f5es do estado, buscando otimizar o impacto da forma\u00e7\u00e3o oferecida.<\/p>\n<p style=\"text-align: justify\">As regi\u00f5es contempladas nesta sele\u00e7\u00e3o compartilham caracter\u00edsticas not\u00e1veis: s\u00e3o polos de desenvolvimento econ\u00f4mico, social, educacional, cultural e tur\u00edstico em suas respectivas \u00e1reas de influ\u00eancia. Cercadas por munic\u00edpios menores, estas localidades irradiam dinamismo econ\u00f4mico e cultural, onde a profici\u00eancia na l\u00edngua espanhola e a compreens\u00e3o das culturas hispanofalantes s\u00e3o crescentemente reconhecidas como um diferencial crucial para o progresso social e econ\u00f4mico regional.<\/p>\n<p style=\"text-align: justify\">A sele\u00e7\u00e3o estrat\u00e9gica destes polos para a oferta da Licenciatura em Letras Espanhol &#8211; Literaturas na modalidade EaD pela UAB-UFSM representa uma iniciativa de grande impacto para o desenvolvimento educacional, cultural, social e econ\u00f4mico de diversas regi\u00f5es do Rio Grande do Sul. Acreditamos que a an\u00e1lise individualizada de cada munic\u00edpio, aliada \u00e0 vis\u00e3o estrat\u00e9gica do FECOUAB e da UFSM, demonstra a pertin\u00eancia e a relev\u00e2ncia desta proposta para a qualifica\u00e7\u00e3o de profissionais, o fortalecimento das identidades regionais e a promo\u00e7\u00e3o do interc\u00e2mbio cultural e econ\u00f4mico em um contexto globalizado.<\/p>\n","protected":false},"excerpt":{"rendered":"<p>O conjunto do localidades da atual edi\u00e7\u00e3o do curso de Licenciatura em Letras Espanhol-Literaturas (EaD), intermediada pelo F\u00f3rum Estadual de Coordenadores de Polo da UAB (FECOUAB), inst\u00e2ncia colegiada com reconhecida expertise consultiva e deliberativa, fundamenta-se em um processo criterioso que transcende a mera an\u00e1lise de indicadores socioecon\u00f4micos e ambientais. A sele\u00e7\u00e3o dos polos para a [&hellip;]<\/p>\n","protected":false},"author":1197,"featured_media":0,"parent":0,"menu_order":0,"comment_status":"closed","ping_status":"closed","template":"","meta":{"footnotes":""},"categories":[],"tags":[],"class_list":["post-303","page","type-page","status-publish","hentry"],"acf":[],"_links":{"self":[{"href":"https:\/\/www.ufsm.br\/cursos\/graduacao\/educacao-a-distancia\/letras-espanhol\/wp-json\/wp\/v2\/pages\/303","targetHints":{"allow":["GET"]}}],"collection":[{"href":"https:\/\/www.ufsm.br\/cursos\/graduacao\/educacao-a-distancia\/letras-espanhol\/wp-json\/wp\/v2\/pages"}],"about":[{"href":"https:\/\/www.ufsm.br\/cursos\/graduacao\/educacao-a-distancia\/letras-espanhol\/wp-json\/wp\/v2\/types\/page"}],"author":[{"embeddable":true,"href":"https:\/\/www.ufsm.br\/cursos\/graduacao\/educacao-a-distancia\/letras-espanhol\/wp-json\/wp\/v2\/users\/1197"}],"replies":[{"embeddable":true,"href":"https:\/\/www.ufsm.br\/cursos\/graduacao\/educacao-a-distancia\/letras-espanhol\/wp-json\/wp\/v2\/comments?post=303"}],"version-history":[{"count":0,"href":"https:\/\/www.ufsm.br\/cursos\/graduacao\/educacao-a-distancia\/letras-espanhol\/wp-json\/wp\/v2\/pages\/303\/revisions"}],"wp:attachment":[{"href":"https:\/\/www.ufsm.br\/cursos\/graduacao\/educacao-a-distancia\/letras-espanhol\/wp-json\/wp\/v2\/media?parent=303"}],"wp:term":[{"taxonomy":"category","embeddable":true,"href":"https:\/\/www.ufsm.br\/cursos\/graduacao\/educacao-a-distancia\/letras-espanhol\/wp-json\/wp\/v2\/categories?post=303"},{"taxonomy":"post_tag","embeddable":true,"href":"https:\/\/www.ufsm.br\/cursos\/graduacao\/educacao-a-distancia\/letras-espanhol\/wp-json\/wp\/v2\/tags?post=303"}],"curies":[{"name":"wp","href":"https:\/\/api.w.org\/{rel}","templated":true}]}}