{"id":198,"date":"2019-04-08T17:23:34","date_gmt":"2019-04-08T20:23:34","guid":{"rendered":"https:\/\/www.ufsm.br\/cursos\/graduacao\/educacao-a-distancia\/pedagogia\/?page_id=198"},"modified":"2019-05-10T11:13:51","modified_gmt":"2019-05-10T14:13:51","slug":"polos-presenciais","status":"publish","type":"page","link":"https:\/\/www.ufsm.br\/cursos\/graduacao\/educacao-a-distancia\/pedagogia\/polos-presenciais","title":{"rendered":"Polos Presenciais"},"content":{"rendered":"\n<p>O <a href=\"http:\/\/www.capes.gov.br\/uab\/polos-uab\" target=\"_blank\" rel=\"noopener noreferrer\">Polo Presencial UAB<\/a> \u00e9 uma estrutura acad\u00eamica de apoio pedag\u00f3gico, tecnol\u00f3gico e administrativo para as atividades de ensino e aprendizagem dos cursos e programas de Educa\u00e7\u00e3o a Dist\u00e2ncia &#8211; EaD.\u00a0<\/p>\n<p>O curso de<strong> Pedagogia<\/strong> atualmente ocorre nos seguintes polos:<\/p>\n<ul>\n<li><a href=\"https:\/\/polos.nte.ufsm.br\/poloinfo\/1242\">Cachoeira do Sul (RS)<\/a><\/li>\n<li><a href=\"https:\/\/polos.nte.ufsm.br\/poloinfo\/1304\">Cerro Largo\u00a0(RS)<\/a><\/li>\n<li><a href=\"https:\/\/polos.nte.ufsm.br\/poloinfo\/1248\">Cruz Alta (RS)<\/a><\/li>\n<li><a href=\"https:\/\/polos.nte.ufsm.br\/poloinfo\/1250\" target=\"_blank\" rel=\"noopener noreferrer\">Encantado<\/a> (RS)<\/li>\n<li><a href=\"https:\/\/polos.nte.ufsm.br\/poloinfo\/1256\">Jacuizinho (RS)<\/a><\/li>\n<li><a href=\"https:\/\/polos.nte.ufsm.br\/poloinfo\/1260\">Novo Hamburgo (RS)<\/a><\/li>\n<li><a href=\"https:\/\/polos.nte.ufsm.br\/poloinfo\/1314\">Palmeira das Miss\u00f5es (RS)<\/a><\/li>\n<li><a href=\"https:\/\/polos.nte.ufsm.br\/poloinfo\/1262\">Panambi (RS)<\/a><\/li>\n<li><a href=\"https:\/\/polos.nte.ufsm.br\/poloinfo\/1266\">Restinga Seca (RS)<\/a><\/li>\n<li><a href=\"https:\/\/polos.nte.ufsm.br\/poloinfo\/1290\" target=\"_blank\" rel=\"noopener noreferrer\">Santana da Boa Vista<\/a> (RS)<\/li>\n<li><a href=\"https:\/\/polos.nte.ufsm.br\/poloinfo\/1270\" target=\"_blank\" rel=\"noopener noreferrer\">Santana do Livramento<\/a> (RS)<\/li>\n<li><a href=\"https:\/\/polos.nte.ufsm.br\/poloinfo\/1272\">S\u00e3o Franciso de Paula (RS)<\/a><\/li>\n<li><a href=\"https:\/\/polos.nte.ufsm.br\/poloinfo\/1298\">S\u00e3o Sep\u00e9 (RS)<\/a><\/li>\n<li><a href=\"https:\/\/polos.nte.ufsm.br\/poloinfo\/1302\">Sapucaia do Sul (RS)<\/a><\/li>\n<li><a href=\"https:\/\/polos.nte.ufsm.br\/poloinfo\/1300\">Sarandi (RS)<\/a><\/li>\n<li><a href=\"https:\/\/polos.nte.ufsm.br\/poloinfo\/1308\">Seberi (RS)<\/a><\/li>\n<li><a href=\"https:\/\/polos.nte.ufsm.br\/poloinfo\/1296\" target=\"_blank\" rel=\"noopener noreferrer\">Sobradinho<\/a> (RS)<\/li>\n<li><a href=\"https:\/\/polos.nte.ufsm.br\/poloinfo\/1312\">Tapejara (RS)<\/a><\/li>\n<li><a href=\"https:\/\/polos.nte.ufsm.br\/poloinfo\/1280\">Tio Hugo (RS)<\/a><\/li>\n<li><a href=\"https:\/\/polos.nte.ufsm.br\/poloinfo\/1282\">Tr\u00eas de Maio (RS)<\/a><\/li>\n<li><a href=\"https:\/\/polos.nte.ufsm.br\/poloinfo\/1356\">Tr\u00eas Passos (RS)<\/a><\/li>\n<\/ul>\n","protected":false},"excerpt":{"rendered":"<p>O Polo Presencial UAB \u00e9 uma estrutura acad\u00eamica de apoio pedag\u00f3gico, tecnol\u00f3gico e administrativo para as atividades de ensino e aprendizagem dos cursos e programas de Educa\u00e7\u00e3o a Dist\u00e2ncia &#8211; EaD.\u00a0 O curso de Pedagogia atualmente ocorre nos seguintes polos: Cachoeira do Sul (RS) Cerro Largo\u00a0(RS) Cruz Alta (RS) Encantado (RS) Jacuizinho (RS) Novo Hamburgo [&hellip;]<\/p>\n","protected":false},"author":262,"featured_media":0,"parent":0,"menu_order":0,"comment_status":"closed","ping_status":"closed","template":"","meta":{"footnotes":""},"categories":[],"tags":[],"class_list":["post-198","page","type-page","status-publish","hentry"],"acf":[],"_links":{"self":[{"href":"https:\/\/www.ufsm.br\/cursos\/graduacao\/educacao-a-distancia\/pedagogia\/wp-json\/wp\/v2\/pages\/198","targetHints":{"allow":["GET"]}}],"collection":[{"href":"https:\/\/www.ufsm.br\/cursos\/graduacao\/educacao-a-distancia\/pedagogia\/wp-json\/wp\/v2\/pages"}],"about":[{"href":"https:\/\/www.ufsm.br\/cursos\/graduacao\/educacao-a-distancia\/pedagogia\/wp-json\/wp\/v2\/types\/page"}],"author":[{"embeddable":true,"href":"https:\/\/www.ufsm.br\/cursos\/graduacao\/educacao-a-distancia\/pedagogia\/wp-json\/wp\/v2\/users\/262"}],"replies":[{"embeddable":true,"href":"https:\/\/www.ufsm.br\/cursos\/graduacao\/educacao-a-distancia\/pedagogia\/wp-json\/wp\/v2\/comments?post=198"}],"version-history":[{"count":0,"href":"https:\/\/www.ufsm.br\/cursos\/graduacao\/educacao-a-distancia\/pedagogia\/wp-json\/wp\/v2\/pages\/198\/revisions"}],"wp:attachment":[{"href":"https:\/\/www.ufsm.br\/cursos\/graduacao\/educacao-a-distancia\/pedagogia\/wp-json\/wp\/v2\/media?parent=198"}],"wp:term":[{"taxonomy":"category","embeddable":true,"href":"https:\/\/www.ufsm.br\/cursos\/graduacao\/educacao-a-distancia\/pedagogia\/wp-json\/wp\/v2\/categories?post=198"},{"taxonomy":"post_tag","embeddable":true,"href":"https:\/\/www.ufsm.br\/cursos\/graduacao\/educacao-a-distancia\/pedagogia\/wp-json\/wp\/v2\/tags?post=198"}],"curies":[{"name":"wp","href":"https:\/\/api.w.org\/{rel}","templated":true}]}}