{"id":265,"date":"2019-07-15T16:35:43","date_gmt":"2019-07-15T19:35:43","guid":{"rendered":"https:\/\/www.ufsm.br\/cursos\/graduacao\/educacao-a-distancia\/pedagogia\/?page_id=265"},"modified":"2019-07-15T16:35:46","modified_gmt":"2019-07-15T19:35:46","slug":"regimento-nde","status":"publish","type":"page","link":"https:\/\/www.ufsm.br\/cursos\/graduacao\/educacao-a-distancia\/pedagogia\/regimento-nde","title":{"rendered":"Regimento NDE"},"content":{"rendered":"\n<p>Minist\u00e9rio da Educa\u00e7\u00e3o<\/p>\n\n\n\n<p>Universidade Federal de Santa Maria<\/p>\n\n\n\n<p>Centro de Educa\u00e7\u00e3o<\/p>\n\n\n\n<p>Coordena\u00e7\u00e3o do Curso de Pedagogia EAD<\/p>\n\n\n\n<p>N\u00facleo Docente Estruturante \u2013 NDE<\/p>\n\n\n\n<p><strong>REGIMENTO INTERNO DO N\u00daCLEO DOCENTE ESTRUTURANTE DO CURSO DE PEDAGOGIA EAD<\/strong><\/p>\n\n\n\n<p>Regimento interno aprovado na Reuni\u00e3o do NDE do dia 08 de novembro de 2010 \u2013 Institui o funcionamento do NDE do Curso de Pedagogia EAD da UFSM<\/p>\n\n\n\n<p><strong>CAP\u00cdTULO I<\/strong><\/p>\n\n\n\n<p><strong>DAS CONSIDERA\u00c7\u00d5ES PRELIMINARES<\/strong><\/p>\n\n\n\n<p>Art.1\u00ba. O presente Regimento disciplina as atribui\u00e7\u00f5es e o funcionamento do N\u00facleo Docente Estruturante (NDE) do Curso de Pedagogia EAD da Universidade Federal de Santa Maria;<\/p>\n\n\n\n<p>Art.2\u00ba. O N\u00facleo Docente Estruturante (NDE) \u00e9 composto por um grupo de trabalho que tem como meta construir, revisar e atualizar o Projeto Pedag\u00f3gico do curso oferecendo subs\u00eddios pata a implementa\u00e7\u00e3o do mesmo observando a qualidade da forma\u00e7\u00e3o.<\/p>\n\n\n\n<p><strong>CAP\u00cdTULO II<\/strong><\/p>\n\n\n\n<p><strong>DAS ATRIBUI\u00c7\u00d5ES DO N\u00daCLEO DOCENTE ESTRUTURANTE<\/strong><\/p>\n\n\n\n<p>Art.3\u00ba. S\u00e3o atribui\u00e7\u00f5es do N\u00facleo Docente Estruturante:<\/p>\n\n\n\n<p>a)&nbsp;Elaborar e atualizar o Projeto Pedag\u00f3gico do curso subsidiando a formula\u00e7\u00e3o de concep\u00e7\u00f5es, fundamentos e metodologia de implementa\u00e7\u00e3o do curso e da forma\u00e7\u00e3o;<\/p>\n\n\n\n<p>b)&nbsp;definir e atualizar o perfil profissional da forma\u00e7\u00e3o;<\/p>\n\n\n\n<p>c)&nbsp;atualizar periodicamente o projeto pedag\u00f3gico do curso;<\/p>\n\n\n\n<p>d)&nbsp;conduzir os trabalhos de reestrutura\u00e7\u00e3o curricular, para aprova\u00e7\u00e3o no Colegiado de Curso;<\/p>\n\n\n\n<p>e)&nbsp;supervisionar as formas de avalia\u00e7\u00e3o do curso subsidiando o Colegiado do mesmo;<\/p>\n\n\n\n<p>f)&nbsp;analisar e avaliar os Planos de Ensino dos componentes curriculares;<\/p>\n\n\n\n<p>g)&nbsp;propor alternativas de integra\u00e7\u00e3o horizontal e vertical do curso, respeitando os eixos estabelecidos pelo projeto pedag\u00f3gico;<\/p>\n\n\n\n<p>h)&nbsp;acompanhar as atividades do corpo docente, recomendando ao Colegiado de Curso a indica\u00e7\u00e3o ou substitui\u00e7\u00e3o de docentes, quando necess\u00e1rio.<\/p>\n\n\n\n<p><strong>CAP\u00cdTULO III<\/strong><\/p>\n\n\n\n<p><strong>DA CONSTITUI\u00c7\u00c3O DO N\u00daCLEO DOCENTE ESTRUTURANTE<\/strong><\/p>\n\n\n\n<p>Art. 4\u00ba. O N\u00facleo Docente Estruturante ser\u00e1 constitu\u00eddo pelo:<\/p>\n\n\n\n<p>a)&nbsp;Coordenador do Curso, como seu presidente;<\/p>\n\n\n\n<p>b)&nbsp;4 (quatro) professores do corpo docente do curso, com experi\u00eancia na \u00e1rea de forma\u00e7\u00e3o e com titula\u00e7\u00e3o de mestre e doutor.<\/p>\n\n\n\n<p>Art.5\u00ba. A indica\u00e7\u00e3o dos representantes docentes ser\u00e1 feita pelo Colegiado do Curso para um mandato de 2 (dois) anos, com possibilidade de recondu\u00e7\u00e3o.<\/p>\n\n\n\n<p><strong>CAP\u00cdTULO IV<\/strong><\/p>\n\n\n\n<p><strong>DAS ATRIBUI\u00c7\u00d5ES DO PRESIDENTE DO N\u00daCLEO DOCENTE ESTRUTURANTE<\/strong><\/p>\n\n\n\n<p>Art.6\u00ba. Compete ao Presidente do N\u00facleo:<\/p>\n\n\n\n<p>a)&nbsp;convocar e presidir as reuni\u00f5es, com direito a voto, inclusive o de qualidade;<\/p>\n\n\n\n<p>b)&nbsp;representar o NDE junto aos \u00f3rg\u00e3os da institui\u00e7\u00e3o;<\/p>\n\n\n\n<p>c)&nbsp;encaminhar as delibera\u00e7\u00f5es do N\u00facleo;<\/p>\n\n\n\n<p>d)&nbsp;coordenar a integra\u00e7\u00e3o com os demais Colegiados e setores da institui\u00e7\u00e3o.<\/p>\n\n\n\n<p><strong>CAP\u00cdTULO V<\/strong><\/p>\n\n\n\n<p><strong>DAS REUNI\u00d5ES<\/strong><\/p>\n\n\n\n<p>Art.7\u00b0.&nbsp;O N\u00facleo reunir-se-\u00e1, ordinariamente, por auto-convoca\u00e7\u00e3o ou por convoca\u00e7\u00e3o do Presidente.<\/p>\n\n\n\n<p>Art 8\u00b0. As decis\u00f5es do N\u00facleo ser\u00e3o tomadas por maioria simples de votos, com base no n\u00famero de presentes.<\/p>\n\n\n\n<p>Art 9\u00ba reunido os membros do NDE ser\u00e1 designado um&nbsp;relator a ser decidida pelo N\u00facleo de um representante do corpo docente para secretariar e lavrar as atas.<\/p>\n\n\n\n<p><strong>CAP\u00cdTULO VI<\/strong><\/p>\n\n\n\n<p><strong>DAS DISPOSI\u00c7\u00d5ES FINAIS<\/strong><\/p>\n\n\n\n<p>Art 9\u00b0. Os casos omissos ser\u00e3o resolvidos pelo N\u00facleo ou \u00f3rg\u00e3o superior, de acordo com a compet\u00eancia dos mesmos.<\/p>\n\n\n\n<p>Art 10. O presente Regulamento entra em vigor ap\u00f3s aprova\u00e7\u00e3o pelo NDE do Curso de Pedagogia EAD.<\/p>\n","protected":false},"excerpt":{"rendered":"<p>Minist\u00e9rio da Educa\u00e7\u00e3o Universidade Federal de Santa Maria Centro de Educa\u00e7\u00e3o Coordena\u00e7\u00e3o do Curso de Pedagogia EAD N\u00facleo Docente Estruturante \u2013 NDE REGIMENTO INTERNO DO N\u00daCLEO DOCENTE ESTRUTURANTE DO CURSO DE PEDAGOGIA EAD Regimento interno aprovado na Reuni\u00e3o do NDE do dia 08 de novembro de 2010 \u2013 Institui o funcionamento do NDE do Curso [&hellip;]<\/p>\n","protected":false},"author":115,"featured_media":0,"parent":0,"menu_order":0,"comment_status":"closed","ping_status":"closed","template":"","meta":{"footnotes":""},"categories":[],"tags":[],"class_list":["post-265","page","type-page","status-publish","hentry"],"acf":[],"_links":{"self":[{"href":"https:\/\/www.ufsm.br\/cursos\/graduacao\/educacao-a-distancia\/pedagogia\/wp-json\/wp\/v2\/pages\/265","targetHints":{"allow":["GET"]}}],"collection":[{"href":"https:\/\/www.ufsm.br\/cursos\/graduacao\/educacao-a-distancia\/pedagogia\/wp-json\/wp\/v2\/pages"}],"about":[{"href":"https:\/\/www.ufsm.br\/cursos\/graduacao\/educacao-a-distancia\/pedagogia\/wp-json\/wp\/v2\/types\/page"}],"author":[{"embeddable":true,"href":"https:\/\/www.ufsm.br\/cursos\/graduacao\/educacao-a-distancia\/pedagogia\/wp-json\/wp\/v2\/users\/115"}],"replies":[{"embeddable":true,"href":"https:\/\/www.ufsm.br\/cursos\/graduacao\/educacao-a-distancia\/pedagogia\/wp-json\/wp\/v2\/comments?post=265"}],"version-history":[{"count":0,"href":"https:\/\/www.ufsm.br\/cursos\/graduacao\/educacao-a-distancia\/pedagogia\/wp-json\/wp\/v2\/pages\/265\/revisions"}],"wp:attachment":[{"href":"https:\/\/www.ufsm.br\/cursos\/graduacao\/educacao-a-distancia\/pedagogia\/wp-json\/wp\/v2\/media?parent=265"}],"wp:term":[{"taxonomy":"category","embeddable":true,"href":"https:\/\/www.ufsm.br\/cursos\/graduacao\/educacao-a-distancia\/pedagogia\/wp-json\/wp\/v2\/categories?post=265"},{"taxonomy":"post_tag","embeddable":true,"href":"https:\/\/www.ufsm.br\/cursos\/graduacao\/educacao-a-distancia\/pedagogia\/wp-json\/wp\/v2\/tags?post=265"}],"curies":[{"name":"wp","href":"https:\/\/api.w.org\/{rel}","templated":true}]}}