{"id":155,"date":"2018-11-20T18:06:21","date_gmt":"2018-11-20T20:06:21","guid":{"rendered":"https:\/\/www.ufsm.br\/cursos\/graduacao\/relacoes-publicas-fw\/?page_id=155"},"modified":"2025-04-21T16:48:57","modified_gmt":"2025-04-21T19:48:57","slug":"estagio-obrigatorio","status":"publish","type":"page","link":"https:\/\/www.ufsm.br\/cursos\/graduacao\/frederico-westphalen\/relacoes-publicas\/estagio-obrigatorio","title":{"rendered":"Est\u00e1gio Obrigat\u00f3rio"},"content":{"rendered":"\t\t<div data-elementor-type=\"wp-post\" data-elementor-id=\"155\" class=\"elementor elementor-155\">\n\t\t\t\t\t\t<section class=\"elementor-section elementor-top-section elementor-element elementor-element-1c8db05 elementor-section-boxed elementor-section-height-default elementor-section-height-default\" data-id=\"1c8db05\" data-element_type=\"section\">\n\t\t\t\t\t\t<div class=\"elementor-container elementor-column-gap-default\">\n\t\t\t\t\t<div class=\"elementor-column elementor-col-100 elementor-top-column elementor-element elementor-element-2f9bd993\" data-id=\"2f9bd993\" data-element_type=\"column\">\n\t\t\t<div class=\"elementor-widget-wrap elementor-element-populated\">\n\t\t\t\t\t\t<div class=\"elementor-element elementor-element-2fa7f020 elementor-widget elementor-widget-text-editor\" data-id=\"2fa7f020\" data-element_type=\"widget\" data-widget_type=\"text-editor.default\">\n\t\t\t\t<div class=\"elementor-widget-container\">\n\t\t\t\t\t\t\t<p><a href=\"https:\/\/www.ufsm.br\/app\/uploads\/sites\/330\/2024\/11\/REGULAMENTO-DO-ESTAGIO-OBRIGATORIO-RP-nov.-24.pdf\">Regulamento de est\u00e1gio obrigat\u00f3rio<\/a><\/p><p><a href=\"https:\/\/www.ufsm.br\/pro-reitorias\/prograd\/code\/estagios\/tutorial-estagio-obrigatorio\">Fluxograma de tramita\u00e7\u00e3o do processo<\/a><\/p><p><a href=\"https:\/\/www.ufsm.br\/app\/uploads\/sites\/330\/2021\/12\/Tutorial-Termos-de-Estagio-1.pdf\" target=\"_blank\" rel=\"noopener noreferrer\">Tutorial do Est\u00e1gio no PEN SIE<\/a><\/p><p><a href=\"https:\/\/www.ufsm.br\/cursos\/graduacao\/relacoes-publicas-fw\/wp-content\/uploads\/sites\/330\/2018\/11\/Ficha_avaliacao__orientador_est_gio_rp.pdf\" target=\"_blank\" rel=\"noopener noreferrer\">Ficha avalia\u00e7\u00e3o do orientador do est\u00e1gio<\/a><\/p><p><a href=\"https:\/\/www.ufsm.br\/app\/uploads\/sites\/330\/2021\/12\/Ficha-avaliac\u0327a\u0303o-supervisor-1.docx\" target=\"_blank\" rel=\"noopener\">Ficha avalia\u00e7\u00e3o do supervisor do est\u00e1gio<\/a><\/p><p><a href=\"https:\/\/www.ufsm.br\/app\/uploads\/sites\/330\/2021\/12\/autoavaliacao_estudante-3.docx\" target=\"_blank\" rel=\"noopener\">Autoavalia\u00e7\u00e3o estudante<\/a><\/p><p><a href=\"https:\/\/www.ufsm.br\/pro-reitorias\/prograd\/code\/estagios\">Link para o site sobre Est\u00e1gios &#8211; UFSM<\/a><\/p>\t\t\t\t\t\t<\/div>\n\t\t\t\t<\/div>\n\t\t\t\t\t<\/div>\n\t\t<\/div>\n\t\t\t\t\t<\/div>\n\t\t<\/section>\n\t\t\t\t<\/div>\n\t\t","protected":false},"excerpt":{"rendered":"<p>Regulamento de est\u00e1gio obrigat\u00f3rio Fluxograma de tramita\u00e7\u00e3o do processo Tutorial do Est\u00e1gio no PEN SIE Ficha avalia\u00e7\u00e3o do orientador do est\u00e1gio Ficha avalia\u00e7\u00e3o do supervisor do est\u00e1gio Autoavalia\u00e7\u00e3o estudante Link para o site sobre Est\u00e1gios &#8211; UFSM<\/p>\n","protected":false},"author":124,"featured_media":0,"parent":0,"menu_order":0,"comment_status":"closed","ping_status":"closed","template":"","meta":{"footnotes":""},"categories":[],"tags":[],"class_list":["post-155","page","type-page","status-publish","hentry"],"acf":[],"_links":{"self":[{"href":"https:\/\/www.ufsm.br\/cursos\/graduacao\/frederico-westphalen\/relacoes-publicas\/wp-json\/wp\/v2\/pages\/155","targetHints":{"allow":["GET"]}}],"collection":[{"href":"https:\/\/www.ufsm.br\/cursos\/graduacao\/frederico-westphalen\/relacoes-publicas\/wp-json\/wp\/v2\/pages"}],"about":[{"href":"https:\/\/www.ufsm.br\/cursos\/graduacao\/frederico-westphalen\/relacoes-publicas\/wp-json\/wp\/v2\/types\/page"}],"author":[{"embeddable":true,"href":"https:\/\/www.ufsm.br\/cursos\/graduacao\/frederico-westphalen\/relacoes-publicas\/wp-json\/wp\/v2\/users\/124"}],"replies":[{"embeddable":true,"href":"https:\/\/www.ufsm.br\/cursos\/graduacao\/frederico-westphalen\/relacoes-publicas\/wp-json\/wp\/v2\/comments?post=155"}],"version-history":[{"count":0,"href":"https:\/\/www.ufsm.br\/cursos\/graduacao\/frederico-westphalen\/relacoes-publicas\/wp-json\/wp\/v2\/pages\/155\/revisions"}],"wp:attachment":[{"href":"https:\/\/www.ufsm.br\/cursos\/graduacao\/frederico-westphalen\/relacoes-publicas\/wp-json\/wp\/v2\/media?parent=155"}],"wp:term":[{"taxonomy":"category","embeddable":true,"href":"https:\/\/www.ufsm.br\/cursos\/graduacao\/frederico-westphalen\/relacoes-publicas\/wp-json\/wp\/v2\/categories?post=155"},{"taxonomy":"post_tag","embeddable":true,"href":"https:\/\/www.ufsm.br\/cursos\/graduacao\/frederico-westphalen\/relacoes-publicas\/wp-json\/wp\/v2\/tags?post=155"}],"curies":[{"name":"wp","href":"https:\/\/api.w.org\/{rel}","templated":true}]}}