{"id":437,"date":"2022-01-30T11:23:02","date_gmt":"2022-01-30T14:23:02","guid":{"rendered":"https:\/\/www.ufsm.br\/cursos\/graduacao\/frederico-westphalen\/relacoes-publicas\/?page_id=437"},"modified":"2022-02-20T19:31:27","modified_gmt":"2022-02-20T22:31:27","slug":"estrutura-fisica","status":"publish","type":"page","link":"https:\/\/www.ufsm.br\/cursos\/graduacao\/frederico-westphalen\/relacoes-publicas\/estrutura-fisica","title":{"rendered":"Estrutura F\u00edsica"},"content":{"rendered":"\t\t<div data-elementor-type=\"wp-page\" data-elementor-id=\"437\" class=\"elementor elementor-437\">\n\t\t\t\t\t\t<section class=\"elementor-section elementor-top-section elementor-element elementor-element-4c3ce45 elementor-section-boxed elementor-section-height-default elementor-section-height-default\" data-id=\"4c3ce45\" data-element_type=\"section\">\n\t\t\t\t\t\t<div class=\"elementor-container elementor-column-gap-default\">\n\t\t\t\t\t<div class=\"elementor-column elementor-col-100 elementor-top-column elementor-element elementor-element-8be4d6e\" data-id=\"8be4d6e\" data-element_type=\"column\">\n\t\t\t<div class=\"elementor-widget-wrap elementor-element-populated\">\n\t\t\t\t\t\t<div class=\"elementor-element elementor-element-5dfb853 elementor-widget elementor-widget-image\" data-id=\"5dfb853\" data-element_type=\"widget\" data-widget_type=\"image.default\">\n\t\t\t\t<div class=\"elementor-widget-container\">\n\t\t\t\t\t\t\t\t\t\t\t\t\t<img fetchpriority=\"high\" decoding=\"async\" width=\"1024\" height=\"270\" src=\"https:\/\/www.ufsm.br\/app\/uploads\/sites\/330\/2022\/01\/Banners-UFSM-1.jpg\" class=\"attachment-large size-large wp-image-460\" alt=\"\" srcset=\"https:\/\/www.ufsm.br\/app\/uploads\/sites\/330\/2022\/01\/Banners-UFSM-1.jpg 1024w, https:\/\/www.ufsm.br\/app\/uploads\/sites\/330\/2022\/01\/Banners-UFSM-1-300x79.jpg 300w, https:\/\/www.ufsm.br\/app\/uploads\/sites\/330\/2022\/01\/Banners-UFSM-1-768x203.jpg 768w\" sizes=\"(max-width: 1024px) 100vw, 1024px\" \/>\t\t\t\t\t\t\t\t\t\t\t\t\t<\/div>\n\t\t\t\t<\/div>\n\t\t\t\t\t<\/div>\n\t\t<\/div>\n\t\t\t\t\t<\/div>\n\t\t<\/section>\n\t\t\t\t<section class=\"elementor-section elementor-top-section elementor-element elementor-element-c9c1747 elementor-section-boxed elementor-section-height-default elementor-section-height-default\" data-id=\"c9c1747\" data-element_type=\"section\">\n\t\t\t\t\t\t<div class=\"elementor-container elementor-column-gap-default\">\n\t\t\t\t\t<div class=\"elementor-column elementor-col-50 elementor-top-column elementor-element elementor-element-1eb4ea2\" data-id=\"1eb4ea2\" data-element_type=\"column\">\n\t\t\t<div class=\"elementor-widget-wrap elementor-element-populated\">\n\t\t\t\t\t\t<div class=\"elementor-element elementor-element-96e4f92 elementor-widget elementor-widget-heading\" data-id=\"96e4f92\" data-element_type=\"widget\" data-widget_type=\"heading.default\">\n\t\t\t\t<div class=\"elementor-widget-container\">\n\t\t\t<h5 class=\"elementor-heading-title elementor-size-default\">Vis\u00e3o A\u00e9rea do Campus<\/h5>\t\t<\/div>\n\t\t\t\t<\/div>\n\t\t\t\t\t<\/div>\n\t\t<\/div>\n\t\t\t\t<div class=\"elementor-column elementor-col-50 elementor-top-column elementor-element elementor-element-d6cd640\" data-id=\"d6cd640\" data-element_type=\"column\">\n\t\t\t<div class=\"elementor-widget-wrap elementor-element-populated\">\n\t\t\t\t\t\t<div class=\"elementor-element elementor-element-9c55ae5 elementor-widget elementor-widget-heading\" data-id=\"9c55ae5\" data-element_type=\"widget\" data-widget_type=\"heading.default\">\n\t\t\t\t<div class=\"elementor-widget-container\">\n\t\t\t<h5 class=\"elementor-heading-title elementor-size-default\">Entrada do Campus<\/h5>\t\t<\/div>\n\t\t\t\t<\/div>\n\t\t\t\t\t<\/div>\n\t\t<\/div>\n\t\t\t\t\t<\/div>\n\t\t<\/section>\n\t\t\t\t<section class=\"elementor-section elementor-top-section elementor-element elementor-element-b3a764f elementor-section-boxed elementor-section-height-default elementor-section-height-default\" data-id=\"b3a764f\" data-element_type=\"section\">\n\t\t\t\t\t\t<div class=\"elementor-container elementor-column-gap-default\">\n\t\t\t\t\t<div class=\"elementor-column elementor-col-50 elementor-top-column elementor-element elementor-element-e7e9f17\" data-id=\"e7e9f17\" data-element_type=\"column\">\n\t\t\t<div class=\"elementor-widget-wrap elementor-element-populated\">\n\t\t\t\t\t\t<div class=\"elementor-element elementor-element-663dc9a elementor-widget elementor-widget-image\" data-id=\"663dc9a\" data-element_type=\"widget\" data-widget_type=\"image.default\">\n\t\t\t\t<div class=\"elementor-widget-container\">\n\t\t\t\t\t\t\t\t\t\t\t\t\t<img decoding=\"async\" width=\"1024\" height=\"576\" src=\"https:\/\/www.ufsm.br\/app\/uploads\/sites\/330\/2021\/12\/fotos-aereas-Joao-Conrad-3-1024x576-1.jpg\" class=\"attachment-1536x1536 size-1536x1536 wp-image-432\" alt=\"\" srcset=\"https:\/\/www.ufsm.br\/app\/uploads\/sites\/330\/2021\/12\/fotos-aereas-Joao-Conrad-3-1024x576-1.jpg 1024w, https:\/\/www.ufsm.br\/app\/uploads\/sites\/330\/2021\/12\/fotos-aereas-Joao-Conrad-3-1024x576-1-300x169.jpg 300w, https:\/\/www.ufsm.br\/app\/uploads\/sites\/330\/2021\/12\/fotos-aereas-Joao-Conrad-3-1024x576-1-768x432.jpg 768w\" sizes=\"(max-width: 1024px) 100vw, 1024px\" \/>\t\t\t\t\t\t\t\t\t\t\t\t\t<\/div>\n\t\t\t\t<\/div>\n\t\t\t\t<div class=\"elementor-element elementor-element-c715166 elementor-widget elementor-widget-text-editor\" data-id=\"c715166\" data-element_type=\"widget\" data-widget_type=\"text-editor.default\">\n\t\t\t\t<div class=\"elementor-widget-container\">\n\t\t\t\t\t\t\t<p style=\"text-align: center\"><span style=\"color: #000000;font-size: 16px;background-color: var(--bs-body-bg)\">Cr\u00e9ditos:\u00a0<\/span><span style=\"color: #000000;font-size: 8pt;text-align: center\">Jo\u00e3o Conrad<\/span><\/p>\t\t\t\t\t\t<\/div>\n\t\t\t\t<\/div>\n\t\t\t\t\t<\/div>\n\t\t<\/div>\n\t\t\t\t<div class=\"elementor-column elementor-col-50 elementor-top-column elementor-element elementor-element-375870c\" data-id=\"375870c\" data-element_type=\"column\">\n\t\t\t<div class=\"elementor-widget-wrap elementor-element-populated\">\n\t\t\t\t\t\t<div class=\"elementor-element elementor-element-38d4e3c elementor-widget elementor-widget-image\" data-id=\"38d4e3c\" data-element_type=\"widget\" data-widget_type=\"image.default\">\n\t\t\t\t<div class=\"elementor-widget-container\">\n\t\t\t\t\t\t\t\t\t\t\t\t\t<img decoding=\"async\" width=\"1024\" height=\"576\" src=\"https:\/\/www.ufsm.br\/app\/uploads\/sites\/330\/2021\/12\/01-tamanho-20x30-2-1024x576.jpg\" class=\"attachment-large size-large wp-image-436\" alt=\"\" srcset=\"https:\/\/www.ufsm.br\/app\/uploads\/sites\/330\/2021\/12\/01-tamanho-20x30-2-1024x576.jpg 1024w, https:\/\/www.ufsm.br\/app\/uploads\/sites\/330\/2021\/12\/01-tamanho-20x30-2-300x169.jpg 300w, https:\/\/www.ufsm.br\/app\/uploads\/sites\/330\/2021\/12\/01-tamanho-20x30-2-768x432.jpg 768w, https:\/\/www.ufsm.br\/app\/uploads\/sites\/330\/2021\/12\/01-tamanho-20x30-2-1536x864.jpg 1536w, https:\/\/www.ufsm.br\/app\/uploads\/sites\/330\/2021\/12\/01-tamanho-20x30-2.jpg 1920w\" sizes=\"(max-width: 1024px) 100vw, 1024px\" \/>\t\t\t\t\t\t\t\t\t\t\t\t\t<\/div>\n\t\t\t\t<\/div>\n\t\t\t\t<div class=\"elementor-element elementor-element-d97d662 elementor-widget elementor-widget-text-editor\" data-id=\"d97d662\" data-element_type=\"widget\" data-widget_type=\"text-editor.default\">\n\t\t\t\t<div class=\"elementor-widget-container\">\n\t\t\t\t\t\t\t<p style=\"text-align: center\">Cr\u00e9ditos: Assessoria de Comunica\u00e7\u00e3o da UFSM-FW<\/p>\t\t\t\t\t\t<\/div>\n\t\t\t\t<\/div>\n\t\t\t\t\t<\/div>\n\t\t<\/div>\n\t\t\t\t\t<\/div>\n\t\t<\/section>\n\t\t\t\t<section class=\"elementor-section elementor-top-section elementor-element elementor-element-867ba94 elementor-section-boxed elementor-section-height-default elementor-section-height-default\" data-id=\"867ba94\" data-element_type=\"section\">\n\t\t\t\t\t\t<div class=\"elementor-container elementor-column-gap-default\">\n\t\t\t\t\t<div class=\"elementor-column elementor-col-50 elementor-top-column elementor-element elementor-element-b5d56f5\" data-id=\"b5d56f5\" data-element_type=\"column\">\n\t\t\t<div class=\"elementor-widget-wrap elementor-element-populated\">\n\t\t\t\t\t\t<div class=\"elementor-element elementor-element-413ed91 elementor-widget elementor-widget-heading\" data-id=\"413ed91\" data-element_type=\"widget\" data-widget_type=\"heading.default\">\n\t\t\t\t<div class=\"elementor-widget-container\">\n\t\t\t<h5 class=\"elementor-heading-title elementor-size-default\">Pr\u00e9mio <\/h5>\t\t<\/div>\n\t\t\t\t<\/div>\n\t\t\t\t\t<\/div>\n\t\t<\/div>\n\t\t\t\t<div class=\"elementor-column elementor-col-50 elementor-top-column elementor-element elementor-element-0599726\" data-id=\"0599726\" data-element_type=\"column\">\n\t\t\t<div class=\"elementor-widget-wrap elementor-element-populated\">\n\t\t\t\t\t\t<div class=\"elementor-element elementor-element-6eabb46 elementor-widget elementor-widget-heading\" data-id=\"6eabb46\" data-element_type=\"widget\" data-widget_type=\"heading.default\">\n\t\t\t\t<div class=\"elementor-widget-container\">\n\t\t\t<h5 class=\"elementor-heading-title elementor-size-default\"><span style=\"font-size: 1rem;text-align: center\">Pr\u00e9mio <\/span><\/h5>\t\t<\/div>\n\t\t\t\t<\/div>\n\t\t\t\t\t<\/div>\n\t\t<\/div>\n\t\t\t\t\t<\/div>\n\t\t<\/section>\n\t\t\t\t<section class=\"elementor-section elementor-top-section elementor-element elementor-element-47bfb4d elementor-section-boxed elementor-section-height-default elementor-section-height-default\" data-id=\"47bfb4d\" data-element_type=\"section\">\n\t\t\t\t\t\t<div class=\"elementor-container elementor-column-gap-default\">\n\t\t\t\t\t<div class=\"elementor-column elementor-col-50 elementor-top-column elementor-element elementor-element-39e065c\" data-id=\"39e065c\" data-element_type=\"column\">\n\t\t\t<div class=\"elementor-widget-wrap elementor-element-populated\">\n\t\t\t\t\t\t<div class=\"elementor-element elementor-element-0991800 elementor-widget elementor-widget-image\" data-id=\"0991800\" data-element_type=\"widget\" data-widget_type=\"image.default\">\n\t\t\t\t<div class=\"elementor-widget-container\">\n\t\t\t\t\t\t\t\t\t\t\t\t\t<img loading=\"lazy\" decoding=\"async\" width=\"1536\" height=\"916\" src=\"https:\/\/www.ufsm.br\/app\/uploads\/sites\/330\/2021\/12\/Foto-do-campus-2-2-1536x916.jpg\" class=\"attachment-1536x1536 size-1536x1536 wp-image-439\" alt=\"\" srcset=\"https:\/\/www.ufsm.br\/app\/uploads\/sites\/330\/2021\/12\/Foto-do-campus-2-2-1536x916.jpg 1536w, https:\/\/www.ufsm.br\/app\/uploads\/sites\/330\/2021\/12\/Foto-do-campus-2-2-300x179.jpg 300w, https:\/\/www.ufsm.br\/app\/uploads\/sites\/330\/2021\/12\/Foto-do-campus-2-2-1024x611.jpg 1024w, https:\/\/www.ufsm.br\/app\/uploads\/sites\/330\/2021\/12\/Foto-do-campus-2-2-768x458.jpg 768w, https:\/\/www.ufsm.br\/app\/uploads\/sites\/330\/2021\/12\/Foto-do-campus-2-2.jpg 1661w\" sizes=\"(max-width: 1536px) 100vw, 1536px\" \/>\t\t\t\t\t\t\t\t\t\t\t\t\t<\/div>\n\t\t\t\t<\/div>\n\t\t\t\t<div class=\"elementor-element elementor-element-e481352 elementor-widget elementor-widget-text-editor\" data-id=\"e481352\" data-element_type=\"widget\" data-widget_type=\"text-editor.default\">\n\t\t\t\t<div class=\"elementor-widget-container\">\n\t\t\t\t\t\t\t<p style=\"text-align: center\"><span style=\"color: #000000;font-size: 16px;text-align: center\">Cr\u00e9ditos:\u00a0 Mateus Scherer<\/span><\/p>\t\t\t\t\t\t<\/div>\n\t\t\t\t<\/div>\n\t\t\t\t\t<\/div>\n\t\t<\/div>\n\t\t\t\t<div class=\"elementor-column elementor-col-50 elementor-top-column elementor-element elementor-element-6a40b02\" data-id=\"6a40b02\" data-element_type=\"column\">\n\t\t\t<div class=\"elementor-widget-wrap elementor-element-populated\">\n\t\t\t\t\t\t<div class=\"elementor-element elementor-element-670427c elementor-widget elementor-widget-image\" data-id=\"670427c\" data-element_type=\"widget\" data-widget_type=\"image.default\">\n\t\t\t\t<div class=\"elementor-widget-container\">\n\t\t\t\t\t\t\t\t\t\t\t\t\t<img loading=\"lazy\" decoding=\"async\" width=\"1528\" height=\"900\" src=\"https:\/\/www.ufsm.br\/app\/uploads\/sites\/330\/2021\/12\/Foto-do-campus-4.jpg\" class=\"attachment-1536x1536 size-1536x1536 wp-image-444\" alt=\"\" srcset=\"https:\/\/www.ufsm.br\/app\/uploads\/sites\/330\/2021\/12\/Foto-do-campus-4.jpg 1528w, https:\/\/www.ufsm.br\/app\/uploads\/sites\/330\/2021\/12\/Foto-do-campus-4-300x177.jpg 300w, https:\/\/www.ufsm.br\/app\/uploads\/sites\/330\/2021\/12\/Foto-do-campus-4-1024x603.jpg 1024w, https:\/\/www.ufsm.br\/app\/uploads\/sites\/330\/2021\/12\/Foto-do-campus-4-768x452.jpg 768w\" sizes=\"(max-width: 1528px) 100vw, 1528px\" \/>\t\t\t\t\t\t\t\t\t\t\t\t\t<\/div>\n\t\t\t\t<\/div>\n\t\t\t\t<div class=\"elementor-element elementor-element-b6451ef elementor-widget elementor-widget-text-editor\" data-id=\"b6451ef\" data-element_type=\"widget\" data-widget_type=\"text-editor.default\">\n\t\t\t\t<div class=\"elementor-widget-container\">\n\t\t\t\t\t\t\t<p style=\"text-align: center\"><span style=\"color: #000000;font-size: 16px;text-align: center\">Cr\u00e9ditos: Isadora Pazuch<\/span><\/p>\t\t\t\t\t\t<\/div>\n\t\t\t\t<\/div>\n\t\t\t\t\t<\/div>\n\t\t<\/div>\n\t\t\t\t\t<\/div>\n\t\t<\/section>\n\t\t\t\t<section class=\"elementor-section elementor-top-section elementor-element elementor-element-73a03a2 elementor-section-boxed elementor-section-height-default elementor-section-height-default\" data-id=\"73a03a2\" data-element_type=\"section\">\n\t\t\t\t\t\t<div class=\"elementor-container elementor-column-gap-default\">\n\t\t\t\t\t<div class=\"elementor-column elementor-col-100 elementor-top-column elementor-element elementor-element-bc42253\" data-id=\"bc42253\" data-element_type=\"column\">\n\t\t\t<div class=\"elementor-widget-wrap elementor-element-populated\">\n\t\t\t\t\t\t<div class=\"elementor-element elementor-element-5db7452 elementor-widget elementor-widget-video\" data-id=\"5db7452\" data-element_type=\"widget\" data-settings=\"{&quot;youtube_url&quot;:&quot;https:\\\/\\\/youtu.be\\\/--CHBkZ_Kgg&quot;,&quot;video_type&quot;:&quot;youtube&quot;,&quot;controls&quot;:&quot;yes&quot;}\" data-widget_type=\"video.default\">\n\t\t\t\t<div class=\"elementor-widget-container\">\n\t\t\t\t\t<div class=\"elementor-wrapper elementor-open-inline\">\n\t\t\t<div class=\"elementor-video\"><\/div>\t\t<\/div>\n\t\t\t\t<\/div>\n\t\t\t\t<\/div>\n\t\t\t\t\t<\/div>\n\t\t<\/div>\n\t\t\t\t\t<\/div>\n\t\t<\/section>\n\t\t\t\t<\/div>\n\t\t","protected":false},"excerpt":{"rendered":"<p>Vis\u00e3o A\u00e9rea do Campus Entrada do Campus Cr\u00e9ditos:\u00a0Jo\u00e3o Conrad Cr\u00e9ditos: Assessoria de Comunica\u00e7\u00e3o da UFSM-FW Pr\u00e9mio Pr\u00e9mio Cr\u00e9ditos:\u00a0 Mateus Scherer Cr\u00e9ditos: Isadora Pazuch https:\/\/youtu.be\/&#8211;CHBkZ_Kgg<\/p>\n","protected":false},"author":4972,"featured_media":0,"parent":0,"menu_order":0,"comment_status":"closed","ping_status":"closed","template":"","meta":{"footnotes":""},"categories":[],"tags":[],"class_list":["post-437","page","type-page","status-publish","hentry"],"acf":[],"_links":{"self":[{"href":"https:\/\/www.ufsm.br\/cursos\/graduacao\/frederico-westphalen\/relacoes-publicas\/wp-json\/wp\/v2\/pages\/437","targetHints":{"allow":["GET"]}}],"collection":[{"href":"https:\/\/www.ufsm.br\/cursos\/graduacao\/frederico-westphalen\/relacoes-publicas\/wp-json\/wp\/v2\/pages"}],"about":[{"href":"https:\/\/www.ufsm.br\/cursos\/graduacao\/frederico-westphalen\/relacoes-publicas\/wp-json\/wp\/v2\/types\/page"}],"author":[{"embeddable":true,"href":"https:\/\/www.ufsm.br\/cursos\/graduacao\/frederico-westphalen\/relacoes-publicas\/wp-json\/wp\/v2\/users\/4972"}],"replies":[{"embeddable":true,"href":"https:\/\/www.ufsm.br\/cursos\/graduacao\/frederico-westphalen\/relacoes-publicas\/wp-json\/wp\/v2\/comments?post=437"}],"version-history":[{"count":0,"href":"https:\/\/www.ufsm.br\/cursos\/graduacao\/frederico-westphalen\/relacoes-publicas\/wp-json\/wp\/v2\/pages\/437\/revisions"}],"wp:attachment":[{"href":"https:\/\/www.ufsm.br\/cursos\/graduacao\/frederico-westphalen\/relacoes-publicas\/wp-json\/wp\/v2\/media?parent=437"}],"wp:term":[{"taxonomy":"category","embeddable":true,"href":"https:\/\/www.ufsm.br\/cursos\/graduacao\/frederico-westphalen\/relacoes-publicas\/wp-json\/wp\/v2\/categories?post=437"},{"taxonomy":"post_tag","embeddable":true,"href":"https:\/\/www.ufsm.br\/cursos\/graduacao\/frederico-westphalen\/relacoes-publicas\/wp-json\/wp\/v2\/tags?post=437"}],"curies":[{"name":"wp","href":"https:\/\/api.w.org\/{rel}","templated":true}]}}