{"id":672,"date":"2023-09-22T13:48:52","date_gmt":"2023-09-22T16:48:52","guid":{"rendered":"https:\/\/www.ufsm.br\/cursos\/graduacao\/frederico-westphalen\/relacoes-publicas\/?page_id=672"},"modified":"2026-03-24T08:13:57","modified_gmt":"2026-03-24T11:13:57","slug":"nucleo-docente-estruturante","status":"publish","type":"page","link":"https:\/\/www.ufsm.br\/cursos\/graduacao\/frederico-westphalen\/relacoes-publicas\/nucleo-docente-estruturante","title":{"rendered":"N\u00facleo Docente Estruturante do Curso"},"content":{"rendered":"\t\t<div data-elementor-type=\"wp-page\" data-elementor-id=\"672\" class=\"elementor elementor-672\">\n\t\t\t\t\t\t<section class=\"elementor-section elementor-top-section elementor-element elementor-element-85c8b1a elementor-section-boxed elementor-section-height-default elementor-section-height-default\" data-id=\"85c8b1a\" data-element_type=\"section\">\n\t\t\t\t\t\t<div class=\"elementor-container elementor-column-gap-default\">\n\t\t\t\t\t<div class=\"elementor-column elementor-col-100 elementor-top-column elementor-element elementor-element-cc616ed\" data-id=\"cc616ed\" data-element_type=\"column\">\n\t\t\t<div class=\"elementor-widget-wrap elementor-element-populated\">\n\t\t\t\t\t\t<div class=\"elementor-element elementor-element-01b898e elementor-widget elementor-widget-text-editor\" data-id=\"01b898e\" data-element_type=\"widget\" data-widget_type=\"text-editor.default\">\n\t\t\t\t<div class=\"elementor-widget-container\">\n\t\t\t\t\t\t\t<p>N\u00facleo Docente Estruturante do Curso de Rela\u00e7\u00f5es P\u00fablicas do Campus da Universidade Federal de Santa Maria em Frederico Westphalen (UFSM\/FW)<\/p>\t\t\t\t\t\t<\/div>\n\t\t\t\t<\/div>\n\t\t\t\t\t<\/div>\n\t\t<\/div>\n\t\t\t\t\t<\/div>\n\t\t<\/section>\n\t\t\t\t<section class=\"elementor-section elementor-top-section elementor-element elementor-element-90084d7 elementor-section-boxed elementor-section-height-default elementor-section-height-default\" data-id=\"90084d7\" data-element_type=\"section\">\n\t\t\t\t\t\t<div class=\"elementor-container elementor-column-gap-default\">\n\t\t\t\t\t<div class=\"elementor-column elementor-col-33 elementor-top-column elementor-element elementor-element-d93bc96\" data-id=\"d93bc96\" data-element_type=\"column\">\n\t\t\t<div class=\"elementor-widget-wrap elementor-element-populated\">\n\t\t\t\t\t\t<div class=\"elementor-element elementor-element-c70cc5b elementor-view-default elementor-position-top elementor-mobile-position-top elementor-widget elementor-widget-icon-box\" data-id=\"c70cc5b\" data-element_type=\"widget\" data-widget_type=\"icon-box.default\">\n\t\t\t\t<div class=\"elementor-widget-container\">\n\t\t\t\t\t<div class=\"elementor-icon-box-wrapper\">\n\n\t\t\t\t\t\t<div class=\"elementor-icon-box-icon\">\n\t\t\t\t<a href=\"#atas\" class=\"elementor-icon elementor-animation-\" tabindex=\"-1\">\n\t\t\t\t<i aria-hidden=\"true\" class=\"far fa-file-alt\"><\/i>\t\t\t\t<\/a>\n\t\t\t<\/div>\n\t\t\t\n\t\t\t\t\t\t<div class=\"elementor-icon-box-content\">\n\n\t\t\t\t\t\t\t\t\t<h3 class=\"elementor-icon-box-title\">\n\t\t\t\t\t\t<a href=\"#atas\" >\n\t\t\t\t\t\t\tAtas\t\t\t\t\t\t<\/a>\n\t\t\t\t\t<\/h3>\n\t\t\t\t\n\t\t\t\t\n\t\t\t<\/div>\n\t\t\t\n\t\t<\/div>\n\t\t\t\t<\/div>\n\t\t\t\t<\/div>\n\t\t\t\t\t<\/div>\n\t\t<\/div>\n\t\t\t\t<div class=\"elementor-column elementor-col-33 elementor-top-column elementor-element elementor-element-65e7a03\" data-id=\"65e7a03\" data-element_type=\"column\">\n\t\t\t<div class=\"elementor-widget-wrap elementor-element-populated\">\n\t\t\t\t\t\t<div class=\"elementor-element elementor-element-b967062 elementor-view-default elementor-position-top elementor-mobile-position-top elementor-widget elementor-widget-icon-box\" data-id=\"b967062\" data-element_type=\"widget\" data-widget_type=\"icon-box.default\">\n\t\t\t\t<div class=\"elementor-widget-container\">\n\t\t\t\t\t<div class=\"elementor-icon-box-wrapper\">\n\n\t\t\t\t\t\t<div class=\"elementor-icon-box-icon\">\n\t\t\t\t<a href=\"#composicao\" class=\"elementor-icon elementor-animation-\" tabindex=\"-1\">\n\t\t\t\t<i aria-hidden=\"true\" class=\"fas fa-users\"><\/i>\t\t\t\t<\/a>\n\t\t\t<\/div>\n\t\t\t\n\t\t\t\t\t\t<div class=\"elementor-icon-box-content\">\n\n\t\t\t\t\t\t\t\t\t<h3 class=\"elementor-icon-box-title\">\n\t\t\t\t\t\t<a href=\"#composicao\" >\n\t\t\t\t\t\t\tComposi\u00e7\u00e3o\t\t\t\t\t\t<\/a>\n\t\t\t\t\t<\/h3>\n\t\t\t\t\n\t\t\t\t\n\t\t\t<\/div>\n\t\t\t\n\t\t<\/div>\n\t\t\t\t<\/div>\n\t\t\t\t<\/div>\n\t\t\t\t\t<\/div>\n\t\t<\/div>\n\t\t\t\t<div class=\"elementor-column elementor-col-33 elementor-top-column elementor-element elementor-element-188ae24\" data-id=\"188ae24\" data-element_type=\"column\">\n\t\t\t<div class=\"elementor-widget-wrap elementor-element-populated\">\n\t\t\t\t\t\t<div class=\"elementor-element elementor-element-5080418 elementor-view-default elementor-position-top elementor-mobile-position-top elementor-widget elementor-widget-icon-box\" data-id=\"5080418\" data-element_type=\"widget\" data-widget_type=\"icon-box.default\">\n\t\t\t\t<div class=\"elementor-widget-container\">\n\t\t\t\t\t<div class=\"elementor-icon-box-wrapper\">\n\n\t\t\t\t\t\t<div class=\"elementor-icon-box-icon\">\n\t\t\t\t<a href=\"#portarias\" class=\"elementor-icon elementor-animation-\" tabindex=\"-1\">\n\t\t\t\t<i aria-hidden=\"true\" class=\"fas fa-file-alt\"><\/i>\t\t\t\t<\/a>\n\t\t\t<\/div>\n\t\t\t\n\t\t\t\t\t\t<div class=\"elementor-icon-box-content\">\n\n\t\t\t\t\t\t\t\t\t<h3 class=\"elementor-icon-box-title\">\n\t\t\t\t\t\t<a href=\"#portarias\" >\n\t\t\t\t\t\t\tPortarias\t\t\t\t\t\t<\/a>\n\t\t\t\t\t<\/h3>\n\t\t\t\t\n\t\t\t\t\n\t\t\t<\/div>\n\t\t\t\n\t\t<\/div>\n\t\t\t\t<\/div>\n\t\t\t\t<\/div>\n\t\t\t\t\t<\/div>\n\t\t<\/div>\n\t\t\t\t\t<\/div>\n\t\t<\/section>\n\t\t\t\t<section class=\"elementor-section elementor-top-section elementor-element elementor-element-1c5447e0 elementor-section-boxed elementor-section-height-default elementor-section-height-default\" data-id=\"1c5447e0\" data-element_type=\"section\">\n\t\t\t\t\t\t<div class=\"elementor-container elementor-column-gap-default\">\n\t\t\t\t\t<div class=\"elementor-column elementor-col-100 elementor-top-column elementor-element elementor-element-5a4fa382\" data-id=\"5a4fa382\" data-element_type=\"column\">\n\t\t\t<div class=\"elementor-widget-wrap elementor-element-populated\">\n\t\t\t\t\t\t<div class=\"elementor-element elementor-element-a20cb90 elementor-widget elementor-widget-heading\" data-id=\"a20cb90\" data-element_type=\"widget\" id=\"atas\" data-widget_type=\"heading.default\">\n\t\t\t\t<div class=\"elementor-widget-container\">\n\t\t\t<h5 class=\"elementor-heading-title elementor-size-default\">Atas<\/h5>\t\t<\/div>\n\t\t\t\t<\/div>\n\t\t\t\t<div class=\"elementor-element elementor-element-692e2d2 elementor-widget elementor-widget-accordion\" data-id=\"692e2d2\" data-element_type=\"widget\" data-widget_type=\"accordion.default\">\n\t\t\t\t<div class=\"elementor-widget-container\">\n\t\t\t\t\t<div class=\"elementor-accordion\">\n\t\t\t\t\t\t\t<div class=\"elementor-accordion-item\">\n\t\t\t\t\t<div id=\"elementor-tab-title-1101\" class=\"elementor-tab-title\" data-tab=\"1\" role=\"button\" aria-controls=\"elementor-tab-content-1101\" aria-expanded=\"false\">\n\t\t\t\t\t\t\t\t\t\t\t\t\t<span class=\"elementor-accordion-icon elementor-accordion-icon-left\" aria-hidden=\"true\">\n\t\t\t\t\t\t\t\t\t\t\t\t\t\t\t<span class=\"elementor-accordion-icon-closed\"><i class=\"fas fa-plus\"><\/i><\/span>\n\t\t\t\t\t\t\t\t<span class=\"elementor-accordion-icon-opened\"><i class=\"fas fa-minus\"><\/i><\/span>\n\t\t\t\t\t\t\t\t\t\t\t\t\t\t<\/span>\n\t\t\t\t\t\t\t\t\t\t\t\t<a class=\"elementor-accordion-title\" tabindex=\"0\">2026<\/a>\n\t\t\t\t\t<\/div>\n\t\t\t\t\t<div id=\"elementor-tab-content-1101\" class=\"elementor-tab-content elementor-clearfix\" data-tab=\"1\" role=\"region\" aria-labelledby=\"elementor-tab-title-1101\"><ul><li><a href=\"https:\/\/portal.ufsm.br\/documentos\/publico\/documento.html?idDocumento=15770031\">ATA 80\/2026-NDE-RP\/FW\/UFSM<\/a><\/li><\/ul><\/div>\n\t\t\t\t<\/div>\n\t\t\t\t\t\t\t<div class=\"elementor-accordion-item\">\n\t\t\t\t\t<div id=\"elementor-tab-title-1102\" class=\"elementor-tab-title\" data-tab=\"2\" role=\"button\" aria-controls=\"elementor-tab-content-1102\" aria-expanded=\"false\">\n\t\t\t\t\t\t\t\t\t\t\t\t\t<span class=\"elementor-accordion-icon elementor-accordion-icon-left\" aria-hidden=\"true\">\n\t\t\t\t\t\t\t\t\t\t\t\t\t\t\t<span class=\"elementor-accordion-icon-closed\"><i class=\"fas fa-plus\"><\/i><\/span>\n\t\t\t\t\t\t\t\t<span class=\"elementor-accordion-icon-opened\"><i class=\"fas fa-minus\"><\/i><\/span>\n\t\t\t\t\t\t\t\t\t\t\t\t\t\t<\/span>\n\t\t\t\t\t\t\t\t\t\t\t\t<a class=\"elementor-accordion-title\" tabindex=\"0\">2025<\/a>\n\t\t\t\t\t<\/div>\n\t\t\t\t\t<div id=\"elementor-tab-content-1102\" class=\"elementor-tab-content elementor-clearfix\" data-tab=\"2\" role=\"region\" aria-labelledby=\"elementor-tab-title-1102\"><ul><li><a href=\"https:\/\/portal.ufsm.br\/documentos\/publico\/documento.html?idDocumento=15415775\">ATA 64\/2025-NDE-RP\/FW\/UFSM<\/a><\/li><li><a href=\"https:\/\/portal.ufsm.br\/documentos\/publico\/documento.html?idDocumento=15426424\">ATA 65\/2025-NDE-RP\/FW\/UFSM<\/a><\/li><li><a href=\"https:\/\/portal.ufsm.br\/documentos\/publico\/documento.html?idDocumento=15460217\">ATA 66\/2025-NDE-RP\/FW\/UFSM<\/a><\/li><li><a href=\"https:\/\/portal.ufsm.br\/documentos\/publico\/documento.html?idDocumento=15463878\">ATA 67\/2025-NDE-RP\/FW\/UFSM<\/a><\/li><li><a href=\"https:\/\/portal.ufsm.br\/documentos\/publico\/documento.html?idDocumento=15463883\">ATA 68\/2025-NDE-RP\/FW\/UFSM<\/a><\/li><li><a href=\"https:\/\/portal.ufsm.br\/documentos\/publico\/documento.html?idDocumento=15469502\">ATA 69\/2025-NDE-RP\/FW\/UFSM<\/a><\/li><li><a href=\"https:\/\/portal.ufsm.br\/documentos\/publico\/documento.html?idDocumento=15546348\">ATA 70\/2025-NDE-RP\/FW\/UFSM<\/a><\/li><li><a href=\"https:\/\/portal.ufsm.br\/documentos\/publico\/documento.html?id=15546352\">ATA 71\/2025-NDE-RP\/FW\/UFSM<\/a><\/li><li><a href=\"https:\/\/portal.ufsm.br\/documentos\/publico\/documento.html?idDocumento=15572614\">ATA 72\/2025-NDE-RP\/FW\/UFSM<\/a><\/li><li><a href=\"https:\/\/portal.ufsm.br\/documentos\/publico\/documento.html?idDocumento=15583308\">ATA 73\/2025-NDE-RP\/FW\/UFSM<\/a><\/li><li><a href=\"https:\/\/portal.ufsm.br\/documentos\/publico\/documento.html?idDocumento=15604712\">ATA 74\/2025-NDE-RP\/FW\/UFSM<\/a><\/li><li><a href=\"https:\/\/portal.ufsm.br\/documentos\/publico\/documento.html?idDocumento=15625603\">ATA 75\/2025-NDE-RP\/FW\/UFSM<\/a><\/li><li><a href=\"https:\/\/portal.ufsm.br\/documentos\/publico\/documento.html?idDocumento=15625606\">ATA 76\/2025-NDE-RP\/FW\/UFSM<\/a><\/li><li><a href=\"https:\/\/portal.ufsm.br\/documentos\/publico\/documento.html?id=15658697\">ATA 77\/2025-NDE-RP\/FW\/UFSM<\/a><\/li><li><a href=\"https:\/\/portal.ufsm.br\/documentos\/publico\/documento.html?idDocumento=15658708\">ATA 78\/2025-NDE-RP\/FW\/UFSM<\/a><\/li><li><a href=\"https:\/\/portal.ufsm.br\/documentos\/publico\/documento.html?idDocumento=15716722\">ATA 79\/2025-NDE-RP\/FW\/UFSM<\/a><\/li><\/ul><\/div>\n\t\t\t\t<\/div>\n\t\t\t\t\t\t\t<div class=\"elementor-accordion-item\">\n\t\t\t\t\t<div id=\"elementor-tab-title-1103\" class=\"elementor-tab-title\" data-tab=\"3\" role=\"button\" aria-controls=\"elementor-tab-content-1103\" aria-expanded=\"false\">\n\t\t\t\t\t\t\t\t\t\t\t\t\t<span class=\"elementor-accordion-icon elementor-accordion-icon-left\" aria-hidden=\"true\">\n\t\t\t\t\t\t\t\t\t\t\t\t\t\t\t<span class=\"elementor-accordion-icon-closed\"><i class=\"fas fa-plus\"><\/i><\/span>\n\t\t\t\t\t\t\t\t<span class=\"elementor-accordion-icon-opened\"><i class=\"fas fa-minus\"><\/i><\/span>\n\t\t\t\t\t\t\t\t\t\t\t\t\t\t<\/span>\n\t\t\t\t\t\t\t\t\t\t\t\t<a class=\"elementor-accordion-title\" tabindex=\"0\">2024<\/a>\n\t\t\t\t\t<\/div>\n\t\t\t\t\t<div id=\"elementor-tab-content-1103\" class=\"elementor-tab-content elementor-clearfix\" data-tab=\"3\" role=\"region\" aria-labelledby=\"elementor-tab-title-1103\"><ul style=\"color: #1c1c1c;font-size: 16px\"><li><a href=\"https:\/\/portal.ufsm.br\/documentos\/publico\/documento.html?id=15277775\">ATA 61\/2024-NDE-RP\/FW\/UFSM<\/a><\/li><li><a href=\"https:\/\/portal.ufsm.br\/documentos\/publico\/documento.html?id=15272999\">ATA 62\/2024-NDE-RP\/FW\/UFSM<\/a><\/li><li><a href=\"https:\/\/portal.ufsm.br\/documentos\/publico\/documento.html?id=15377944\">ATA 63\/2024-NDE-RP\/FW\/UFSM<\/a><\/li><\/ul><\/div>\n\t\t\t\t<\/div>\n\t\t\t\t\t\t\t<div class=\"elementor-accordion-item\">\n\t\t\t\t\t<div id=\"elementor-tab-title-1104\" class=\"elementor-tab-title\" data-tab=\"4\" role=\"button\" aria-controls=\"elementor-tab-content-1104\" aria-expanded=\"false\">\n\t\t\t\t\t\t\t\t\t\t\t\t\t<span class=\"elementor-accordion-icon elementor-accordion-icon-left\" aria-hidden=\"true\">\n\t\t\t\t\t\t\t\t\t\t\t\t\t\t\t<span class=\"elementor-accordion-icon-closed\"><i class=\"fas fa-plus\"><\/i><\/span>\n\t\t\t\t\t\t\t\t<span class=\"elementor-accordion-icon-opened\"><i class=\"fas fa-minus\"><\/i><\/span>\n\t\t\t\t\t\t\t\t\t\t\t\t\t\t<\/span>\n\t\t\t\t\t\t\t\t\t\t\t\t<a class=\"elementor-accordion-title\" tabindex=\"0\">2023<\/a>\n\t\t\t\t\t<\/div>\n\t\t\t\t\t<div id=\"elementor-tab-content-1104\" class=\"elementor-tab-content elementor-clearfix\" data-tab=\"4\" role=\"region\" aria-labelledby=\"elementor-tab-title-1104\"><ul><li><a href=\"https:\/\/portal.ufsm.br\/documentos\/publico\/documento.html?id=15285917\">ATA 51\/2023-NDE-RP\/FW\/UFSM<\/a><\/li><li><a href=\"https:\/\/portal.ufsm.br\/documentos\/publico\/documento.html?id=15285910\">ATA 52\/2023-NDE-RP\/FW\/UFSM<\/a><\/li><li><a href=\"https:\/\/portal.ufsm.br\/documentos\/publico\/documento.html?id=15290528\">ATA 53\/2023 &#8211; NDE-RP\/FW\/UFSM<\/a><\/li><li><a href=\"https:\/\/portal.ufsm.br\/documentos\/publico\/documento.html?id=15290560\">ATA 54\/2023 &#8211; NDE-RP\/FW\/UFSM<\/a><\/li><li><a href=\"https:\/\/portal.ufsm.br\/documentos\/publico\/documento.html?id=15290570\">ATA 55\/2023 &#8211; NDE-RP\/FW\/UFSM<\/a><\/li><li><a href=\"https:\/\/portal.ufsm.br\/documentos\/publico\/documento.html?id=15280897\">ATA 56\/2023 &#8211; NDE-RP\/FW\/UFSM<\/a><\/li><li><a href=\"https:\/\/portal.ufsm.br\/documentos\/publico\/documento.html?id=15280837\">ATA 57\/2023 &#8211; NDE-RP\/FW\/UFSM<\/a><\/li><li><a href=\"https:\/\/portal.ufsm.br\/documentos\/publico\/documento.html?id=15280821\">ATA 58\/2023 &#8211; NDE-RP\/FW\/UFSM<\/a><\/li><li><a href=\"https:\/\/portal.ufsm.br\/documentos\/publico\/documento.html?id=15280795\">ATA 59\/2023 &#8211; NDE-RP\/FW\/UFSM<\/a><\/li><li><a href=\"https:\/\/portal.ufsm.br\/documentos\/publico\/documento.html?id=15280773\">ATA 60\/2023 &#8211; NDE-RP\/FW\/UFSM<\/a><\/li><\/ul><\/div>\n\t\t\t\t<\/div>\n\t\t\t\t\t\t\t<div class=\"elementor-accordion-item\">\n\t\t\t\t\t<div id=\"elementor-tab-title-1105\" class=\"elementor-tab-title\" data-tab=\"5\" role=\"button\" aria-controls=\"elementor-tab-content-1105\" aria-expanded=\"false\">\n\t\t\t\t\t\t\t\t\t\t\t\t\t<span class=\"elementor-accordion-icon elementor-accordion-icon-left\" aria-hidden=\"true\">\n\t\t\t\t\t\t\t\t\t\t\t\t\t\t\t<span class=\"elementor-accordion-icon-closed\"><i class=\"fas fa-plus\"><\/i><\/span>\n\t\t\t\t\t\t\t\t<span class=\"elementor-accordion-icon-opened\"><i class=\"fas fa-minus\"><\/i><\/span>\n\t\t\t\t\t\t\t\t\t\t\t\t\t\t<\/span>\n\t\t\t\t\t\t\t\t\t\t\t\t<a class=\"elementor-accordion-title\" tabindex=\"0\">2022<\/a>\n\t\t\t\t\t<\/div>\n\t\t\t\t\t<div id=\"elementor-tab-content-1105\" class=\"elementor-tab-content elementor-clearfix\" data-tab=\"5\" role=\"region\" aria-labelledby=\"elementor-tab-title-1105\"><ul><li><span style=\"font-family: georgia, palatino, serif;font-size: 12pt\"><a href=\"https:\/\/portal.ufsm.br\/documentos\/publico\/documento.html?id=15286021\">ATA 45\/2022-NDE-RP\/FW\/UFSM<\/a><\/span><\/li><li><a href=\"https:\/\/portal.ufsm.br\/documentos\/publico\/documento.html?id=15285970\">ATA 46\/2022-NDE-RP\/FW\/UFSM<\/a><\/li><li><a href=\"https:\/\/portal.ufsm.br\/documentos\/publico\/documento.html?id=15285955\">ATA 47\/2022-NDE-RP\/FW\/UFSM<\/a><\/li><li><a href=\"https:\/\/portal.ufsm.br\/documentos\/publico\/documento.html?id=15285943\">ATA 48\/2022-NDE-RP\/FW\/UFSM<\/a><\/li><li><a href=\"https:\/\/portal.ufsm.br\/documentos\/publico\/documento.html?id=15285934\">ATA 49\/2022-NDE-RP\/FW\/UFSM<\/a><\/li><li><a href=\"https:\/\/portal.ufsm.br\/documentos\/publico\/documento.html?id=15285920\">ATA 50\/2022-NDE-RP\/FW\/UFSM<\/a><\/li><\/ul><\/div>\n\t\t\t\t<\/div>\n\t\t\t\t\t\t\t\t<\/div>\n\t\t\t\t<\/div>\n\t\t\t\t<\/div>\n\t\t\t\t<div class=\"elementor-element elementor-element-1361d1f elementor-widget elementor-widget-spacer\" data-id=\"1361d1f\" data-element_type=\"widget\" data-widget_type=\"spacer.default\">\n\t\t\t\t<div class=\"elementor-widget-container\">\n\t\t\t\t\t<div class=\"elementor-spacer\">\n\t\t\t<div class=\"elementor-spacer-inner\"><\/div>\n\t\t<\/div>\n\t\t\t\t<\/div>\n\t\t\t\t<\/div>\n\t\t\t\t<div class=\"elementor-element elementor-element-a4e83c0 elementor-widget elementor-widget-heading\" data-id=\"a4e83c0\" data-element_type=\"widget\" id=\"composicao\" data-widget_type=\"heading.default\">\n\t\t\t\t<div class=\"elementor-widget-container\">\n\t\t\t<h5 class=\"elementor-heading-title elementor-size-default\">Composi\u00e7\u00e3o<\/h5>\t\t<\/div>\n\t\t\t\t<\/div>\n\t\t\t\t<div class=\"elementor-element elementor-element-25769262 elementor-widget elementor-widget-text-editor\" data-id=\"25769262\" data-element_type=\"widget\" data-widget_type=\"text-editor.default\">\n\t\t\t\t<div class=\"elementor-widget-container\">\n\t\t\t\t\t\t\t<p><strong>N\u00facleo Docente Estruturante do Curso de Rela\u00e7\u00f5es P\u00fablicas<\/strong>\u00a0<\/p><table border=\"1\"><tbody><tr><td>Daiane Scheid<\/td><td>Presidente<\/td><\/tr><tr><td><span style=\"color: #000000;font-size: 16px\">Jones Machado<\/span><\/td><td>Secret\u00e1rio<\/td><\/tr><tr><td>Fabiana da Costa Pereira<\/td><td>Docente<\/td><\/tr><tr><td><span style=\"color: #000000;font-size: 16px\">Joel Felipe Guindani<\/span><\/td><td>Docente<\/td><\/tr><tr><td>Patr\u00edcia Milano P\u00e9rsigo<\/td><td>Docente<\/td><\/tr><tr><td><span style=\"color: #000000;font-size: 16px\">Lana D&#8217;\u00c1vila Campanella<\/span><\/td><td>Docente Suplente<\/td><\/tr><\/tbody><\/table>\t\t\t\t\t\t<\/div>\n\t\t\t\t<\/div>\n\t\t\t\t<div class=\"elementor-element elementor-element-e1bf740 elementor-widget elementor-widget-spacer\" data-id=\"e1bf740\" data-element_type=\"widget\" data-widget_type=\"spacer.default\">\n\t\t\t\t<div class=\"elementor-widget-container\">\n\t\t\t\t\t<div class=\"elementor-spacer\">\n\t\t\t<div class=\"elementor-spacer-inner\"><\/div>\n\t\t<\/div>\n\t\t\t\t<\/div>\n\t\t\t\t<\/div>\n\t\t\t\t<div class=\"elementor-element elementor-element-f0f9ae7 elementor-widget elementor-widget-heading\" data-id=\"f0f9ae7\" data-element_type=\"widget\" id=\"portarias\" data-widget_type=\"heading.default\">\n\t\t\t\t<div class=\"elementor-widget-container\">\n\t\t\t<h5 class=\"elementor-heading-title elementor-size-default\">Portarias<\/h5>\t\t<\/div>\n\t\t\t\t<\/div>\n\t\t\t\t<div class=\"elementor-element elementor-element-b768d6a elementor-widget elementor-widget-text-editor\" data-id=\"b768d6a\" data-element_type=\"widget\" data-widget_type=\"text-editor.default\">\n\t\t\t\t<div class=\"elementor-widget-container\">\n\t\t\t\t\t\t\t<table style=\"width: 96.0519%;height: 140px\"><tbody><tr style=\"height: 23px\"><td style=\"width: 97.1292%;height: 23px\">\u00a0Portaria<\/td><\/tr><tr style=\"height: 47px\"><td style=\"width: 97.1292%;height: 47px\"><a href=\"https:\/\/portal.ufsm.br\/documentos\/download.html?action=componente&amp;download=false&amp;id=6176820\"><span style=\"color: #333333\">Portaria N. 070\/25 \u2013 NDE Rela\u00e7\u00f5es P\u00fablicas<\/span><\/a><\/td><\/tr><tr style=\"height: 47px\"><td style=\"width: 97.1292%;height: 47px\"><span style=\"color: #000000\"><a style=\"color: #000000\" href=\"https:\/\/portal.ufsm.br\/documentos\/download.html?action=componente&amp;download=false&amp;id=7034287\">Apostila N. 01 \u00e0 Portaria N. 070_2025- NDE<\/a><\/span><\/td><\/tr><tr style=\"height: 23px\"><td style=\"width: 97.1292%;height: 23px\">\u00a0<\/td><\/tr><\/tbody><\/table>\t\t\t\t\t\t<\/div>\n\t\t\t\t<\/div>\n\t\t\t\t\t<\/div>\n\t\t<\/div>\n\t\t\t\t\t<\/div>\n\t\t<\/section>\n\t\t\t\t<\/div>\n\t\t","protected":false},"excerpt":{"rendered":"<p>N\u00facleo Docente Estruturante do Curso de Rela\u00e7\u00f5es P\u00fablicas do Campus da Universidade Federal de Santa Maria em Frederico Westphalen (UFSM\/FW) Atas Composi\u00e7\u00e3o Portarias Atas 2026 ATA 80\/2026-NDE-RP\/FW\/UFSM 2025 ATA 64\/2025-NDE-RP\/FW\/UFSM ATA 65\/2025-NDE-RP\/FW\/UFSM ATA 66\/2025-NDE-RP\/FW\/UFSM ATA 67\/2025-NDE-RP\/FW\/UFSM ATA 68\/2025-NDE-RP\/FW\/UFSM ATA 69\/2025-NDE-RP\/FW\/UFSM ATA 70\/2025-NDE-RP\/FW\/UFSM ATA 71\/2025-NDE-RP\/FW\/UFSM ATA 72\/2025-NDE-RP\/FW\/UFSM ATA 73\/2025-NDE-RP\/FW\/UFSM ATA 74\/2025-NDE-RP\/FW\/UFSM ATA 75\/2025-NDE-RP\/FW\/UFSM ATA 76\/2025-NDE-RP\/FW\/UFSM ATA [&hellip;]<\/p>\n","protected":false},"author":3901,"featured_media":0,"parent":0,"menu_order":0,"comment_status":"closed","ping_status":"closed","template":"","meta":{"footnotes":""},"categories":[89],"tags":[],"class_list":["post-672","page","type-page","status-publish","hentry","category-colegiados-e-comissoes"],"acf":[],"_links":{"self":[{"href":"https:\/\/www.ufsm.br\/cursos\/graduacao\/frederico-westphalen\/relacoes-publicas\/wp-json\/wp\/v2\/pages\/672","targetHints":{"allow":["GET"]}}],"collection":[{"href":"https:\/\/www.ufsm.br\/cursos\/graduacao\/frederico-westphalen\/relacoes-publicas\/wp-json\/wp\/v2\/pages"}],"about":[{"href":"https:\/\/www.ufsm.br\/cursos\/graduacao\/frederico-westphalen\/relacoes-publicas\/wp-json\/wp\/v2\/types\/page"}],"author":[{"embeddable":true,"href":"https:\/\/www.ufsm.br\/cursos\/graduacao\/frederico-westphalen\/relacoes-publicas\/wp-json\/wp\/v2\/users\/3901"}],"replies":[{"embeddable":true,"href":"https:\/\/www.ufsm.br\/cursos\/graduacao\/frederico-westphalen\/relacoes-publicas\/wp-json\/wp\/v2\/comments?post=672"}],"version-history":[{"count":0,"href":"https:\/\/www.ufsm.br\/cursos\/graduacao\/frederico-westphalen\/relacoes-publicas\/wp-json\/wp\/v2\/pages\/672\/revisions"}],"wp:attachment":[{"href":"https:\/\/www.ufsm.br\/cursos\/graduacao\/frederico-westphalen\/relacoes-publicas\/wp-json\/wp\/v2\/media?parent=672"}],"wp:term":[{"taxonomy":"category","embeddable":true,"href":"https:\/\/www.ufsm.br\/cursos\/graduacao\/frederico-westphalen\/relacoes-publicas\/wp-json\/wp\/v2\/categories?post=672"},{"taxonomy":"post_tag","embeddable":true,"href":"https:\/\/www.ufsm.br\/cursos\/graduacao\/frederico-westphalen\/relacoes-publicas\/wp-json\/wp\/v2\/tags?post=672"}],"curies":[{"name":"wp","href":"https:\/\/api.w.org\/{rel}","templated":true}]}}