{"id":811,"date":"2024-10-20T18:45:15","date_gmt":"2024-10-20T21:45:15","guid":{"rendered":"https:\/\/www.ufsm.br\/cursos\/graduacao\/frederico-westphalen\/relacoes-publicas\/?page_id=811"},"modified":"2024-11-17T18:45:29","modified_gmt":"2024-11-17T21:45:29","slug":"visitas-tecnicas","status":"publish","type":"page","link":"https:\/\/www.ufsm.br\/cursos\/graduacao\/frederico-westphalen\/relacoes-publicas\/visitas-tecnicas","title":{"rendered":"Visitas T\u00e9cnicas"},"content":{"rendered":"\t\t<div data-elementor-type=\"wp-page\" data-elementor-id=\"811\" class=\"elementor elementor-811\">\n\t\t\t\t\t\t<section class=\"elementor-section elementor-top-section elementor-element elementor-element-17d1af0 elementor-section-boxed elementor-section-height-default elementor-section-height-default\" data-id=\"17d1af0\" data-element_type=\"section\">\n\t\t\t\t\t\t<div class=\"elementor-container elementor-column-gap-default\">\n\t\t\t\t\t<div class=\"elementor-column elementor-col-100 elementor-top-column elementor-element elementor-element-84e9b51\" data-id=\"84e9b51\" data-element_type=\"column\">\n\t\t\t<div class=\"elementor-widget-wrap elementor-element-populated\">\n\t\t\t\t\t\t<div class=\"elementor-element elementor-element-8f442d2 elementor-widget__width-initial elementor-widget elementor-widget-image\" data-id=\"8f442d2\" data-element_type=\"widget\" data-widget_type=\"image.default\">\n\t\t\t\t<div class=\"elementor-widget-container\">\n\t\t\t\t\t\t\t\t\t\t<figure class=\"wp-caption\">\n\t\t\t\t\t\t\t\t\t\t\t<a href=\"https:\/\/www.ufsm.br\/app\/uploads\/sites\/330\/2024\/11\/Registro-Visita-a-Radio-Comunitaria-de-FW_11.11.2024-2.jpeg\" data-elementor-open-lightbox=\"yes\" data-elementor-lightbox-title=\"Registro-Visita-a-Radio-Comunitaria-de-FW_11.11.2024-2.jpeg\" data-e-action-hash=\"#elementor-action%3Aaction%3Dlightbox%26settings%3DeyJpZCI6IjEwNDkiLCJ1cmwiOiJodHRwczpcL1wvd3d3LnVmc20uYnJcL2FwcFwvdXBsb2Fkc1wvc2l0ZXNcLzMzMFwvMjAyNFwvMTFcL1JlZ2lzdHJvLVZpc2l0YS1hLVJhZGlvLUNvbXVuaXRhcmlhLWRlLUZXXzExLjExLjIwMjQtMi5qcGVnIn0%3D\">\n\t\t\t\t\t\t\t<img fetchpriority=\"high\" decoding=\"async\" width=\"300\" height=\"225\" src=\"https:\/\/www.ufsm.br\/app\/uploads\/sites\/330\/2024\/11\/Registro-Visita-a-Radio-Comunitaria-de-FW_11.11.2024-2-300x225.jpeg\" class=\"elementor-animation-grow attachment-medium size-medium wp-image-1049\" alt=\"\" srcset=\"https:\/\/www.ufsm.br\/app\/uploads\/sites\/330\/2024\/11\/Registro-Visita-a-Radio-Comunitaria-de-FW_11.11.2024-2-300x225.jpeg 300w, https:\/\/www.ufsm.br\/app\/uploads\/sites\/330\/2024\/11\/Registro-Visita-a-Radio-Comunitaria-de-FW_11.11.2024-2-1024x768.jpeg 1024w, https:\/\/www.ufsm.br\/app\/uploads\/sites\/330\/2024\/11\/Registro-Visita-a-Radio-Comunitaria-de-FW_11.11.2024-2-768x576.jpeg 768w, https:\/\/www.ufsm.br\/app\/uploads\/sites\/330\/2024\/11\/Registro-Visita-a-Radio-Comunitaria-de-FW_11.11.2024-2.jpeg 1280w\" sizes=\"(max-width: 300px) 100vw, 300px\" \/>\t\t\t\t\t\t\t\t<\/a>\n\t\t\t\t\t\t\t\t\t\t\t<figcaption class=\"widget-image-caption wp-caption-text\">Turma da DCEx de Comunica\u00e7\u00e3o para a Cidadania visita a R\u00e1dio Comunit\u00e1ria de FW<\/figcaption>\n\t\t\t\t\t\t\t\t\t\t<\/figure>\n\t\t\t\t\t\t\t<\/div>\n\t\t\t\t<\/div>\n\t\t\t\t\t<\/div>\n\t\t<\/div>\n\t\t\t\t\t<\/div>\n\t\t<\/section>\n\t\t\t\t<\/div>\n\t\t","protected":false},"excerpt":{"rendered":"<p>Turma da DCEx de Comunica\u00e7\u00e3o para a Cidadania visita a R\u00e1dio Comunit\u00e1ria de FW<\/p>\n","protected":false},"author":8354,"featured_media":0,"parent":0,"menu_order":0,"comment_status":"closed","ping_status":"closed","template":"","meta":{"footnotes":""},"categories":[96],"tags":[36,35,101],"class_list":["post-811","page","type-page","status-publish","hentry","category-relacoes-publicas","tag-relacoes-publicas","tag-ufsm-fw","tag-visitas"],"acf":[],"_links":{"self":[{"href":"https:\/\/www.ufsm.br\/cursos\/graduacao\/frederico-westphalen\/relacoes-publicas\/wp-json\/wp\/v2\/pages\/811","targetHints":{"allow":["GET"]}}],"collection":[{"href":"https:\/\/www.ufsm.br\/cursos\/graduacao\/frederico-westphalen\/relacoes-publicas\/wp-json\/wp\/v2\/pages"}],"about":[{"href":"https:\/\/www.ufsm.br\/cursos\/graduacao\/frederico-westphalen\/relacoes-publicas\/wp-json\/wp\/v2\/types\/page"}],"author":[{"embeddable":true,"href":"https:\/\/www.ufsm.br\/cursos\/graduacao\/frederico-westphalen\/relacoes-publicas\/wp-json\/wp\/v2\/users\/8354"}],"replies":[{"embeddable":true,"href":"https:\/\/www.ufsm.br\/cursos\/graduacao\/frederico-westphalen\/relacoes-publicas\/wp-json\/wp\/v2\/comments?post=811"}],"version-history":[{"count":0,"href":"https:\/\/www.ufsm.br\/cursos\/graduacao\/frederico-westphalen\/relacoes-publicas\/wp-json\/wp\/v2\/pages\/811\/revisions"}],"wp:attachment":[{"href":"https:\/\/www.ufsm.br\/cursos\/graduacao\/frederico-westphalen\/relacoes-publicas\/wp-json\/wp\/v2\/media?parent=811"}],"wp:term":[{"taxonomy":"category","embeddable":true,"href":"https:\/\/www.ufsm.br\/cursos\/graduacao\/frederico-westphalen\/relacoes-publicas\/wp-json\/wp\/v2\/categories?post=811"},{"taxonomy":"post_tag","embeddable":true,"href":"https:\/\/www.ufsm.br\/cursos\/graduacao\/frederico-westphalen\/relacoes-publicas\/wp-json\/wp\/v2\/tags?post=811"}],"curies":[{"name":"wp","href":"https:\/\/api.w.org\/{rel}","templated":true}]}}