{"id":222,"date":"2018-11-20T16:32:37","date_gmt":"2018-11-20T18:32:37","guid":{"rendered":"https:\/\/www.ufsm.br\/cursos\/graduacao\/sistemas-de-informacao-fw\/?page_id=222"},"modified":"2018-11-20T16:32:37","modified_gmt":"2018-11-20T18:32:37","slug":"semestre-06-sistemas-de-informacao-curriculo-2016","status":"publish","type":"page","link":"https:\/\/www.ufsm.br\/cursos\/graduacao\/frederico-westphalen\/sistemas-de-informacao\/semestre-06-sistemas-de-informacao-curriculo-2016","title":{"rendered":"Semestre 06 &#8211; Sistemas de Informa\u00e7\u00e3o &#8211; Curr\u00edculo 2016"},"content":{"rendered":"<p><a href=\"https:\/\/www.ufsm.br\/cursos\/graduacao\/sistemas-de-informacao-fw\/wp-content\/uploads\/sites\/333\/2018\/11\/BIB_SIN_1016_MARKETING_sistemas_novo.pdf\">BIB SIN 1016 Marketing<\/a><\/p>\n<p><a href=\"https:\/\/www.ufsm.br\/cursos\/graduacao\/sistemas-de-informacao-fw\/wp-content\/uploads\/sites\/333\/2018\/11\/PRG_SIN_1016_MARKENTING_sistemas_novo.pdf\">PRG SIN 1016 Markenting<\/a><\/p>\n<p><a href=\"https:\/\/www.ufsm.br\/cursos\/graduacao\/sistemas-de-informacao-fw\/wp-content\/uploads\/sites\/333\/2018\/11\/BIB_SIN_1022_GERENCIA_DE_PROJETO_SOFTWARE_sistemas_novo.pdf\">BIB SIN 1022 Gerencia de Projeto Software<\/a><\/p>\n<p><a href=\"https:\/\/www.ufsm.br\/cursos\/graduacao\/sistemas-de-informacao-fw\/wp-content\/uploads\/sites\/333\/2018\/11\/PRG_SIN_1022_GERENCIA_DE_PROJETO_SOFTWARE_sistemas_novo.pdf\">PRG SIN 1022 Gerencia de Projeto Software<\/a><\/p>\n<p><a href=\"https:\/\/www.ufsm.br\/cursos\/graduacao\/sistemas-de-informacao-fw\/wp-content\/uploads\/sites\/333\/2018\/11\/BIB_SIN_1054__REDES_DE_COMPUTADORES_1_sistemas_novo.pdf\"> BIB SIN 1054 Redes de Computadores 1<\/a><\/p>\n<p><a href=\"https:\/\/www.ufsm.br\/cursos\/graduacao\/sistemas-de-informacao-fw\/wp-content\/uploads\/sites\/333\/2018\/11\/PRG_SIN_1054_REDES_DE_COMPUTADORES_1_sistemas_novo.pdf\">PRG SIN 1054 Redes de Computadores 1<\/a><\/p>\n<p><a href=\"https:\/\/www.ufsm.br\/cursos\/graduacao\/sistemas-de-informacao-fw\/wp-content\/uploads\/sites\/333\/2018\/11\/SIN__1053_PRG_BANCOS_DE_DADOS_II_sistemas_novo.pdf\">SIN 1053 PRG Bancos de Dados II<\/a><\/p>\n<p><a href=\"https:\/\/www.ufsm.br\/cursos\/graduacao\/sistemas-de-informacao-fw\/wp-content\/uploads\/sites\/333\/2018\/11\/SIN_1053_BIB_BANCOS_DE_DADOS_II_sistemas_novo.pdf\">SIN 1053 BIB Bancos de Dados II<\/a><\/p>\n<p><a href=\"https:\/\/www.ufsm.br\/cursos\/graduacao\/sistemas-de-informacao-fw\/wp-content\/uploads\/sites\/333\/2018\/11\/SIN_1048_BIB_PROGRAMACAO_ORIENTADA_A_OBJETOS-II_sistemas_novo.pdf\"> SIN 1048 BIB Programacao Orientada a Objetos II<\/a><\/p>\n<p><a href=\"https:\/\/www.ufsm.br\/cursos\/graduacao\/sistemas-de-informacao-fw\/wp-content\/uploads\/sites\/333\/2018\/11\/SIN_1048_PRG_PROGRAMA\u00c7AO_ORIENTADA_A_OBJETOS_II_sistemas_novo.pdf\"> SIN 1048 PRG Programa\u00e7ao Orientada a Objetos II<\/a><\/p>\n","protected":false},"excerpt":{"rendered":"<p>BIB SIN 1016 Marketing PRG SIN 1016 Markenting BIB SIN 1022 Gerencia de Projeto Software PRG SIN 1022 Gerencia de Projeto Software BIB SIN 1054 Redes de Computadores 1 PRG SIN 1054 Redes de Computadores 1 SIN 1053 PRG Bancos de Dados II SIN 1053 BIB Bancos de Dados II SIN 1048 BIB Programacao Orientada [&hellip;]<\/p>\n","protected":false},"author":194,"featured_media":0,"parent":0,"menu_order":0,"comment_status":"closed","ping_status":"closed","template":"","meta":{"footnotes":""},"categories":[],"tags":[],"class_list":["post-222","page","type-page","status-publish","hentry"],"acf":[],"_links":{"self":[{"href":"https:\/\/www.ufsm.br\/cursos\/graduacao\/frederico-westphalen\/sistemas-de-informacao\/wp-json\/wp\/v2\/pages\/222","targetHints":{"allow":["GET"]}}],"collection":[{"href":"https:\/\/www.ufsm.br\/cursos\/graduacao\/frederico-westphalen\/sistemas-de-informacao\/wp-json\/wp\/v2\/pages"}],"about":[{"href":"https:\/\/www.ufsm.br\/cursos\/graduacao\/frederico-westphalen\/sistemas-de-informacao\/wp-json\/wp\/v2\/types\/page"}],"author":[{"embeddable":true,"href":"https:\/\/www.ufsm.br\/cursos\/graduacao\/frederico-westphalen\/sistemas-de-informacao\/wp-json\/wp\/v2\/users\/194"}],"replies":[{"embeddable":true,"href":"https:\/\/www.ufsm.br\/cursos\/graduacao\/frederico-westphalen\/sistemas-de-informacao\/wp-json\/wp\/v2\/comments?post=222"}],"version-history":[{"count":0,"href":"https:\/\/www.ufsm.br\/cursos\/graduacao\/frederico-westphalen\/sistemas-de-informacao\/wp-json\/wp\/v2\/pages\/222\/revisions"}],"wp:attachment":[{"href":"https:\/\/www.ufsm.br\/cursos\/graduacao\/frederico-westphalen\/sistemas-de-informacao\/wp-json\/wp\/v2\/media?parent=222"}],"wp:term":[{"taxonomy":"category","embeddable":true,"href":"https:\/\/www.ufsm.br\/cursos\/graduacao\/frederico-westphalen\/sistemas-de-informacao\/wp-json\/wp\/v2\/categories?post=222"},{"taxonomy":"post_tag","embeddable":true,"href":"https:\/\/www.ufsm.br\/cursos\/graduacao\/frederico-westphalen\/sistemas-de-informacao\/wp-json\/wp\/v2\/tags?post=222"}],"curies":[{"name":"wp","href":"https:\/\/api.w.org\/{rel}","templated":true}]}}