{"id":287,"date":"2018-11-21T08:50:07","date_gmt":"2018-11-21T10:50:07","guid":{"rendered":"https:\/\/www.ufsm.br\/cursos\/graduacao\/sistemas-de-informacao-fw\/?page_id=287"},"modified":"2018-11-21T08:50:08","modified_gmt":"2018-11-21T10:50:08","slug":"tgsis-defendidos-em-2014","status":"publish","type":"page","link":"https:\/\/www.ufsm.br\/cursos\/graduacao\/frederico-westphalen\/sistemas-de-informacao\/tgsis-defendidos-em-2014","title":{"rendered":"TGSIs defendidos em 2014"},"content":{"rendered":"<p>1) Modelo de Aplicabilidade de Sistema RFID para Rastreabilidade na Ind\u00fastria Aliment\u00edcia &#8211;\u00a0<a href=\"https:\/\/www.ufsm.br\/cursos\/graduacao\/sistemas-de-informacao-fw\/wp-content\/uploads\/sites\/333\/2018\/11\/ModelodeAplicabilidadedeSistemaRFIDparaRastreabilidadena_Ind\u00fastriaAliment\u00edcia.pdf\" target=\"_blank\" rel=\"noopener\">download<\/a><br \/>\nAluno: Daniel Prediger<br \/>\nOrientador: Prof. Dr. Edison Pignaton de Freitas (UFRGS)<br \/>\nCo-Orientador: Prof. Dr. Sidnei Renato Silveira<\/p>\n<p>2) Perfil dos Profissionais e das Empresas de Tecnologia da Informa\u00e7\u00e3o (TI) da Cidade de Frederico Westphalen &#8211; RS\u00a0&#8211;\u00a0<a href=\"https:\/\/www.ufsm.br\/cursos\/graduacao\/sistemas-de-informacao-fw\/wp-content\/uploads\/sites\/333\/2018\/11\/PerfildosProfissionaisedasEmpresasdeTIdaCidadedeFredericoWestphalen.pdf\" target=\"_blank\" rel=\"noopener\">download<\/a><br \/>\nAluna:Francieli Zanardi<br \/>\nOrientador: Prof. Dr. Sidnei Renato Silveira<\/p>\n<p>3) Uma Proposta de um Processo de Teste em uma Empresa de Pequeno Porte\u00a0&#8211;\u00a0<a href=\"https:\/\/www.ufsm.br\/cursos\/graduacao\/sistemas-de-informacao-fw\/wp-content\/uploads\/sites\/333\/2018\/11\/UmaPropostadeumProcessodeTesteEmpresaPequenoPorte.pdf\" target=\"_blank\" rel=\"noopener\">download<\/a><br \/>\nAluno: Juliano Barbosa Prettz<br \/>\nOrientador: Prof. Dr. Cristiano Bertolini<\/p>\n<p>4) Estudo e Constru\u00e7\u00e3o de um Prot\u00f3tipo de Framework Gen\u00e9rico de Recomenda\u00e7\u00e3o para Lojas Virtuais\u00a0&#8211;\u00a0<a href=\"https:\/\/www.ufsm.br\/cursos\/graduacao\/sistemas-de-informacao-fw\/wp-content\/uploads\/sites\/333\/2018\/11\/EstudoeConstru\u00e7\u00e3odeumProt\u00f3tipodeFrameworkGen\u00e9ricodeRecomenda\u00e7\u00e3o.pdf\" target=\"_blank\" rel=\"noopener\">download<\/a><br \/>\nAluno: Kelvin Salton do Prado<br \/>\nOrientador: Prof. Dr. Sidnei Renato Silveira<\/p>\n<p>5) Desenvolvimento de um Prot\u00f3tipo de Sistema Inteligente de Apoio \u00e0 Decis\u00e3o como Ferramenta de Business Intelligence: um estudo de caso na Arbaza Alimentos\u00a0&#8211;\u00a0<a href=\"https:\/\/www.ufsm.br\/cursos\/graduacao\/sistemas-de-informacao-fw\/wp-content\/uploads\/sites\/333\/2018\/11\/DesenvolvimentodeumPrototipodeSistemaInteligentedeApoioaDecisaocomoFerramentadeBusinessIntelligence.pdf\" target=\"_blank\" rel=\"noopener\">download<\/a><br \/>\nAluno: Maik Frizon<br \/>\nOrientador: Prof. Dr. Sidnei Renato Silveira<br \/>\nCo-Orientador: Prof. Dr. Guilherme Bernardino da Cunha<\/p>\n<p>6) Sistema de Recomenda\u00e7\u00e3o Mobile: Um Estudo de Caso para Delivery\u00a0&#8211;\u00a0<a href=\"https:\/\/www.ufsm.br\/cursos\/graduacao\/sistemas-de-informacao-fw\/wp-content\/uploads\/sites\/333\/2018\/11\/Sistema_de_Recomenda\u00e7\u00e3o_Mobile.pdf\" target=\"_blank\" rel=\"noopener\">download<\/a><br \/>\nAluno: Marcelo Garbin<br \/>\nOrientador: Prof. Dr. Sidnei Renato Silveira<\/p>\n<p>7) Desenvolvimento de um Software para Migra\u00e7\u00e3o de um Banco de Dados Relacional Firebird para o n\u00e3o Relacional\u00a0MongoDB\u00a0&#8211;\u00a0<a href=\"https:\/\/www.ufsm.br\/cursos\/graduacao\/sistemas-de-informacao-fw\/wp-content\/uploads\/sites\/333\/2018\/11\/Desenvolvimentodeumsoftwareparamigra\u00e7\u00e3odeumBancodeDadosRelacionalFirebirdparaon\u00e3o-relacionalMongoDB.pdf\" target=\"_blank\" rel=\"noopener\">download<\/a><br \/>\nAluno: Mauro Andr\u00e9 Murari<br \/>\nOrientador: Prof. Dr. Guilherme Bernardino da Cunha<\/p>\n<p>8) Implementa\u00e7\u00e3o do\u00a0MPS.BR\u00a0na empresa Digifred Sistemas para Gest\u00e3o P\u00fablica: Um Estudo de Caso\u00a0&#8211;\u00a0<a href=\"https:\/\/www.ufsm.br\/cursos\/graduacao\/sistemas-de-informacao-fw\/wp-content\/uploads\/sites\/333\/2018\/11\/Implementa\u00e7\u00e3o_do_MPS.BR_na_empresa_Digifred_Sistemas_para_Gest\u00e3o_P\u00fablica_Um_Estudo_de_Caso.pdf\" target=\"_blank\" rel=\"noopener\">download<\/a><br \/>\nAluno: Paulo Roberto Ceratti<br \/>\nOrientador: Prof. Dr. Cristiano Bertolini<br \/>\nCo-Orientador: Prof. Dr. Sidnei Renato Silveira<\/p>\n<div class=\"bt-social-share bt-social-share-below\">\n<div class=\"bt-social-share-button bt-facebook-share-button\"><\/div>\n<\/div>\n","protected":false},"excerpt":{"rendered":"<p>1) Modelo de Aplicabilidade de Sistema RFID para Rastreabilidade na Ind\u00fastria Aliment\u00edcia &#8211;\u00a0download Aluno: Daniel Prediger Orientador: Prof. Dr. Edison Pignaton de Freitas (UFRGS) Co-Orientador: Prof. Dr. Sidnei Renato Silveira 2) Perfil dos Profissionais e das Empresas de Tecnologia da Informa\u00e7\u00e3o (TI) da Cidade de Frederico Westphalen &#8211; RS\u00a0&#8211;\u00a0download Aluna:Francieli Zanardi Orientador: Prof. Dr. Sidnei [&hellip;]<\/p>\n","protected":false},"author":194,"featured_media":0,"parent":0,"menu_order":0,"comment_status":"closed","ping_status":"closed","template":"","meta":{"footnotes":""},"categories":[],"tags":[],"class_list":["post-287","page","type-page","status-publish","hentry"],"acf":[],"_links":{"self":[{"href":"https:\/\/www.ufsm.br\/cursos\/graduacao\/frederico-westphalen\/sistemas-de-informacao\/wp-json\/wp\/v2\/pages\/287","targetHints":{"allow":["GET"]}}],"collection":[{"href":"https:\/\/www.ufsm.br\/cursos\/graduacao\/frederico-westphalen\/sistemas-de-informacao\/wp-json\/wp\/v2\/pages"}],"about":[{"href":"https:\/\/www.ufsm.br\/cursos\/graduacao\/frederico-westphalen\/sistemas-de-informacao\/wp-json\/wp\/v2\/types\/page"}],"author":[{"embeddable":true,"href":"https:\/\/www.ufsm.br\/cursos\/graduacao\/frederico-westphalen\/sistemas-de-informacao\/wp-json\/wp\/v2\/users\/194"}],"replies":[{"embeddable":true,"href":"https:\/\/www.ufsm.br\/cursos\/graduacao\/frederico-westphalen\/sistemas-de-informacao\/wp-json\/wp\/v2\/comments?post=287"}],"version-history":[{"count":0,"href":"https:\/\/www.ufsm.br\/cursos\/graduacao\/frederico-westphalen\/sistemas-de-informacao\/wp-json\/wp\/v2\/pages\/287\/revisions"}],"wp:attachment":[{"href":"https:\/\/www.ufsm.br\/cursos\/graduacao\/frederico-westphalen\/sistemas-de-informacao\/wp-json\/wp\/v2\/media?parent=287"}],"wp:term":[{"taxonomy":"category","embeddable":true,"href":"https:\/\/www.ufsm.br\/cursos\/graduacao\/frederico-westphalen\/sistemas-de-informacao\/wp-json\/wp\/v2\/categories?post=287"},{"taxonomy":"post_tag","embeddable":true,"href":"https:\/\/www.ufsm.br\/cursos\/graduacao\/frederico-westphalen\/sistemas-de-informacao\/wp-json\/wp\/v2\/tags?post=287"}],"curies":[{"name":"wp","href":"https:\/\/api.w.org\/{rel}","templated":true}]}}