{"id":5,"date":"2018-01-18T08:39:17","date_gmt":"2018-01-18T10:39:17","guid":{"rendered":"https:\/\/www.ufsm.br\/cursos\/graduacao\/sistemas-de-informacao\/13392\/?page_id=5"},"modified":"2026-03-16T15:03:38","modified_gmt":"2026-03-16T18:03:38","slug":"pagina-inicial","status":"publish","type":"page","link":"https:\/\/www.ufsm.br\/cursos\/graduacao\/frederico-westphalen\/sistemas-de-informacao\/","title":{"rendered":"P\u00e1gina Inicial"},"content":{"rendered":"\t\t<div data-elementor-type=\"wp-post\" data-elementor-id=\"5\" class=\"elementor elementor-5\">\n\t\t\t\t\t\t<section class=\"elementor-section elementor-top-section elementor-element elementor-element-39d151e elementor-section-boxed elementor-section-height-default elementor-section-height-default\" data-id=\"39d151e\" data-element_type=\"section\">\n\t\t\t\t\t\t<div class=\"elementor-container elementor-column-gap-default\">\n\t\t\t\t\t<div class=\"elementor-column elementor-col-100 elementor-top-column elementor-element elementor-element-3bc51c5\" data-id=\"3bc51c5\" data-element_type=\"column\">\n\t\t\t<div class=\"elementor-widget-wrap elementor-element-populated\">\n\t\t\t\t\t\t<div class=\"elementor-element elementor-element-30d6c76 elementor-widget elementor-widget-wp-widget-ufsm_noticias_widget\" data-id=\"30d6c76\" data-element_type=\"widget\" data-widget_type=\"wp-widget-ufsm_noticias_widget.default\">\n\t\t\t\t<div class=\"elementor-widget-container\">\n\t\t\t<div id='ufsm-carousel-1775937244-1445649986' class='carousel slide carousel-ufsm' data-bs-ride='carousel' aria-hidden='true'>\n    <div class='carousel-inner'>\n                    \n\n            <div class='carousel-item active' data-bs-interval='4000'>\n                                    <!-- Slider Image -->\n                    <img class='w-100'   alt=\"Arte colorida com ilustra\u00e7\u00e3o de duas pessoas e o nome da pesquisa\" srcset=\"https:\/\/www.ufsm.br\/app\/uploads\/2025\/10\/Enasam-banner-web-300x70.jpg 300w, https:\/\/www.ufsm.br\/app\/uploads\/2025\/10\/Enasam-banner-web-1024x240.jpg 1024w, https:\/\/www.ufsm.br\/app\/uploads\/2025\/10\/Enasam-banner-web-768x180.jpg 768w, https:\/\/www.ufsm.br\/app\/uploads\/2025\/10\/Enasam-banner-web.jpg 1536w\">\n                \n                \n                                                            <\/div>\n                    \n\n            <div class='carousel-item ' data-bs-interval='4000'>\n                                    <!-- Slider Image -->\n                    <img class='w-100'   alt=\"\u00a0 Os ramais telef\u00f4nicos de alguns setores da Pr\u00f3-Reitoria de Gradua\u00e7\u00e3o est\u00e3o apresentando problemas para completar as liga\u00e7\u00f5es nessa semana. A PROGRAD orienta, \u00e0 comunidade interna e externa, que opte pelo contato via email, para resolver demandas relativas a matr\u00edculas,&hellip;\" srcset=\"https:\/\/www.ufsm.br\/app\/uploads\/sites\/342\/2018\/11\/predio_48-D-300x79.jpg 300w, https:\/\/www.ufsm.br\/app\/uploads\/sites\/342\/2018\/11\/predio_48-D-768x203.jpg 768w, https:\/\/www.ufsm.br\/app\/uploads\/sites\/342\/2018\/11\/predio_48-D.jpg 1024w\">\n                \n                \n                                                            <\/div>\n                    \n\n            <div class='carousel-item ' data-bs-interval='4000'>\n                                    <!-- Slider Image -->\n                    <img class='w-100'   alt=\"Pessoas classificadas e matriculadas poder\u00e3o solicitar a bolsa at\u00e9 19 de dezembro de 2026 via Plataforma Freire\" srcset=\"https:\/\/www.ufsm.br\/app\/uploads\/sites\/342\/2026\/01\/ufsm-prograd-pe-de-meia-licenciaturas-sisu-2026-banner-300x79.jpg 300w, https:\/\/www.ufsm.br\/app\/uploads\/sites\/342\/2026\/01\/ufsm-prograd-pe-de-meia-licenciaturas-sisu-2026-banner-768x203.jpg 768w, https:\/\/www.ufsm.br\/app\/uploads\/sites\/342\/2026\/01\/ufsm-prograd-pe-de-meia-licenciaturas-sisu-2026-banner.jpg 1024w\">\n                \n                \n                                                            <\/div>\n                    <!-- Exibi Indicadores -->\n                    <ol class='carousel-indicators carousel-indicators-numbers d-none d-md-flex align-self-end m-0'>\n                <li data-bs-target='#ufsm-carousel-1775937244-1445649986' data-bs-slide-to='0' class='d-flex rounded-circle active'><span class='m-auto fw-bold'>1<\/span><\/li><li data-bs-target='#ufsm-carousel-1775937244-1445649986' data-bs-slide-to='1' class='d-flex rounded-circle '><span class='m-auto fw-bold'>2<\/span><\/li><li data-bs-target='#ufsm-carousel-1775937244-1445649986' data-bs-slide-to='2' class='d-flex rounded-circle '><span class='m-auto fw-bold'>3<\/span><\/li>            <\/ol>\n            <a class='carousel-control-prev' href='#ufsm-carousel-1775937244-1445649986' role='button' data-bs-slide='prev'>\n                <span class='carousel-control-prev-icon' aria-hidden='true'><\/span>\n                <span class='visually-hidden'>Previous<\/span>\n            <\/a>\n            <a class='carousel-control-next' href='#ufsm-carousel-1775937244-1445649986' role='button' data-bs-slide='next'>\n                <span class='carousel-control-next-icon' aria-hidden='true'><\/span>\n                <span class='visually-hidden'>Next<\/span>\n            <\/a>\n            <\/div>\n<\/div>\n<!-- Acessibilidade, apenas leitor de tela -->\n<ul class='visually-hidden'>\n    <li><a href='https:\/\/www.ufsm.br\/2026\/03\/30\/pesquisa-nacional-sobre-saude-mental-em-universidades-inicia-nesta-segunda-feira-30-na-ufsm'>Pesquisa nacional sobre sa\u00fade mental em universidades inicia nesta segunda-feira (30) na UFSM<\/a><\/li><li><a href='https:\/\/www.ufsm.br\/pro-reitorias\/prograd\/2026\/02\/25\/ramais-telefonicos-da-prograd-apresentam-problemas-contatos-via-e-mail-devem-ser-priorizados'>Ramais telef\u00f4nicos da PROGRAD apresentam problemas; contatos via e-mail devem ser priorizados<\/a><\/li><li><a href='https:\/\/www.ufsm.br\/pro-reitorias\/prograd\/2026\/01\/19\/pe-de-meia-licenciaturas-da-bolsa-de-r-1-05000-mensais-por-48-meses-para-quem-ingressar-via-sisu-com-media-igual-ou-maior-que-650-no-enem'>P\u00e9-de-Meia Licenciaturas d\u00e1 bolsa de R$ 1.050,00 por 48 meses, para quem ingressar via SiSU com m\u00e9dia igual ou maior que 650 no Enem<\/a><\/li><\/ul>\n\t\t<\/div>\n\t\t\t\t<\/div>\n\t\t\t\t\t<\/div>\n\t\t<\/div>\n\t\t\t\t\t<\/div>\n\t\t<\/section>\n\t\t\t\t<section class=\"elementor-section elementor-top-section elementor-element elementor-element-8260279 elementor-section-boxed elementor-section-height-default elementor-section-height-default\" data-id=\"8260279\" data-element_type=\"section\">\n\t\t\t\t\t\t<div class=\"elementor-container elementor-column-gap-default\">\n\t\t\t\t\t<div class=\"elementor-column elementor-col-100 elementor-top-column elementor-element elementor-element-95a528b\" data-id=\"95a528b\" data-element_type=\"column\">\n\t\t\t<div class=\"elementor-widget-wrap elementor-element-populated\">\n\t\t\t\t\t\t<div class=\"elementor-element elementor-element-4c58539 elementor-widget elementor-widget-shortcode\" data-id=\"4c58539\" data-element_type=\"widget\" data-widget_type=\"shortcode.default\">\n\t\t\t\t<div class=\"elementor-widget-container\">\n\t\t\t\t\t<div class=\"elementor-shortcode\"><div class='row'><div class='col-12 col-lg-9 pe-lg-1 align-self-center'><p>O curso de <b>Sistemas de Informa\u00e7\u00e3o<\/b> est\u00e1 localizado em <b>Campus Frederico Westphalen<\/b> na modalidade <b>Bacharelado - Presencial<\/b> sendo <b>Noturno<\/b> o seu turno de funcionamento. A \u00e1rea de conhecimento do curso \u00e9 classificada como <b>CI\u00caNCIAS EXATAS E DA TERRA<\/b>. Atualmente, a coordena\u00e7\u00e3o \u00e9 de responsabilidade de <b>EVANDRO PREUSS<\/b>, a coordena\u00e7\u00e3o substituta de <b>CRISTIANO BERTOLINI<\/b> e a secretaria de <b>RICARDO COCCO<\/b>.<\/p><p>O curso \u00e9 ofertado em per\u00edodo <b>Semestral<\/b>, sendo <b>9<\/b> o n\u00famero de per\u00edodos indicados para sua conclus\u00e3o.<\/p><p class='mt-3'>Reconhecido pela Portaria n. 71\/2015\/MEC, publicada no DOU,  de 30\/01\/2015 e Portaria n. 153\/2023\/MEC, publicada no DOU, de 22\/06\/2023.<\/p><\/div><div class='col-12 col-lg-3'><div class='row d-flex justify-content-around'><h3 class='visually-hidden'>Conceitos<\/h3><div class='col-12 col-md-4 col-lg-12 d-flex flex-column conceito-curso'><div class='flex-fill p-3 my-2 my-md-0 my-lg-1 mx-0 mx-md-2 mx-lg-0'><div class='text-center conceito-descricao'>Conceito de Curso (2014)<\/div><div class='text-center text-primary conceito-valor'>5<\/div><\/div><\/div><div class='col-12 col-md-4 col-lg-12 d-flex flex-column conceito-curso'><div class='flex-fill p-3 my-2 my-md-0 my-lg-1 mx-0 mx-md-2 mx-lg-0'><div class='text-center conceito-descricao'>Conceito Preliminar de Curso (2021)<\/div><div class='text-center text-primary conceito-valor'>3<\/div><\/div><\/div><div class='col-12 col-md-4 col-lg-12 d-flex flex-column conceito-curso'><div class='flex-fill p-3 my-2 my-md-0 my-lg-1 mx-0 mx-md-2 mx-lg-0'><div class='text-center conceito-descricao'>ENADE (2021)<\/div><div class='text-center text-primary conceito-valor'>1<\/div><\/div><\/div><\/div><\/div><\/div>\n<b>E-mail da coordena\u00e7\u00e3o<\/b>: si.fw@ufsm.br<br>\n<br><b>Linha direta com a coordena\u00e7\u00e3o<\/b> (sugest\u00f5es, coment\u00e1rios, reclama\u00e7\u00f5es e solicita\u00e7\u00f5es):<br>\n&nbsp;&nbsp;&nbsp;&nbsp;&nbsp;\n<a href=\"https:\/\/bit.ly\/linhadiretaSI-UFSMFW\">https:\/\/bit.ly\/linhadiretaSI-UFSMFW<\/a><br><br>\n<a href=\"https:\/\/www.ufsm.br\/cursos\/graduacao\/frederico-westphalen\/sistemas-de-informacao\/tgsi\"><b>TGSI<\/b>: Informa\u00e7\u00f5es e cronograma<\/a><br><br> <b>Tutoriais<\/b><br>\n&nbsp;&nbsp;&nbsp;&nbsp;&nbsp;\n<a href=\"https:\/\/www.ufsm.br\/app\/uploads\/sites\/51\/2018\/08\/Tutorial-Dispensa-Aluno-atualizado.pdf\">Aproveitamento de Disciplinas<\/a><br>\n&nbsp;&nbsp;&nbsp;&nbsp;&nbsp;\n<a href=\"https:\/\/www.ufsm.br\/app\/uploads\/sites\/478\/2021\/03\/Tutorial-para-registro-de-ACGs-pelo-Portal-do-Aluno.pdf\">Registro de ACGs<\/a><br>\n&nbsp;&nbsp;&nbsp;&nbsp;&nbsp;\n<a href=\"https:\/\/ntetube.nte.ufsm.br\/v\/1759941155\">Registro de est\u00e1gio<\/a>\n<br><br>\n<p><a href=\"https:\/\/www.ufsm.br\/app\/uploads\/sites\/333\/2026\/01\/Horario2026-1_SI_v3.pdf\"><span style=\"color: #000000;font-size: 16px;font-weight: var( --e-global-typography-text-font-weight );text-align: var(--bs-body-text-align)\"><b>Hor\u00e1rio 2026-1<\/b><\/span><\/a><\/p>\n<p style=\"padding-left: 40px\"><a href=\"https:\/\/www.ufsm.br\/app\/uploads\/sites\/333\/2026\/01\/Horario2026-1_SI_v3.pdf\"><img decoding=\"async\" class=\"alignnone size-thumbnail wp-image-428 alignleft\" src=\"https:\/\/www.ufsm.br\/app\/uploads\/sites\/333\/2024\/08\/horario2024-2.jpg\" alt=\"\" width=\"150\" height=\"150\" \/><\/a><\/p>\n<p>&nbsp;<\/p><\/div>\n\t\t\t\t<\/div>\n\t\t\t\t<\/div>\n\t\t\t\t\t<\/div>\n\t\t<\/div>\n\t\t\t\t\t<\/div>\n\t\t<\/section>\n\t\t\t\t<section class=\"elementor-section elementor-top-section elementor-element elementor-element-2d00e45 elementor-section-boxed elementor-section-height-default elementor-section-height-default\" data-id=\"2d00e45\" data-element_type=\"section\">\n\t\t\t\t\t\t<div class=\"elementor-container elementor-column-gap-default\">\n\t\t\t\t\t<div class=\"elementor-column elementor-col-100 elementor-top-column elementor-element elementor-element-031d1d1\" data-id=\"031d1d1\" data-element_type=\"column\">\n\t\t\t<div class=\"elementor-widget-wrap elementor-element-populated\">\n\t\t\t\t\t\t<div class=\"elementor-element elementor-element-b59eeb3 elementor-widget elementor-widget-wp-widget-ufsm_utilidades\" data-id=\"b59eeb3\" data-element_type=\"widget\" data-widget_type=\"wp-widget-ufsm_utilidades.default\">\n\t\t\t\t<div class=\"elementor-widget-container\">\n\t\t\t\t\t<h5 class=\"card-title titulo-conteudos\">Utilidades<\/h5>\n\t\t\t\t\n\t\t<div class=\"row \">\n\t\t\t\t\t\t\t<div class=\"col-12 col-sm-6 col-md-3 mt-4 text-center\">\n\t\t\t\t\t\t\t\t\t\t\t<a href=\"https:\/\/www.ufsm.br\/cursos\/graduacao\/frederico-westphalen\/sistemas-de-informacao\/horarios\" class=\"item-utilidades d-block\">\n\t\t\t\t\t\t\t\t\t\t<i class=\"fas fa-pencil-alt animation-pulse\" aria-hidden=\"true\"><\/i><b>Oferta \/ Hor\u00e1rios<\/b><\/a>\n\t\t\t\t<\/div>\n\t\t\t\t\t\t\t<div class=\"col-12 col-sm-6 col-md-3 mt-4 text-center\">\n\t\t\t\t\t\t\t\t\t\t\t<a href=\"https:\/\/portal.ufsm.br\/aluno\/\" class=\"item-utilidades d-block\">\n\t\t\t\t\t\t\t\t\t\t<i class=\"fa fa-user animation-pulse\" aria-hidden=\"true\"><\/i><b>Portal do Aluno<\/b><\/a>\n\t\t\t\t<\/div>\n\t\t\t\t\t\t\t<div class=\"col-12 col-sm-6 col-md-3 mt-4 text-center\">\n\t\t\t\t\t\t\t\t\t\t\t<a href=\"https:\/\/www.ufsm.br\/cursos\/graduacao\/frederico-westphalen\/sistemas-de-informacao\/informacoes-do-curriculo\" class=\"item-utilidades d-block\">\n\t\t\t\t\t\t\t\t\t\t<i class=\"fa fa-clipboard animation-pulse\" aria-hidden=\"true\"><\/i><b>Informa\u00e7\u00f5es Curriculares<\/b><\/a>\n\t\t\t\t<\/div>\n\t\t\t\t\t\t\t<div class=\"col-12 col-sm-6 col-md-3 mt-4 text-center\">\n\t\t\t\t\t\t\t\t\t\t\t<a href=\"https:\/\/www.ufsm.br\/cursos\/graduacao\/frederico-westphalen\/sistemas-de-informacao\/projeto-pedagogico\" class=\"item-utilidades d-block\">\n\t\t\t\t\t\t\t\t\t\t<i class=\"fa fa-book animation-pulse\" aria-hidden=\"true\"><\/i><b>Projeto Pedag\u00f3gico<\/b><\/a>\n\t\t\t\t<\/div>\n\t\t\t\t\t\t\t<div class=\"col-12 col-sm-6 col-md-3 mt-4 text-center\">\n\t\t\t\t\t\t\t\t\t\t\t<a href=\"https:\/\/ead06.proj.ufsm.br\/login\/\" class=\"item-utilidades d-block\">\n\t\t\t\t\t\t\t\t\t\t<i class=\"ufsm ufsm-moodle animation-pulse\" aria-hidden=\"true\"><\/i><b>Ambiente Virtual Moodle<\/b><\/a>\n\t\t\t\t<\/div>\n\t\t\t\t\t\t\t<div class=\"col-12 col-sm-6 col-md-3 mt-4 text-center\">\n\t\t\t\t\t\t\t\t\t\t\t<a href=\"https:\/\/www.ufsm.br\/cursos\/graduacao\/frederico-westphalen\/sistemas-de-informacao\/grupos\" class=\"item-utilidades d-block\">\n\t\t\t\t\t\t\t\t\t\t<i class=\"fas fa-user-friends animation-pulse\" aria-hidden=\"true\"><\/i><b>Grupos Acad\u00eamicos<\/b><\/a>\n\t\t\t\t<\/div>\n\t\t\t\t\t\t\t<div class=\"col-12 col-sm-6 col-md-3 mt-4 text-center\">\n\t\t\t\t\t\t\t\t\t\t\t<a href=\"https:\/\/www.ufsm.br\/cursos\/graduacao\/frederico-westphalen\/sistemas-de-informacao\/editais\" class=\"item-utilidades d-block\">\n\t\t\t\t\t\t\t\t\t\t<i class=\"far fa-copy animation-pulse\" aria-hidden=\"true\"><\/i><b>Editais<\/b><\/a>\n\t\t\t\t<\/div>\n\t\t\t\t\t<\/div>\n\t\t\t\t<\/div>\n\t\t\t\t<\/div>\n\t\t\t\t\t<\/div>\n\t\t<\/div>\n\t\t\t\t\t<\/div>\n\t\t<\/section>\n\t\t\t\t<section class=\"elementor-section elementor-top-section elementor-element elementor-element-ba91efe elementor-section-boxed elementor-section-height-default elementor-section-height-default\" data-id=\"ba91efe\" data-element_type=\"section\">\n\t\t\t\t\t\t<div class=\"elementor-container elementor-column-gap-default\">\n\t\t\t\t\t<div class=\"elementor-column elementor-col-33 elementor-top-column elementor-element elementor-element-f8470ba\" data-id=\"f8470ba\" data-element_type=\"column\">\n\t\t\t<div class=\"elementor-widget-wrap\">\n\t\t\t\t\t\t\t<\/div>\n\t\t<\/div>\n\t\t\t\t<div class=\"elementor-column elementor-col-33 elementor-top-column elementor-element elementor-element-9ac249b\" data-id=\"9ac249b\" data-element_type=\"column\">\n\t\t\t<div class=\"elementor-widget-wrap elementor-element-populated\">\n\t\t\t\t\t\t<div class=\"elementor-element elementor-element-ea307a7 elementor-view-default elementor-position-top elementor-mobile-position-top elementor-widget elementor-widget-icon-box\" data-id=\"ea307a7\" data-element_type=\"widget\" data-widget_type=\"icon-box.default\">\n\t\t\t\t<div class=\"elementor-widget-container\">\n\t\t\t\t\t<div class=\"elementor-icon-box-wrapper\">\n\n\t\t\t\t\t\t<div class=\"elementor-icon-box-icon\">\n\t\t\t\t<a href=\"https:\/\/www.ufsm.br\/app\/uploads\/sites\/342\/2025\/02\/GUIA-ESTUDANTIL-UFSM-2025.pdf\" class=\"elementor-icon elementor-animation-\" tabindex=\"-1\">\n\t\t\t\t<i aria-hidden=\"true\" class=\"fas fa-book\"><\/i>\t\t\t\t<\/a>\n\t\t\t<\/div>\n\t\t\t\n\t\t\t\t\t\t<div class=\"elementor-icon-box-content\">\n\n\t\t\t\t\t\t\t\t\t<h3 class=\"elementor-icon-box-title\">\n\t\t\t\t\t\t<a href=\"https:\/\/www.ufsm.br\/app\/uploads\/sites\/342\/2025\/02\/GUIA-ESTUDANTIL-UFSM-2025.pdf\" >\n\t\t\t\t\t\t\tGuia Estudantil\t\t\t\t\t\t<\/a>\n\t\t\t\t\t<\/h3>\n\t\t\t\t\n\t\t\t\t\n\t\t\t<\/div>\n\t\t\t\n\t\t<\/div>\n\t\t\t\t<\/div>\n\t\t\t\t<\/div>\n\t\t\t\t\t<\/div>\n\t\t<\/div>\n\t\t\t\t<div class=\"elementor-column elementor-col-33 elementor-top-column elementor-element elementor-element-5eff747\" data-id=\"5eff747\" data-element_type=\"column\">\n\t\t\t<div class=\"elementor-widget-wrap\">\n\t\t\t\t\t\t\t<\/div>\n\t\t<\/div>\n\t\t\t\t\t<\/div>\n\t\t<\/section>\n\t\t\t\t<section class=\"elementor-section elementor-top-section elementor-element elementor-element-0358ffb elementor-section-boxed elementor-section-height-default elementor-section-height-default\" data-id=\"0358ffb\" data-element_type=\"section\">\n\t\t\t\t\t\t<div class=\"elementor-container elementor-column-gap-default\">\n\t\t\t\t\t<div class=\"elementor-column elementor-col-100 elementor-top-column elementor-element elementor-element-d45e587\" data-id=\"d45e587\" data-element_type=\"column\">\n\t\t\t<div class=\"elementor-widget-wrap elementor-element-populated\">\n\t\t\t\t\t\t<div class=\"elementor-element elementor-element-d9e24ab elementor-widget elementor-widget-wp-widget-ufsm_eventos_widget\" data-id=\"d9e24ab\" data-element_type=\"widget\" data-widget_type=\"wp-widget-ufsm_eventos_widget.default\">\n\t\t\t\t<div class=\"elementor-widget-container\">\n\t\t\t<H2 class='titulo-conteudos'>Eventos<\/H2>\n          <div class='d-flex flex-column align-items-center justify-content-center py-4'>\n        <span class='text-muted fs-5 mb-2 d-flex align-items-center'>\n          <i class='fas fa-calendar-times fa-2x me-2'><\/i>\n          Nenhum evento futuro encontrado.\n        <\/span>\n        <a class='btn btn-outline-primary mt-2' href='https:\/\/www.ufsm.br\/cursos\/graduacao\/frederico-westphalen\/sistemas-de-informacao\/busca\/?q=&orderby=date&order=DESC&perpage=15&area=eventos&sites%5B%5D=333'>\n          Confira os eventos j\u00e1 realizados\n          <i class='fas fa-arrow-right ms-2'><\/i>\n        <\/a>\n          <\/div>\n        \t\t<\/div>\n\t\t\t\t<\/div>\n\t\t\t\t\t<\/div>\n\t\t<\/div>\n\t\t\t\t\t<\/div>\n\t\t<\/section>\n\t\t\t\t<\/div>\n\t\t","protected":false},"excerpt":{"rendered":"<p>E-mail da coordena\u00e7\u00e3o: si.fw@ufsm.br Linha direta com a coordena\u00e7\u00e3o (sugest\u00f5es, coment\u00e1rios, reclama\u00e7\u00f5es e solicita\u00e7\u00f5es): &nbsp;&nbsp;&nbsp;&nbsp;&nbsp; https:\/\/bit.ly\/linhadiretaSI-UFSMFW TGSI: Informa\u00e7\u00f5es e cronograma Tutoriais &nbsp;&nbsp;&nbsp;&nbsp;&nbsp; Aproveitamento de Disciplinas &nbsp;&nbsp;&nbsp;&nbsp;&nbsp; Registro de ACGs &nbsp;&nbsp;&nbsp;&nbsp;&nbsp; Registro de est\u00e1gio Hor\u00e1rio 2026-1 &nbsp; Guia Estudantil<\/p>\n","protected":false},"author":8,"featured_media":0,"parent":0,"menu_order":0,"comment_status":"closed","ping_status":"closed","template":"","meta":{"footnotes":""},"categories":[],"tags":[],"class_list":["post-5","page","type-page","status-publish","hentry"],"acf":[],"_links":{"self":[{"href":"https:\/\/www.ufsm.br\/cursos\/graduacao\/frederico-westphalen\/sistemas-de-informacao\/wp-json\/wp\/v2\/pages\/5","targetHints":{"allow":["GET"]}}],"collection":[{"href":"https:\/\/www.ufsm.br\/cursos\/graduacao\/frederico-westphalen\/sistemas-de-informacao\/wp-json\/wp\/v2\/pages"}],"about":[{"href":"https:\/\/www.ufsm.br\/cursos\/graduacao\/frederico-westphalen\/sistemas-de-informacao\/wp-json\/wp\/v2\/types\/page"}],"author":[{"embeddable":true,"href":"https:\/\/www.ufsm.br\/cursos\/graduacao\/frederico-westphalen\/sistemas-de-informacao\/wp-json\/wp\/v2\/users\/8"}],"replies":[{"embeddable":true,"href":"https:\/\/www.ufsm.br\/cursos\/graduacao\/frederico-westphalen\/sistemas-de-informacao\/wp-json\/wp\/v2\/comments?post=5"}],"version-history":[{"count":0,"href":"https:\/\/www.ufsm.br\/cursos\/graduacao\/frederico-westphalen\/sistemas-de-informacao\/wp-json\/wp\/v2\/pages\/5\/revisions"}],"wp:attachment":[{"href":"https:\/\/www.ufsm.br\/cursos\/graduacao\/frederico-westphalen\/sistemas-de-informacao\/wp-json\/wp\/v2\/media?parent=5"}],"wp:term":[{"taxonomy":"category","embeddable":true,"href":"https:\/\/www.ufsm.br\/cursos\/graduacao\/frederico-westphalen\/sistemas-de-informacao\/wp-json\/wp\/v2\/categories?post=5"},{"taxonomy":"post_tag","embeddable":true,"href":"https:\/\/www.ufsm.br\/cursos\/graduacao\/frederico-westphalen\/sistemas-de-informacao\/wp-json\/wp\/v2\/tags?post=5"}],"curies":[{"name":"wp","href":"https:\/\/api.w.org\/{rel}","templated":true}]}}