{"id":201,"date":"2021-10-28T20:17:38","date_gmt":"2021-10-28T23:17:38","guid":{"rendered":"https:\/\/www.ufsm.br\/cursos\/graduacao\/palmeira-das-missoes\/ciencias-economicas\/?page_id=201"},"modified":"2022-06-27T10:42:52","modified_gmt":"2022-06-27T13:42:52","slug":"produto-interno-bruto","status":"publish","type":"page","link":"https:\/\/www.ufsm.br\/cursos\/graduacao\/palmeira-das-missoes\/ciencias-economicas\/produto-interno-bruto","title":{"rendered":"Estat\u00edsticas"},"content":{"rendered":"\t\t<div data-elementor-type=\"wp-page\" data-elementor-id=\"201\" class=\"elementor elementor-201\">\n\t\t\t\t\t\t<section class=\"elementor-section elementor-top-section elementor-element elementor-element-69ffc33 elementor-section-boxed elementor-section-height-default elementor-section-height-default\" data-id=\"69ffc33\" data-element_type=\"section\">\n\t\t\t\t\t\t<div class=\"elementor-container elementor-column-gap-default\">\n\t\t\t\t\t<div class=\"elementor-column elementor-col-100 elementor-top-column elementor-element elementor-element-8d9b0e0\" data-id=\"8d9b0e0\" data-element_type=\"column\">\n\t\t\t<div class=\"elementor-widget-wrap elementor-element-populated\">\n\t\t\t\t\t\t<div class=\"elementor-element elementor-element-012a99c elementor-widget elementor-widget-image\" data-id=\"012a99c\" data-element_type=\"widget\" data-widget_type=\"image.default\">\n\t\t\t\t<div class=\"elementor-widget-container\">\n\t\t\t\t\t\t\t\t\t\t\t\t\t<img fetchpriority=\"high\" decoding=\"async\" width=\"1920\" height=\"347\" src=\"https:\/\/www.ufsm.br\/app\/uploads\/sites\/237\/2021\/10\/ufsm-2.jpg\" class=\"attachment-full size-full wp-image-207\" alt=\"\" srcset=\"https:\/\/www.ufsm.br\/app\/uploads\/sites\/237\/2021\/10\/ufsm-2.jpg 1920w, https:\/\/www.ufsm.br\/app\/uploads\/sites\/237\/2021\/10\/ufsm-2-300x54.jpg 300w, https:\/\/www.ufsm.br\/app\/uploads\/sites\/237\/2021\/10\/ufsm-2-1024x185.jpg 1024w, https:\/\/www.ufsm.br\/app\/uploads\/sites\/237\/2021\/10\/ufsm-2-768x139.jpg 768w, https:\/\/www.ufsm.br\/app\/uploads\/sites\/237\/2021\/10\/ufsm-2-1536x278.jpg 1536w\" sizes=\"(max-width: 1920px) 100vw, 1920px\" \/>\t\t\t\t\t\t\t\t\t\t\t\t\t<\/div>\n\t\t\t\t<\/div>\n\t\t\t\t\t<\/div>\n\t\t<\/div>\n\t\t\t\t\t<\/div>\n\t\t<\/section>\n\t\t\t\t<section class=\"elementor-section elementor-top-section elementor-element elementor-element-c1a9024 elementor-section-boxed elementor-section-height-default elementor-section-height-default\" data-id=\"c1a9024\" data-element_type=\"section\">\n\t\t\t\t\t\t<div class=\"elementor-container elementor-column-gap-default\">\n\t\t\t\t\t<div class=\"elementor-column elementor-col-100 elementor-top-column elementor-element elementor-element-4ff7785\" data-id=\"4ff7785\" data-element_type=\"column\">\n\t\t\t<div class=\"elementor-widget-wrap elementor-element-populated\">\n\t\t\t\t\t\t<div class=\"elementor-element elementor-element-8fcaca0 elementor-widget elementor-widget-text-editor\" data-id=\"8fcaca0\" data-element_type=\"widget\" data-widget_type=\"text-editor.default\">\n\t\t\t\t<div class=\"elementor-widget-container\">\n\t\t\t\t\t\t\t<p>As dashboards a seguir foram elaboradas por docentes e discentes do Curso de Gradua\u00e7\u00e3o em Ci\u00eancias Econ\u00f4micas da UFSM-PM.<\/p><p>Nestas, s\u00e3o\u00a0 apresentadas v\u00e1rias estat\u00edsticas socioecon\u00f4micas e ambientais dos munic\u00edpios que est\u00e3o na \u00e1rea de atua\u00e7\u00e3o da UFSM Palmeira das Miss\u00f5es.<\/p><p>Destaca-se, neste contexto, as estat\u00edsticas do Produto Interno Bruto dos munic\u00edpios que est\u00e3o na \u00e1rea de abrang\u00eancia da Associa\u00e7\u00e3o de Munic\u00edpios da Zona de Produ\u00e7\u00e3o (AMZOP) e da Associa\u00e7\u00e3o dos Munic\u00edpios da Regi\u00e3o Celeiro do RS (AMUCELEIRO).<\/p><p>Os dados est\u00e3o deflacionados pelo Deflator Impl\u00edcito do PIB e refletem, portanto, a evolu\u00e7\u00e3o real da produ\u00e7\u00e3o de riquezas no per\u00edodo hist\u00f3rico e regi\u00e3o geogr\u00e1fica em an\u00e1lise.<\/p><p>Tamb\u00e9m, as informa\u00e7\u00f5es de natureza ambiental e o perfil fundi\u00e1rio dos munic\u00edpios que possuem Campus da UFSM.<\/p><p>Esta se\u00e7\u00e3o est\u00e1 em desenvolvimento e logo novas apresenta\u00e7\u00f5es e an\u00e1lises estar\u00e3o dispon\u00edveis para a comunidade regional.<\/p>\t\t\t\t\t\t<\/div>\n\t\t\t\t<\/div>\n\t\t\t\t\t<\/div>\n\t\t<\/div>\n\t\t\t\t\t<\/div>\n\t\t<\/section>\n\t\t\t\t<section class=\"elementor-section elementor-top-section elementor-element elementor-element-203a1e9 elementor-section-boxed elementor-section-height-default elementor-section-height-default\" data-id=\"203a1e9\" data-element_type=\"section\">\n\t\t\t\t\t\t<div class=\"elementor-container elementor-column-gap-default\">\n\t\t\t\t\t<div class=\"elementor-column elementor-col-100 elementor-top-column elementor-element elementor-element-8cebf8b\" data-id=\"8cebf8b\" data-element_type=\"column\">\n\t\t\t<div class=\"elementor-widget-wrap elementor-element-populated\">\n\t\t\t\t\t\t<div class=\"elementor-element elementor-element-c51008d elementor-widget elementor-widget-text-editor\" data-id=\"c51008d\" data-element_type=\"widget\" data-widget_type=\"text-editor.default\">\n\t\t\t\t<div class=\"elementor-widget-container\">\n\t\t\t\t\t\t\t<p>Para abrir a apresenta\u00e7\u00e3o no modo tela inteira, clique no \u00edcone que est\u00e1 no canto inferior direito da dashboard.<\/p>\t\t\t\t\t\t<\/div>\n\t\t\t\t<\/div>\n\t\t\t\t\t<\/div>\n\t\t<\/div>\n\t\t\t\t\t<\/div>\n\t\t<\/section>\n\t\t\t\t<section class=\"elementor-section elementor-top-section elementor-element elementor-element-5df1ff7 elementor-section-boxed elementor-section-height-default elementor-section-height-default\" data-id=\"5df1ff7\" data-element_type=\"section\">\n\t\t\t\t\t\t<div class=\"elementor-container elementor-column-gap-default\">\n\t\t\t\t\t<div class=\"elementor-column elementor-col-100 elementor-top-column elementor-element elementor-element-8fb5dc5\" data-id=\"8fb5dc5\" data-element_type=\"column\">\n\t\t\t<div class=\"elementor-widget-wrap elementor-element-populated\">\n\t\t\t\t\t\t<div class=\"elementor-element elementor-element-2e2913f elementor-widget elementor-widget-wp-widget-custom_html\" data-id=\"2e2913f\" data-element_type=\"widget\" data-widget_type=\"wp-widget-custom_html.default\">\n\t\t\t\t<div class=\"elementor-widget-container\">\n\t\t\t<h5>PIB dos Munic\u00edpios da AMUCELEIRO<\/h5><div class=\"textwidget custom-html-widget\"><iframe width=\"800\" height=\"500\" src=\"https:\/\/app.powerbi.com\/view?r=eyJrIjoiNjFmZDU5YmQtNDEzZi00ZTFhLTliYjAtNGJlYTgwZTJiY2Y0IiwidCI6Ijk3OTAyMGQ1LTQ5NTAtNGY0My1hOTk0LTg4ZDY4M2VhYjQ3MyJ9\" frameborder=\"0\" allowFullScreen=\"true\"><\/iframe><\/div>\t\t<\/div>\n\t\t\t\t<\/div>\n\t\t\t\t\t<\/div>\n\t\t<\/div>\n\t\t\t\t\t<\/div>\n\t\t<\/section>\n\t\t\t\t<section class=\"elementor-section elementor-top-section elementor-element elementor-element-9daeee9 elementor-section-boxed elementor-section-height-default elementor-section-height-default\" data-id=\"9daeee9\" data-element_type=\"section\">\n\t\t\t\t\t\t<div class=\"elementor-container elementor-column-gap-default\">\n\t\t\t\t\t<div class=\"elementor-column elementor-col-100 elementor-top-column elementor-element elementor-element-3989dee\" data-id=\"3989dee\" data-element_type=\"column\">\n\t\t\t<div class=\"elementor-widget-wrap elementor-element-populated\">\n\t\t\t\t\t\t<div class=\"elementor-element elementor-element-ea3f082 elementor-widget elementor-widget-spacer\" data-id=\"ea3f082\" data-element_type=\"widget\" data-widget_type=\"spacer.default\">\n\t\t\t\t<div class=\"elementor-widget-container\">\n\t\t\t\t\t<div class=\"elementor-spacer\">\n\t\t\t<div class=\"elementor-spacer-inner\"><\/div>\n\t\t<\/div>\n\t\t\t\t<\/div>\n\t\t\t\t<\/div>\n\t\t\t\t\t<\/div>\n\t\t<\/div>\n\t\t\t\t\t<\/div>\n\t\t<\/section>\n\t\t\t\t<section class=\"elementor-section elementor-top-section elementor-element elementor-element-f7c6a5b elementor-section-boxed elementor-section-height-default elementor-section-height-default\" data-id=\"f7c6a5b\" data-element_type=\"section\">\n\t\t\t\t\t\t<div class=\"elementor-container elementor-column-gap-default\">\n\t\t\t\t\t<div class=\"elementor-column elementor-col-100 elementor-top-column elementor-element elementor-element-c3f89bb\" data-id=\"c3f89bb\" data-element_type=\"column\">\n\t\t\t<div class=\"elementor-widget-wrap elementor-element-populated\">\n\t\t\t\t\t\t<div class=\"elementor-element elementor-element-4fee58f elementor-widget elementor-widget-wp-widget-custom_html\" data-id=\"4fee58f\" data-element_type=\"widget\" data-widget_type=\"wp-widget-custom_html.default\">\n\t\t\t\t<div class=\"elementor-widget-container\">\n\t\t\t<h5>Mercado de Trabalho, Benef\u00edcios Assistenciais e Especializa\u00e7\u00e3o Produtiva na Regi\u00e3o Celeiro do RS<\/h5><div class=\"textwidget custom-html-widget\"><iframe width=\"800\" height=\"500\" src=\"https:\/\/app.powerbi.com\/view?r=eyJrIjoiMzdhODA0MGEtM2JiNi00ODFiLWE1MmMtYzQ3MmJhNzVmMDdiIiwidCI6Ijk3OTAyMGQ1LTQ5NTAtNGY0My1hOTk0LTg4ZDY4M2VhYjQ3MyJ9\" frameborder=\"0\" allowFullScreen=\"true\"><\/iframe><\/div>\t\t<\/div>\n\t\t\t\t<\/div>\n\t\t\t\t\t<\/div>\n\t\t<\/div>\n\t\t\t\t\t<\/div>\n\t\t<\/section>\n\t\t\t\t<section class=\"elementor-section elementor-top-section elementor-element elementor-element-90185e6 elementor-section-boxed elementor-section-height-default elementor-section-height-default\" data-id=\"90185e6\" data-element_type=\"section\">\n\t\t\t\t\t\t<div class=\"elementor-container elementor-column-gap-default\">\n\t\t\t\t\t<div class=\"elementor-column elementor-col-100 elementor-top-column elementor-element elementor-element-01bf9b5\" data-id=\"01bf9b5\" data-element_type=\"column\">\n\t\t\t<div class=\"elementor-widget-wrap elementor-element-populated\">\n\t\t\t\t\t\t<div class=\"elementor-element elementor-element-3a16b75 elementor-widget elementor-widget-spacer\" data-id=\"3a16b75\" data-element_type=\"widget\" data-widget_type=\"spacer.default\">\n\t\t\t\t<div class=\"elementor-widget-container\">\n\t\t\t\t\t<div class=\"elementor-spacer\">\n\t\t\t<div class=\"elementor-spacer-inner\"><\/div>\n\t\t<\/div>\n\t\t\t\t<\/div>\n\t\t\t\t<\/div>\n\t\t\t\t\t<\/div>\n\t\t<\/div>\n\t\t\t\t\t<\/div>\n\t\t<\/section>\n\t\t\t\t<section class=\"elementor-section elementor-top-section elementor-element elementor-element-760ed57 elementor-section-boxed elementor-section-height-default elementor-section-height-default\" data-id=\"760ed57\" data-element_type=\"section\">\n\t\t\t\t\t\t<div class=\"elementor-container elementor-column-gap-default\">\n\t\t\t\t\t<div class=\"elementor-column elementor-col-100 elementor-top-column elementor-element elementor-element-74207a6\" data-id=\"74207a6\" data-element_type=\"column\">\n\t\t\t<div class=\"elementor-widget-wrap elementor-element-populated\">\n\t\t\t\t\t\t<div class=\"elementor-element elementor-element-55c246a elementor-widget elementor-widget-wp-widget-custom_html\" data-id=\"55c246a\" data-element_type=\"widget\" data-widget_type=\"wp-widget-custom_html.default\">\n\t\t\t\t<div class=\"elementor-widget-container\">\n\t\t\t<h5>PIB dos Munic\u00edpios da AMZOP<\/h5><div class=\"textwidget custom-html-widget\"><iframe width=\"600\" height=\"373.5\" src=\"https:\/\/app.powerbi.com\/view?r=eyJrIjoiZTk3ODFhNzAtOGQ5NC00OWRiLWJlOTQtYzZhYjIxMjk2YjljIiwidCI6Ijk3OTAyMGQ1LTQ5NTAtNGY0My1hOTk0LTg4ZDY4M2VhYjQ3MyJ9\" frameborder=\"0\" allowFullScreen=\"true\"><\/iframe><\/div>\t\t<\/div>\n\t\t\t\t<\/div>\n\t\t\t\t\t<\/div>\n\t\t<\/div>\n\t\t\t\t\t<\/div>\n\t\t<\/section>\n\t\t\t\t<section class=\"elementor-section elementor-top-section elementor-element elementor-element-beed1ae elementor-section-boxed elementor-section-height-default elementor-section-height-default\" data-id=\"beed1ae\" data-element_type=\"section\">\n\t\t\t\t\t\t<div class=\"elementor-container elementor-column-gap-default\">\n\t\t\t\t\t<div class=\"elementor-column elementor-col-100 elementor-top-column elementor-element elementor-element-8e9841d\" data-id=\"8e9841d\" data-element_type=\"column\">\n\t\t\t<div class=\"elementor-widget-wrap elementor-element-populated\">\n\t\t\t\t\t\t<div class=\"elementor-element elementor-element-34111b6 elementor-widget elementor-widget-spacer\" data-id=\"34111b6\" data-element_type=\"widget\" data-widget_type=\"spacer.default\">\n\t\t\t\t<div class=\"elementor-widget-container\">\n\t\t\t\t\t<div class=\"elementor-spacer\">\n\t\t\t<div class=\"elementor-spacer-inner\"><\/div>\n\t\t<\/div>\n\t\t\t\t<\/div>\n\t\t\t\t<\/div>\n\t\t\t\t\t<\/div>\n\t\t<\/div>\n\t\t\t\t\t<\/div>\n\t\t<\/section>\n\t\t\t\t<section class=\"elementor-section elementor-top-section elementor-element elementor-element-295ac5f elementor-section-boxed elementor-section-height-default elementor-section-height-default\" data-id=\"295ac5f\" data-element_type=\"section\">\n\t\t\t\t\t\t<div class=\"elementor-container elementor-column-gap-default\">\n\t\t\t\t\t<div class=\"elementor-column elementor-col-100 elementor-top-column elementor-element elementor-element-f53ede1\" data-id=\"f53ede1\" data-element_type=\"column\">\n\t\t\t<div class=\"elementor-widget-wrap elementor-element-populated\">\n\t\t\t\t\t\t<div class=\"elementor-element elementor-element-17c490d elementor-widget elementor-widget-wp-widget-custom_html\" data-id=\"17c490d\" data-element_type=\"widget\" data-widget_type=\"wp-widget-custom_html.default\">\n\t\t\t\t<div class=\"elementor-widget-container\">\n\t\t\t<h5>Perfil do Mercado Formal de Trabalho do Munic\u00edpio de Palmeira das Miss\u00f5es<\/h5><div class=\"textwidget custom-html-widget\"><iframe width=\"800\" height=\"500\" src=\"https:\/\/app.powerbi.com\/view?r=eyJrIjoiNWJiNWJjYjktZWFmNy00NjIwLTk5MzUtOTYzZDM4MWY1NjUyIiwidCI6Ijk3OTAyMGQ1LTQ5NTAtNGY0My1hOTk0LTg4ZDY4M2VhYjQ3MyJ9&amp;pageName=ReportSectiona49693bd5bbc6d4e1608\" frameborder=\"0\" allowFullScreen=\"true\"><\/iframe><\/div>\t\t<\/div>\n\t\t\t\t<\/div>\n\t\t\t\t\t<\/div>\n\t\t<\/div>\n\t\t\t\t\t<\/div>\n\t\t<\/section>\n\t\t\t\t<section class=\"elementor-section elementor-top-section elementor-element elementor-element-3b92ff9 elementor-section-boxed elementor-section-height-default elementor-section-height-default\" data-id=\"3b92ff9\" data-element_type=\"section\">\n\t\t\t\t\t\t<div class=\"elementor-container elementor-column-gap-default\">\n\t\t\t\t\t<div class=\"elementor-column elementor-col-100 elementor-top-column elementor-element elementor-element-33a3917\" data-id=\"33a3917\" data-element_type=\"column\">\n\t\t\t<div class=\"elementor-widget-wrap elementor-element-populated\">\n\t\t\t\t\t\t<div class=\"elementor-element elementor-element-6e79dac elementor-widget elementor-widget-spacer\" data-id=\"6e79dac\" data-element_type=\"widget\" data-widget_type=\"spacer.default\">\n\t\t\t\t<div class=\"elementor-widget-container\">\n\t\t\t\t\t<div class=\"elementor-spacer\">\n\t\t\t<div class=\"elementor-spacer-inner\"><\/div>\n\t\t<\/div>\n\t\t\t\t<\/div>\n\t\t\t\t<\/div>\n\t\t\t\t\t<\/div>\n\t\t<\/div>\n\t\t\t\t\t<\/div>\n\t\t<\/section>\n\t\t\t\t<section class=\"elementor-section elementor-top-section elementor-element elementor-element-d37aad1 elementor-section-boxed elementor-section-height-default elementor-section-height-default\" data-id=\"d37aad1\" data-element_type=\"section\">\n\t\t\t\t\t\t<div class=\"elementor-container elementor-column-gap-default\">\n\t\t\t\t\t<div class=\"elementor-column elementor-col-100 elementor-top-column elementor-element elementor-element-78779d8\" data-id=\"78779d8\" data-element_type=\"column\">\n\t\t\t<div class=\"elementor-widget-wrap elementor-element-populated\">\n\t\t\t\t\t\t<div class=\"elementor-element elementor-element-4e69e9c elementor-widget elementor-widget-wp-widget-custom_html\" data-id=\"4e69e9c\" data-element_type=\"widget\" data-widget_type=\"wp-widget-custom_html.default\">\n\t\t\t\t<div class=\"elementor-widget-container\">\n\t\t\t<h5>Perfil Ambiental e Fundi\u00e1rio dos Munic\u00edpios com Campus UFSM<\/h5><div class=\"textwidget custom-html-widget\"><\/div>\t\t<\/div>\n\t\t\t\t<\/div>\n\t\t\t\t\t<\/div>\n\t\t<\/div>\n\t\t\t\t\t<\/div>\n\t\t<\/section>\n\t\t\t\t<section class=\"elementor-section elementor-top-section elementor-element elementor-element-c46dd70 elementor-section-boxed elementor-section-height-default elementor-section-height-default\" data-id=\"c46dd70\" data-element_type=\"section\">\n\t\t\t\t\t\t<div class=\"elementor-container elementor-column-gap-default\">\n\t\t\t\t\t<div class=\"elementor-column elementor-col-100 elementor-top-column elementor-element elementor-element-98c9f58\" data-id=\"98c9f58\" data-element_type=\"column\">\n\t\t\t<div class=\"elementor-widget-wrap elementor-element-populated\">\n\t\t\t\t\t\t<div class=\"elementor-element elementor-element-0b50f54 elementor-widget elementor-widget-spacer\" data-id=\"0b50f54\" data-element_type=\"widget\" data-widget_type=\"spacer.default\">\n\t\t\t\t<div class=\"elementor-widget-container\">\n\t\t\t\t\t<div class=\"elementor-spacer\">\n\t\t\t<div class=\"elementor-spacer-inner\"><\/div>\n\t\t<\/div>\n\t\t\t\t<\/div>\n\t\t\t\t<\/div>\n\t\t\t\t\t<\/div>\n\t\t<\/div>\n\t\t\t\t\t<\/div>\n\t\t<\/section>\n\t\t\t\t<section class=\"elementor-section elementor-top-section elementor-element elementor-element-5dc5980 elementor-section-boxed elementor-section-height-default elementor-section-height-default\" data-id=\"5dc5980\" data-element_type=\"section\">\n\t\t\t\t\t\t<div class=\"elementor-container elementor-column-gap-default\">\n\t\t\t\t\t<div class=\"elementor-column elementor-col-100 elementor-top-column elementor-element elementor-element-f56b066\" data-id=\"f56b066\" data-element_type=\"column\">\n\t\t\t<div class=\"elementor-widget-wrap elementor-element-populated\">\n\t\t\t\t\t\t<div class=\"elementor-element elementor-element-a95e2aa elementor-widget elementor-widget-wp-widget-custom_html\" data-id=\"a95e2aa\" data-element_type=\"widget\" data-widget_type=\"wp-widget-custom_html.default\">\n\t\t\t\t<div class=\"elementor-widget-container\">\n\t\t\t<h5>Estat\u00edsticas Agropecu\u00e1rias e Import\u00e2ncia do Ramal Ferrovi\u00e1ria Vicente-Dutra\/RS &#8211; Cruz Alta\/RS para ao socioeconomia do Norte do RS<\/h5><div class=\"textwidget custom-html-widget\"><iframe width=\"800\" height=\"500\" src=\"https:\/\/app.powerbi.com\/view?r=eyJrIjoiNTJhYTRkOWUtZWNkZS00OTNlLWFiMjYtZmY1NjFiZjBhOTg3IiwidCI6Ijk3OTAyMGQ1LTQ5NTAtNGY0My1hOTk0LTg4ZDY4M2VhYjQ3MyJ9\" frameborder=\"0\" allowFullScreen=\"true\"><\/iframe><\/div>\t\t<\/div>\n\t\t\t\t<\/div>\n\t\t\t\t\t<\/div>\n\t\t<\/div>\n\t\t\t\t\t<\/div>\n\t\t<\/section>\n\t\t\t\t<\/div>\n\t\t","protected":false},"excerpt":{"rendered":"<p>As dashboards a seguir foram elaboradas por docentes e discentes do Curso de Gradua\u00e7\u00e3o em Ci\u00eancias Econ\u00f4micas da UFSM-PM. Nestas, s\u00e3o\u00a0 apresentadas v\u00e1rias estat\u00edsticas socioecon\u00f4micas e ambientais dos munic\u00edpios que est\u00e3o na \u00e1rea de atua\u00e7\u00e3o da UFSM Palmeira das Miss\u00f5es. Destaca-se, neste contexto, as estat\u00edsticas do Produto Interno Bruto dos munic\u00edpios que est\u00e3o na \u00e1rea [&hellip;]<\/p>\n","protected":false},"author":39,"featured_media":0,"parent":0,"menu_order":0,"comment_status":"closed","ping_status":"closed","template":"","meta":{"footnotes":""},"categories":[19],"tags":[],"class_list":["post-201","page","type-page","status-publish","hentry","category-estatisticas-economicas"],"acf":[],"_links":{"self":[{"href":"https:\/\/www.ufsm.br\/cursos\/graduacao\/palmeira-das-missoes\/ciencias-economicas\/wp-json\/wp\/v2\/pages\/201","targetHints":{"allow":["GET"]}}],"collection":[{"href":"https:\/\/www.ufsm.br\/cursos\/graduacao\/palmeira-das-missoes\/ciencias-economicas\/wp-json\/wp\/v2\/pages"}],"about":[{"href":"https:\/\/www.ufsm.br\/cursos\/graduacao\/palmeira-das-missoes\/ciencias-economicas\/wp-json\/wp\/v2\/types\/page"}],"author":[{"embeddable":true,"href":"https:\/\/www.ufsm.br\/cursos\/graduacao\/palmeira-das-missoes\/ciencias-economicas\/wp-json\/wp\/v2\/users\/39"}],"replies":[{"embeddable":true,"href":"https:\/\/www.ufsm.br\/cursos\/graduacao\/palmeira-das-missoes\/ciencias-economicas\/wp-json\/wp\/v2\/comments?post=201"}],"version-history":[{"count":0,"href":"https:\/\/www.ufsm.br\/cursos\/graduacao\/palmeira-das-missoes\/ciencias-economicas\/wp-json\/wp\/v2\/pages\/201\/revisions"}],"wp:attachment":[{"href":"https:\/\/www.ufsm.br\/cursos\/graduacao\/palmeira-das-missoes\/ciencias-economicas\/wp-json\/wp\/v2\/media?parent=201"}],"wp:term":[{"taxonomy":"category","embeddable":true,"href":"https:\/\/www.ufsm.br\/cursos\/graduacao\/palmeira-das-missoes\/ciencias-economicas\/wp-json\/wp\/v2\/categories?post=201"},{"taxonomy":"post_tag","embeddable":true,"href":"https:\/\/www.ufsm.br\/cursos\/graduacao\/palmeira-das-missoes\/ciencias-economicas\/wp-json\/wp\/v2\/tags?post=201"}],"curies":[{"name":"wp","href":"https:\/\/api.w.org\/{rel}","templated":true}]}}