{"id":5,"date":"2018-01-18T08:39:17","date_gmt":"2018-01-18T10:39:17","guid":{"rendered":"https:\/\/www.ufsm.br\/cursos\/graduacao\/ciencias-economicas\/13402\/?page_id=5"},"modified":"2025-05-19T14:21:09","modified_gmt":"2025-05-19T17:21:09","slug":"pagina-inicial","status":"publish","type":"page","link":"https:\/\/www.ufsm.br\/cursos\/graduacao\/palmeira-das-missoes\/ciencias-economicas\/","title":{"rendered":"P\u00e1gina Inicial"},"content":{"rendered":"\t\t<div data-elementor-type=\"wp-post\" data-elementor-id=\"5\" class=\"elementor elementor-5\">\n\t\t\t\t\t\t<section class=\"elementor-section elementor-top-section elementor-element elementor-element-7a57834 elementor-section-boxed elementor-section-height-default elementor-section-height-default\" data-id=\"7a57834\" data-element_type=\"section\">\n\t\t\t\t\t\t<div class=\"elementor-container elementor-column-gap-default\">\n\t\t\t\t\t<div class=\"elementor-column elementor-col-100 elementor-top-column elementor-element elementor-element-c629d76\" data-id=\"c629d76\" data-element_type=\"column\">\n\t\t\t<div class=\"elementor-widget-wrap elementor-element-populated\">\n\t\t\t\t\t\t<div class=\"elementor-element elementor-element-dd0b66a elementor-widget elementor-widget-heading\" data-id=\"dd0b66a\" data-element_type=\"widget\" data-widget_type=\"heading.default\">\n\t\t\t\t<div class=\"elementor-widget-container\">\n\t\t\t<h5 class=\"elementor-heading-title elementor-size-default\">Apresenta\u00e7\u00e3o<\/h5>\t\t<\/div>\n\t\t\t\t<\/div>\n\t\t\t\t\t<\/div>\n\t\t<\/div>\n\t\t\t\t\t<\/div>\n\t\t<\/section>\n\t\t\t\t<section class=\"elementor-section elementor-top-section elementor-element elementor-element-a0a268f elementor-section-boxed elementor-section-height-default elementor-section-height-default\" data-id=\"a0a268f\" data-element_type=\"section\">\n\t\t\t\t\t\t<div class=\"elementor-container elementor-column-gap-default\">\n\t\t\t\t\t<div class=\"elementor-column elementor-col-100 elementor-top-column elementor-element elementor-element-333d210\" data-id=\"333d210\" data-element_type=\"column\">\n\t\t\t<div class=\"elementor-widget-wrap elementor-element-populated\">\n\t\t\t\t\t\t<div class=\"elementor-element elementor-element-c8aab3d elementor-widget elementor-widget-text-editor\" data-id=\"c8aab3d\" data-element_type=\"widget\" data-widget_type=\"text-editor.default\">\n\t\t\t\t<div class=\"elementor-widget-container\">\n\t\t\t\t\t\t\t<p>O curso de <strong>Ci\u00eancias Econ\u00f4micas<\/strong> est\u00e1 localizado no <strong>Campus Palmeira das Miss\u00f5es<\/strong> na modalidade <strong>Bacharelado &#8211; Presencial<\/strong> sendo <strong>Noturno<\/strong> o seu turno de funcionamento. A \u00e1rea de conhecimento do curso \u00e9 classificada como <strong>CI\u00caNCIAS SOCIAIS APLICADAS<\/strong>. Atualmente, a coordena\u00e7\u00e3o \u00e9 de responsabilidade de <b>C\u00c9ZAR AUGUSTO PEREIRA DOS SANTOS<\/b><strong>\u00a0<\/strong>e a coordena\u00e7\u00e3o substituta de <b>GABRIEL NUNES DE OLIVEIRA<\/b>.<\/p><p>O curso \u00e9 ofertado em per\u00edodo <strong>Semestral<\/strong>, sendo <strong>10<\/strong> o n\u00famero de per\u00edodos indicados para sua conclus\u00e3o.<\/p><p>Reconhecido pela Portaria n. 69\/2015\/MEC, publicada no DOU, de 30\/01\/2015 e Portaria n. 211\/2020\/MEC.<\/p>\t\t\t\t\t\t<\/div>\n\t\t\t\t<\/div>\n\t\t\t\t<div class=\"elementor-element elementor-element-927df10 elementor-arrows-position-inside elementor-pagination-position-outside elementor-widget elementor-widget-image-carousel\" data-id=\"927df10\" data-element_type=\"widget\" data-settings=\"{&quot;slides_to_show&quot;:&quot;3&quot;,&quot;_animation&quot;:&quot;none&quot;,&quot;navigation&quot;:&quot;both&quot;,&quot;autoplay&quot;:&quot;yes&quot;,&quot;pause_on_hover&quot;:&quot;yes&quot;,&quot;pause_on_interaction&quot;:&quot;yes&quot;,&quot;autoplay_speed&quot;:5000,&quot;infinite&quot;:&quot;yes&quot;,&quot;speed&quot;:500}\" data-widget_type=\"image-carousel.default\">\n\t\t\t\t<div class=\"elementor-widget-container\">\n\t\t\t\t\t<div class=\"elementor-image-carousel-wrapper swiper\" dir=\"ltr\">\n\t\t\t<div class=\"elementor-image-carousel swiper-wrapper\" aria-live=\"off\">\n\t\t\t\t\t\t\t\t<div class=\"swiper-slide\" role=\"group\" aria-roledescription=\"slide\" aria-label=\"1 of 10\"><figure class=\"swiper-slide-inner\"><img decoding=\"async\" class=\"swiper-slide-image\" src=\"https:\/\/www.ufsm.br\/app\/uploads\/sites\/237\/2024\/10\/Semana_Academica4.jpg\" alt=\"Semana_Academica4\" \/><\/figure><\/div><div class=\"swiper-slide\" role=\"group\" aria-roledescription=\"slide\" aria-label=\"2 of 10\"><figure class=\"swiper-slide-inner\"><img decoding=\"async\" class=\"swiper-slide-image\" src=\"https:\/\/www.ufsm.br\/app\/uploads\/sites\/237\/2024\/10\/Semana_Academica3.jpg\" alt=\"Semana_Academica3\" \/><\/figure><\/div><div class=\"swiper-slide\" role=\"group\" aria-roledescription=\"slide\" aria-label=\"3 of 10\"><figure class=\"swiper-slide-inner\"><img decoding=\"async\" class=\"swiper-slide-image\" src=\"https:\/\/www.ufsm.br\/app\/uploads\/sites\/237\/2024\/10\/Semana_Academica2.jpg\" alt=\"Semana_Academica2\" \/><\/figure><\/div><div class=\"swiper-slide\" role=\"group\" aria-roledescription=\"slide\" aria-label=\"4 of 10\"><figure class=\"swiper-slide-inner\"><img decoding=\"async\" class=\"swiper-slide-image\" src=\"https:\/\/www.ufsm.br\/app\/uploads\/sites\/237\/2024\/10\/Semana_Academica.jpg\" alt=\"Semana_Academica\" \/><\/figure><\/div><div class=\"swiper-slide\" role=\"group\" aria-roledescription=\"slide\" aria-label=\"5 of 10\"><figure class=\"swiper-slide-inner\"><img decoding=\"async\" class=\"swiper-slide-image\" src=\"https:\/\/www.ufsm.br\/app\/uploads\/sites\/237\/2022\/07\/PalestraGustavo-768x512.jpg\" alt=\"PalestraGustavo\" \/><\/figure><\/div><div class=\"swiper-slide\" role=\"group\" aria-roledescription=\"slide\" aria-label=\"6 of 10\"><figure class=\"swiper-slide-inner\"><img decoding=\"async\" class=\"swiper-slide-image\" src=\"https:\/\/www.ufsm.br\/app\/uploads\/sites\/237\/2022\/06\/banrisul.jpg\" alt=\"banrisul\" \/><\/figure><\/div><div class=\"swiper-slide\" role=\"group\" aria-roledescription=\"slide\" aria-label=\"7 of 10\"><figure class=\"swiper-slide-inner\"><img decoding=\"async\" class=\"swiper-slide-image\" src=\"https:\/\/www.ufsm.br\/app\/uploads\/sites\/237\/2022\/06\/escritorio.jpg\" alt=\"escritorio\" \/><\/figure><\/div><div class=\"swiper-slide\" role=\"group\" aria-roledescription=\"slide\" aria-label=\"8 of 10\"><figure class=\"swiper-slide-inner\"><img decoding=\"async\" class=\"swiper-slide-image\" src=\"https:\/\/www.ufsm.br\/app\/uploads\/sites\/237\/2022\/01\/1629720311796-768x508.jpg\" alt=\"1629720311796\" \/><\/figure><\/div><div class=\"swiper-slide\" role=\"group\" aria-roledescription=\"slide\" aria-label=\"9 of 10\"><figure class=\"swiper-slide-inner\"><img decoding=\"async\" class=\"swiper-slide-image\" src=\"https:\/\/www.ufsm.br\/app\/uploads\/sites\/237\/2021\/10\/12107823_1037171286317578_1766304765836432370_n-768x510-1.jpg\" alt=\"12107823_1037171286317578_1766304765836432370_n-768x510\" \/><\/figure><\/div><div class=\"swiper-slide\" role=\"group\" aria-roledescription=\"slide\" aria-label=\"10 of 10\"><figure class=\"swiper-slide-inner\"><img decoding=\"async\" class=\"swiper-slide-image\" src=\"https:\/\/www.ufsm.br\/app\/uploads\/sites\/237\/2021\/10\/10478196_1037170816317625_8431462691625855084_n-768x510-1.jpg\" alt=\"10478196_1037170816317625_8431462691625855084_n-768x510\" \/><\/figure><\/div>\t\t\t<\/div>\n\t\t\t\t\t\t\t\t\t\t\t\t<div class=\"elementor-swiper-button elementor-swiper-button-prev\" role=\"button\" tabindex=\"0\">\n\t\t\t\t\t\t<i aria-hidden=\"true\" class=\"eicon-chevron-left\"><\/i>\t\t\t\t\t<\/div>\n\t\t\t\t\t<div class=\"elementor-swiper-button elementor-swiper-button-next\" role=\"button\" tabindex=\"0\">\n\t\t\t\t\t\t<i aria-hidden=\"true\" class=\"eicon-chevron-right\"><\/i>\t\t\t\t\t<\/div>\n\t\t\t\t\n\t\t\t\t\t\t\t\t\t<div class=\"swiper-pagination\"><\/div>\n\t\t\t\t\t\t\t\t\t<\/div>\n\t\t\t\t<\/div>\n\t\t\t\t<\/div>\n\t\t\t\t\t<\/div>\n\t\t<\/div>\n\t\t\t\t\t<\/div>\n\t\t<\/section>\n\t\t\t\t<section class=\"elementor-section elementor-top-section elementor-element elementor-element-0df399c elementor-section-boxed elementor-section-height-default elementor-section-height-default\" data-id=\"0df399c\" data-element_type=\"section\">\n\t\t\t\t\t\t<div class=\"elementor-container elementor-column-gap-default\">\n\t\t\t\t\t<div class=\"elementor-column elementor-col-100 elementor-top-column elementor-element elementor-element-d6b5634\" data-id=\"d6b5634\" data-element_type=\"column\">\n\t\t\t<div class=\"elementor-widget-wrap elementor-element-populated\">\n\t\t\t\t\t\t<div class=\"elementor-element elementor-element-4f7448e elementor-widget elementor-widget-wp-widget-ufsm_utilidades\" data-id=\"4f7448e\" data-element_type=\"widget\" data-widget_type=\"wp-widget-ufsm_utilidades.default\">\n\t\t\t\t<div class=\"elementor-widget-container\">\n\t\t\t\t\t<h5 class=\"card-title titulo-conteudos\">Utilidades<\/h5>\n\t\t\t\t\n\t\t<div class=\"row \">\n\t\t\t\t\t\t\t<div class=\"col-12 col-sm-6 col-md-3 mt-4 text-center\">\n\t\t\t\t\t\t\t\t\t\t\t<a href=\"https:\/\/www.ufsm.br\/cursos\/graduacao\/palmeira-das-missoes\/ciencias-economicas\/horarios\" class=\"item-utilidades d-block\">\n\t\t\t\t\t\t\t\t\t\t<i class=\"fas fa-pencil-alt animation-pulse\" aria-hidden=\"true\"><\/i><b>Oferta \/ Hor\u00e1rios<\/b><\/a>\n\t\t\t\t<\/div>\n\t\t\t\t\t\t\t<div class=\"col-12 col-sm-6 col-md-3 mt-4 text-center\">\n\t\t\t\t\t\t\t\t\t\t\t<a href=\"https:\/\/portal.ufsm.br\/aluno\/\" class=\"item-utilidades d-block\">\n\t\t\t\t\t\t\t\t\t\t<i class=\"fa fa-user animation-pulse\" aria-hidden=\"true\"><\/i><b>Portal do Aluno<\/b><\/a>\n\t\t\t\t<\/div>\n\t\t\t\t\t\t\t<div class=\"col-12 col-sm-6 col-md-3 mt-4 text-center\">\n\t\t\t\t\t\t\t\t\t\t\t<a href=\"https:\/\/www.ufsm.br\/cursos\/graduacao\/palmeira-das-missoes\/ciencias-economicas\/informacoes-do-curriculo\" class=\"item-utilidades d-block\">\n\t\t\t\t\t\t\t\t\t\t<i class=\"fa fa-clipboard animation-pulse\" aria-hidden=\"true\"><\/i><b>Informa\u00e7\u00f5es Curriculares<\/b><\/a>\n\t\t\t\t<\/div>\n\t\t\t\t\t\t\t<div class=\"col-12 col-sm-6 col-md-3 mt-4 text-center\">\n\t\t\t\t\t\t\t\t\t\t\t<a href=\"https:\/\/www.ufsm.br\/cursos\/graduacao\/palmeira-das-missoes\/ciencias-economicas\/projeto-pedagogico\" class=\"item-utilidades d-block\">\n\t\t\t\t\t\t\t\t\t\t<i class=\"fa fa-book animation-pulse\" aria-hidden=\"true\"><\/i><b>Projeto Pedag\u00f3gico<\/b><\/a>\n\t\t\t\t<\/div>\n\t\t\t\t\t\t\t<div class=\"col-12 col-sm-6 col-md-3 mt-4 text-center\">\n\t\t\t\t\t\t\t\t\t\t\t<a href=\"https:\/\/ead06.proj.ufsm.br\/login\/\" class=\"item-utilidades d-block\">\n\t\t\t\t\t\t\t\t\t\t<i class=\"ufsm ufsm-moodle animation-pulse\" aria-hidden=\"true\"><\/i><b>Ambiente Virtual Moodle<\/b><\/a>\n\t\t\t\t<\/div>\n\t\t\t\t\t\t\t<div class=\"col-12 col-sm-6 col-md-3 mt-4 text-center\">\n\t\t\t\t\t\t\t\t\t\t\t<a href=\"https:\/\/www.ufsm.br\/cursos\/graduacao\/palmeira-das-missoes\/ciencias-economicas\/grupos\" class=\"item-utilidades d-block\">\n\t\t\t\t\t\t\t\t\t\t<i class=\"fas fa-user-friends animation-pulse\" aria-hidden=\"true\"><\/i><b>Grupos Acad\u00eamicos<\/b><\/a>\n\t\t\t\t<\/div>\n\t\t\t\t\t\t\t<div class=\"col-12 col-sm-6 col-md-3 mt-4 text-center\">\n\t\t\t\t\t\t\t\t\t\t\t<a href=\"https:\/\/www.ufsm.br\/cursos\/graduacao\/palmeira-das-missoes\/ciencias-economicas\/editais\" class=\"item-utilidades d-block\">\n\t\t\t\t\t\t\t\t\t\t<i class=\"far fa-copy animation-pulse\" aria-hidden=\"true\"><\/i><b>Editais<\/b><\/a>\n\t\t\t\t<\/div>\n\t\t\t\t\t<\/div>\n\t\t\t\t<\/div>\n\t\t\t\t<\/div>\n\t\t\t\t\t<\/div>\n\t\t<\/div>\n\t\t\t\t\t<\/div>\n\t\t<\/section>\n\t\t\t\t<section class=\"elementor-section elementor-top-section elementor-element elementor-element-4cca27f elementor-section-boxed elementor-section-height-default elementor-section-height-default\" data-id=\"4cca27f\" data-element_type=\"section\">\n\t\t\t\t\t\t<div class=\"elementor-container elementor-column-gap-default\">\n\t\t\t\t\t<div class=\"elementor-column elementor-col-100 elementor-top-column elementor-element elementor-element-4cbbee7\" data-id=\"4cbbee7\" data-element_type=\"column\">\n\t\t\t<div class=\"elementor-widget-wrap elementor-element-populated\">\n\t\t\t\t\t\t<div class=\"elementor-element elementor-element-347e4d6 elementor-widget elementor-widget-wp-widget-ufsm_noticias_widget\" data-id=\"347e4d6\" data-element_type=\"widget\" data-widget_type=\"wp-widget-ufsm_noticias_widget.default\">\n\t\t\t\t<div class=\"elementor-widget-container\">\n\t\t\t<h5 class='titulo-conteudos'>Not\u00edcias<\/h5><div class='widget-noticias-inside'>\n                        <div class=\"row\">\n                                    <div class=\"col-12 col-lg-6 pb-4\">\n                                        \n                                        \n                    \n                    <a class=\"noticias-widget-title d-block \"  title=\"Acad\u00eamicos apresentam trabalhos e integram atividades cient\u00edficas durante a 40\u00aa JAI\" href=\"https:\/\/www.ufsm.br\/cursos\/graduacao\/palmeira-das-missoes\/ciencias-economicas\/2025\/11\/25\/academicos-apresentam-trabalhos-e-integram-atividades-cientificas-durante-a-40a-jai\">\n                                                Acad\u00eamicos apresentam trabalhos e integram atividades cient\u00edficas durante a 40\u00aa JAI                    <\/a>\n                    \n                                            <div class=\"noticias-widget-introtext\">\n                            Entre os dias 03 e 07 de novembro de 2025, estudantes do Curso de Ci\u00eancias Econ\u00f4micas da Universidade Federal de Santa Maria \u2013 Campus Palmeira das Miss\u00f5es (UFSM-PM) participaram da&hellip;                        <\/div>\n                    \n                                        \n                                        \n                                        <\/div>\n                                    <div class=\"col-12 col-lg-6 pb-4\">\n                                        \n                                        \n                    \n                    <a class=\"noticias-widget-title d-block \"  title=\"Curso de Ci\u00eancias Econ\u00f4micas faz parte de projeto que estimula o Empreendedorismo e a Formula\u00e7\u00e3o de Pol\u00edticas P\u00fablicas\" href=\"https:\/\/www.ufsm.br\/cursos\/graduacao\/palmeira-das-missoes\/ciencias-economicas\/2025\/11\/03\/curso-de-ciencias-economicas-faz-parte-de-projeto-que-estimula-o-empreendedorismo-e-a-formulacao-de-politicas-publicas\">\n                                                Curso de Ci\u00eancias Econ\u00f4micas faz parte de projeto que estimula o Empreendedorismo e a Formula\u00e7\u00e3o de Pol\u00edticas P\u00fablicas                    <\/a>\n                    \n                                            <div class=\"noticias-widget-introtext\">\n                            Na manh\u00e3 do dia 29 de outubro de 2025, durante o evento Conecta Futuro 2025, em Palmeira das Miss\u00f5es (RS), a iniciativa que une Universidade Federal de Santa Maria (UFSM),&hellip;                        <\/div>\n                    \n                                        \n                                        \n                                        <\/div>\n                            <\/div>\n                    <div class=\"row\">\n                                    <div class=\"col-12 col-lg-6 pb-4\">\n                                        \n                                        \n                    \n                    <a class=\"noticias-widget-title d-block \"  title=\"13\u00aa Semana Acad\u00eamica do Curso de Ci\u00eancias Econ\u00f4micas da Universidade Federal de Santa Maria \u2013 Campus Palmeira das Miss\u00f5es (UFSM-PM)\" href=\"https:\/\/www.ufsm.br\/cursos\/graduacao\/palmeira-das-missoes\/ciencias-economicas\/2025\/10\/23\/13a-semana-academica-do-curso-de-ciencias-economicas-da-universidade-federal-de-santa-maria-campus-palmeira-das-missoes-ufsm-pm\">\n                                                13\u00aa Semana Acad\u00eamica do Curso de Ci\u00eancias Econ\u00f4micas da Universidade Federal de Santa Maria \u2013 Campus Palmeira das Miss\u00f5es (UFSM-PM)                    <\/a>\n                    \n                                            <div class=\"noticias-widget-introtext\">\n                            A XIII Semana Acad\u00eamica do Curso de Ci\u00eancias Econ\u00f4micas da Universidade Federal de Santa Maria \u2013 Campus Palmeira das Miss\u00f5es (UFSM-PM), realizada entre os dias 14 e 17 de outubro&hellip;                        <\/div>\n                    \n                                        \n                                        \n                                        <\/div>\n                                    <div class=\"col-12 col-lg-6 pb-4\">\n                                        \n                                        \n                    \n                    <a class=\"noticias-widget-title d-block \"  title=\"Acad\u00eamicos do Curso de Ci\u00eancias Econ\u00f4micas da UFSM-PM participam de Semin\u00e1rio de T\u00e9cnicas de Pesquisa em Economia\" href=\"https:\/\/www.ufsm.br\/cursos\/graduacao\/palmeira-das-missoes\/ciencias-economicas\/2025\/10\/22\/academicos-do-curso-de-ciencias-economicas-da-ufsm-pm-participam-de-seminario-de-tecnicas-de-pesquisa-em-economia\">\n                                                Acad\u00eamicos do Curso de Ci\u00eancias Econ\u00f4micas da UFSM-PM participam de Semin\u00e1rio de T\u00e9cnicas de Pesquisa em Economia                    <\/a>\n                    \n                                            <div class=\"noticias-widget-introtext\">\n                            Estudantes apresentaram trabalhos e debateram temas relevantes para a forma\u00e7\u00e3o acad\u00eamica e pr\u00e1tica da economia.                        <\/div>\n                    \n                                        \n                                        \n                                        <\/div>\n                            <\/div>\n                    <div class=\"row\">\n                                    <div class=\"col-12 col-lg-6 pb-4\">\n                                        \n                                        \n                    \n                    <a class=\"noticias-widget-title d-block \"  title=\"Acad\u00eamico do Curso de Ci\u00eancias Econ\u00f4micas da UFSM-PM apresenta pesquisa na ANPEC SUL 2025\" href=\"https:\/\/www.ufsm.br\/cursos\/graduacao\/palmeira-das-missoes\/ciencias-economicas\/2025\/10\/14\/academico-do-curso-de-ciencias-economicas-da-ufsm-pm-apresenta-pesquisa-na-anpec-sul-2025\">\n                                                Acad\u00eamico do Curso de Ci\u00eancias Econ\u00f4micas da UFSM-PM apresenta pesquisa na ANPEC SUL 2025                    <\/a>\n                    \n                                            <div class=\"noticias-widget-introtext\">\n                            Estudante representou o campus em importante evento acad\u00eamico voltado \u00e0 economia regional e nacional.                        <\/div>\n                    \n                                        \n                                        \n                                        <\/div>\n                                    <div class=\"col-12 col-lg-6 pb-4\">\n                                        \n                                        \n                    \n                    <a class=\"noticias-widget-title d-block \"  title=\"Acad\u00eamicos de Ci\u00eancias Econ\u00f4micas da UFSM-PM participam do XXVI Congresso Brasileiro de Economia em Porto Alegre\" href=\"https:\/\/www.ufsm.br\/cursos\/graduacao\/palmeira-das-missoes\/ciencias-economicas\/2025\/10\/10\/academicos-de-ciencias-economicas-da-ufsm-pm-participam-do-xxvi-congresso-brasileiro-de-economia-em-porto-alegre\">\n                                                Acad\u00eamicos de Ci\u00eancias Econ\u00f4micas da UFSM-PM participam do XXVI Congresso Brasileiro de Economia em Porto Alegre                    <\/a>\n                    \n                                            <div class=\"noticias-widget-introtext\">\n                            Estudantes representaram o campus Palmeira das Miss\u00f5es em um dos principais eventos nacionais da \u00e1rea, promovido pelo Sistema Cofecon\/Corecons.                        <\/div>\n                    \n                                        \n                                        \n                                        <\/div>\n                            <\/div>\n            <\/div>\n<div class=\"leia-mais p-1\">\n                <a href=\"https:\/\/www.ufsm.br\/cursos\/graduacao\/palmeira-das-missoes\/ciencias-economicas\/busca\/?q=&area=post&orderby=date&sites%5B%5D=237\">\n            LEIA MAIS            <span class=\"icon-box\">\n                <span class=\"bg-ufsm-widget-icon\">\n                    <i class=\"fas fa-chevron-right\" aria-hidden=\"true\"><\/i>\n                <\/span>\n            <\/span>\n        <\/a>\n    <\/div>\n\t\t<\/div>\n\t\t\t\t<\/div>\n\t\t\t\t\t<\/div>\n\t\t<\/div>\n\t\t\t\t\t<\/div>\n\t\t<\/section>\n\t\t\t\t<section class=\"elementor-section elementor-top-section elementor-element elementor-element-aa3b6ed elementor-section-boxed elementor-section-height-default elementor-section-height-default\" data-id=\"aa3b6ed\" data-element_type=\"section\">\n\t\t\t\t\t\t<div class=\"elementor-container elementor-column-gap-default\">\n\t\t\t\t\t<div class=\"elementor-column elementor-col-100 elementor-top-column elementor-element elementor-element-18035c8\" data-id=\"18035c8\" data-element_type=\"column\">\n\t\t\t<div class=\"elementor-widget-wrap elementor-element-populated\">\n\t\t\t\t\t\t<div class=\"elementor-element elementor-element-d77d010 elementor-widget-divider--view-line elementor-widget elementor-widget-divider\" data-id=\"d77d010\" data-element_type=\"widget\" data-widget_type=\"divider.default\">\n\t\t\t\t<div class=\"elementor-widget-container\">\n\t\t\t\t\t<div class=\"elementor-divider\">\n\t\t\t<span class=\"elementor-divider-separator\">\n\t\t\t\t\t\t<\/span>\n\t\t<\/div>\n\t\t\t\t<\/div>\n\t\t\t\t<\/div>\n\t\t\t\t<div class=\"elementor-element elementor-element-9df2905 elementor-widget elementor-widget-google_maps\" data-id=\"9df2905\" data-element_type=\"widget\" data-settings=\"{&quot;_animation&quot;:&quot;none&quot;}\" data-widget_type=\"google_maps.default\">\n\t\t\t\t<div class=\"elementor-widget-container\">\n\t\t\t\t\t<div class=\"elementor-custom-embed\">\n\t\t\t<iframe loading=\"lazy\"\n\t\t\t\t\tsrc=\"https:\/\/maps.google.com\/maps?q=ufsm%20palmeira&#038;t=m&#038;z=13&#038;output=embed&#038;iwloc=near\"\n\t\t\t\t\ttitle=\"ufsm palmeira\"\n\t\t\t\t\taria-label=\"ufsm palmeira\"\n\t\t\t><\/iframe>\n\t\t<\/div>\n\t\t\t\t<\/div>\n\t\t\t\t<\/div>\n\t\t\t\t\t<\/div>\n\t\t<\/div>\n\t\t\t\t\t<\/div>\n\t\t<\/section>\n\t\t\t\t<\/div>\n\t\t","protected":false},"excerpt":{"rendered":"<p>Apresenta\u00e7\u00e3o O curso de Ci\u00eancias Econ\u00f4micas est\u00e1 localizado no Campus Palmeira das Miss\u00f5es na modalidade Bacharelado &#8211; Presencial sendo Noturno o seu turno de funcionamento. A \u00e1rea de conhecimento do curso \u00e9 classificada como CI\u00caNCIAS SOCIAIS APLICADAS. Atualmente, a coordena\u00e7\u00e3o \u00e9 de responsabilidade de C\u00c9ZAR AUGUSTO PEREIRA DOS SANTOS\u00a0e a coordena\u00e7\u00e3o substituta de GABRIEL NUNES [&hellip;]<\/p>\n","protected":false},"author":8,"featured_media":0,"parent":0,"menu_order":0,"comment_status":"closed","ping_status":"closed","template":"","meta":{"footnotes":""},"categories":[],"tags":[],"class_list":["post-5","page","type-page","status-publish","hentry"],"acf":[],"_links":{"self":[{"href":"https:\/\/www.ufsm.br\/cursos\/graduacao\/palmeira-das-missoes\/ciencias-economicas\/wp-json\/wp\/v2\/pages\/5","targetHints":{"allow":["GET"]}}],"collection":[{"href":"https:\/\/www.ufsm.br\/cursos\/graduacao\/palmeira-das-missoes\/ciencias-economicas\/wp-json\/wp\/v2\/pages"}],"about":[{"href":"https:\/\/www.ufsm.br\/cursos\/graduacao\/palmeira-das-missoes\/ciencias-economicas\/wp-json\/wp\/v2\/types\/page"}],"author":[{"embeddable":true,"href":"https:\/\/www.ufsm.br\/cursos\/graduacao\/palmeira-das-missoes\/ciencias-economicas\/wp-json\/wp\/v2\/users\/8"}],"replies":[{"embeddable":true,"href":"https:\/\/www.ufsm.br\/cursos\/graduacao\/palmeira-das-missoes\/ciencias-economicas\/wp-json\/wp\/v2\/comments?post=5"}],"version-history":[{"count":0,"href":"https:\/\/www.ufsm.br\/cursos\/graduacao\/palmeira-das-missoes\/ciencias-economicas\/wp-json\/wp\/v2\/pages\/5\/revisions"}],"wp:attachment":[{"href":"https:\/\/www.ufsm.br\/cursos\/graduacao\/palmeira-das-missoes\/ciencias-economicas\/wp-json\/wp\/v2\/media?parent=5"}],"wp:term":[{"taxonomy":"category","embeddable":true,"href":"https:\/\/www.ufsm.br\/cursos\/graduacao\/palmeira-das-missoes\/ciencias-economicas\/wp-json\/wp\/v2\/categories?post=5"},{"taxonomy":"post_tag","embeddable":true,"href":"https:\/\/www.ufsm.br\/cursos\/graduacao\/palmeira-das-missoes\/ciencias-economicas\/wp-json\/wp\/v2\/tags?post=5"}],"curies":[{"name":"wp","href":"https:\/\/api.w.org\/{rel}","templated":true}]}}