{"id":213,"date":"2018-11-28T15:20:12","date_gmt":"2018-11-28T17:20:12","guid":{"rendered":"https:\/\/www.ufsm.br\/cursos\/graduacao\/santa-maria\/administracao\/?page_id=213"},"modified":"2018-11-28T15:20:13","modified_gmt":"2018-11-28T17:20:13","slug":"dica-2-livros-com-licoes-sobre-administracao","status":"publish","type":"page","link":"https:\/\/www.ufsm.br\/cursos\/graduacao\/santa-maria\/administracao\/dica-2-livros-com-licoes-sobre-administracao","title":{"rendered":"Dica 2 &#8211; Livros com li\u00e7\u00f5es sobre administra\u00e7\u00e3o"},"content":{"rendered":"<h4>&#8220;Os livros s\u00e3o abelhas que levam o p\u00f3len de uma intelig\u00eancia a outra&#8221; (James Russell Lowell)<\/h4>\n<h4>Livros com li\u00e7\u00f5es sobre administra\u00e7\u00e3o:<\/h4>\n<h4>1 \u2013 O Monge e o Executivo<\/h4>\n<p><img decoding=\"async\" class=\"alignleft\" src=\"http:\/\/coral.ufsm.br\/adm\/images\/omeoe.jpg\" alt=\"\" width=\"121\" height=\"182\" \/><\/p>\n<p>&nbsp;<\/p>\n<p>&nbsp;<\/p>\n<p>&nbsp;<\/p>\n<p>&nbsp;<\/p>\n<p>Come\u00e7ando por um cl\u00e1ssico, uma hist\u00f3ria sobre a ess\u00eancia da lideran\u00e7a. Neste livro, James C. Hunter, conta a hist\u00f3ria de Leonard Hoffman, um famoso empres\u00e1rio que abandona sua brilhante carreira e passa a viver em um mosteiro beneditino, onde ensinao real significado do que \u00e9 ser um l\u00edder.<\/p>\n<p>2 \u2013 Quem Pensa Enriquece<\/p>\n<p><img decoding=\"async\" src=\"http:\/\/coral.ufsm.br\/adm\/images\/qpe.jpg\" alt=\"\" width=\"121\" height=\"182\" \/><\/p>\n<p>Todos querem ficar ricos, poucos conseguem. Qual o segredo? Escrito por Napoleon Hill, este livro \u00e9 um dos maiores best-sellers do mercado editorial, uma obra atemporal que de forma simples ajuda pessoas comuns a se tornarem bem-sucedidas.<\/p>\n<h4>3\u2013 A Estrat\u00e9gia\u00a0do Oceano Azul<\/h4>\n<p><img decoding=\"async\" src=\"http:\/\/coral.ufsm.br\/adm\/images\/aeoa.jpg\" alt=\"\" width=\"121\" height=\"182\" \/><\/p>\n<p>\u00c9 um livro que ensina como investir em mercados inexplorados. Publicado em 2005 e escrito por W. Chan Kim e Ren\u00e9e Mauborgne, a obra sugere matrizes que podem ser aplicadas em modelos de neg\u00f3cios e analisa cases de grande sucesso em todo o mundo, como o Cirque Du Soleil e a Starbucks, entre outros.<\/p>\n<p>4\u2013 Quem mexeu no meu Queijo?<\/p>\n<p><img loading=\"lazy\" decoding=\"async\" src=\"http:\/\/coral.ufsm.br\/adm\/images\/qmnq.jpg\" alt=\"\" width=\"121\" height=\"182\" \/><\/p>\n<p>\u00c9 um livro motivacional escrito pelo Dr.Spencer Johnson. O livro apresenta uma par\u00e1bola envolvendo quatro personagens: dois ratinhos,Sniffe e Scurry, e dois &#8220;homenzinhos&#8221;,Hem e Haw. O livro \u00e9 uma alegoria que retrata os objetivos que cada um de n\u00f3s temos e as mudan\u00e7as a que estamos sujeitos durante a busca destes objetivos. Durante a leitura, o leitor pode observar que atitude cada personagem toma diante das adversidades da vida e pode acabar se identificando com um dos personagens.<\/p>\n<h4>5 \u2013 A ilus\u00e3o de \u00cdcaro<\/h4>\n<p><img loading=\"lazy\" decoding=\"async\" src=\"http:\/\/coral.ufsm.br\/adm\/images\/aii.jpg\" alt=\"\" width=\"121\" height=\"182\" \/><\/p>\n<p>As regras\u00a0antigas dizem coisas como, escolha o caminho seguro, fique em sua zona de conforto, procure um emprego, um cargo p\u00fablico, escolha um conjunto de regras e as siga, n\u00e3o voe perto do sol. A nova regra \u00e9: antes arrependido do que seguro. Voc\u00ea precisa voar mais alto do que nunca! Neste livro, Seth Godin mostra como vencer em uma economia que recompensa a arte, n\u00e3o a conformidade. O autor explica porque as verdadeiras inova\u00e7\u00f5es s\u00e3o focadas em confian\u00e7a, proemin\u00eancia e lideran\u00e7a. O autor desenvolve um conceito que explica porque devemos tratar nosso trabalho como arte. Segundo o autor, arte n\u00e3o \u00e9 um gene ou talento espec\u00edfico, \u00e9 uma atitude dispon\u00edvel a todos que tenham uma vis\u00e3o que os demais n\u00e3o t\u00eam e coragem para fazer algo a respeito. Steve Jobs foi um artista, assim como Henry Ford e Martin Luther King Jr. Trabalhar como um artista significa investir nas coisas que importam: criatividade, trabalho emocional e determina\u00e7\u00e3o. O caminho do artista n\u00e3o \u00e9 para os fracos, mas Godin mostra porque ele \u00e9 a nossa \u00fanica chance de erguer a voz, nos destacarmos e fazermos a diferen\u00e7a.<\/p>\n<h4>6 \u2013 Sonho Grande<\/h4>\n<p><img loading=\"lazy\" decoding=\"async\" src=\"http:\/\/coral.ufsm.br\/adm\/images\/sg.jpg\" alt=\"\" width=\"121\" height=\"182\" \/><\/p>\n<p>Para eles, quem traz resultados excepcionais tem a chance de se tornar s\u00f3cio de suas companhias e fazer fortuna.\u00a0Jorge Paulo Lemann, Marcel Telles e Beto Sicupira ergueram, em pouco mais de quatro d\u00e9cadas, o maior imp\u00e9rio da hist\u00f3ria do capitalismo brasileiro e ganharam uma proje\u00e7\u00e3o sem precedentes no cen\u00e1rio mundial.\u00a0Nos \u00faltimos cinco anos eles compraram nada menos que tr\u00eas marcas americanas conhecidas globalmente: Budweiser, Burger King e Heinz. Tudo isso na mais absoluta discri\u00e7\u00e3o, esfor\u00e7ando-se para ficar longe dos holofotes.\u00a0A f\u00f3rmula\u00a0de gest\u00e3o que desenvolveram, seguida com fervor por seus funcion\u00e1rios, se baseia em meritocracia, simplicidade e busca incessante por redu\u00e7\u00e3o de custos.<\/p>\n<h4>7 \u2013 A Cauda Longa<\/h4>\n<p><img loading=\"lazy\" decoding=\"async\" src=\"http:\/\/coral.ufsm.br\/adm\/images\/acl.jpg\" alt=\"\" width=\"121\" height=\"182\" \/><\/p>\n<p>Chris Anderson, editor chefe da revista &#8216;Wired&#8217;, explorou pela primeira vez o fen\u00f4meno da &#8216;cauda longa&#8217; em um artigo que se tornou um dos mais\u00a0influentes ensaios sobre neg\u00f3cios de nosso tempo. Usando o mundo dos filmes, dos livros e da m\u00fasica, mostra que a Internet deu origem\u00a0a um novo universo, no qual a receita total de diversos produtos de nicho, com baixo volume de vendas, \u00e9 igual \u00e0 receita total de poucos produtos de grande sucesso. Por isso cunhou o termo &#8216;cauda longa&#8217; para descrever essa situa\u00e7\u00e3o, o qual tem sido usado pela alta ger\u00eancia das empresas e pelos meios de comunica\u00e7\u00e3o no mundo todo. Nesse livro, Anderson mostra como chegamos a esse ponto e revela as enormes oportunidades que se originam desse fato, vislumbrando um futuro que est\u00e1 presente.<\/p>\n<p>8 \u2013 Al\u00e9m da Lideran\u00e7a<\/p>\n<p><img loading=\"lazy\" decoding=\"async\" src=\"http:\/\/coral.ufsm.br\/adm\/images\/al.jpg\" alt=\"\" width=\"121\" height=\"182\" \/><\/p>\n<p>Fazendo ret\u00f3rica em nossa biografia, vamos perceber que, ao longo dela, constru\u00edmos os pr\u00f3prios modelos de lideran\u00e7a sob a influ\u00eancia do que vimos, experimentamos ou percebemos em outras pessoas ou situa\u00e7\u00f5es, da\u00ed vem a pergunta: que tipo de influ\u00eancia forjou as maiores convic\u00e7\u00f5es? Al\u00e9m da Lideran\u00e7a convida, de maneira provocativa e prazerosa, a mergulhar em nossa mais profunda ess\u00eancia e a descobrir que a aus\u00eancia de respostas no sentido da vida e das coisas s\u00f3 existe na falta das perguntas certas. O problema \u00e9 que, querendo ou n\u00e3o, em algum momento, verdades ser\u00e3o confrontadas, e, quando isso acontecer, teremos de estar preparados para mudan\u00e7as, e elas podem significar romper limites.<\/p>\n<p>Leonardo Peracini<\/p>\n<h4>9 \u2013 Procuram-se Super-Her\u00f3is<\/h4>\n<p><img loading=\"lazy\" decoding=\"async\" src=\"http:\/\/coral.ufsm.br\/adm\/images\/pse.jpg\" alt=\"\" width=\"121\" height=\"182\" \/><\/p>\n<p>\u00c9 um livro que pretende ser \u00fatil a qualquer um, que tanto vai ser servir a empreendedores como a qualquer outra pessoa que queira mudar ou melhorar as suas rela\u00e7\u00f5es pessoais e profissionais. Bel Pesce observou quais as pequenas e grandes coisas que transformam o nosso dia a dia em um mar de oportunidades e as decidiu registrar nesse livro, recorrendo a diversos exemplos pr\u00e1ticos que ilustram as ideias que apresenta. O nosso relacionamento com os outros, assim como os grandes neg\u00f3cios, s\u00e3o feitos de detalhes que, parecendo n\u00e3o ter import\u00e2ncia isoladamente, em geral fazem a diferen\u00e7a no momento de avan\u00e7ar.<\/p>\n<h4>10 \u2013 Oportunidades Disfar\u00e7adas<\/h4>\n<p><img loading=\"lazy\" decoding=\"async\" src=\"http:\/\/coral.ufsm.br\/adm\/images\/od.jpg\" alt=\"\" width=\"121\" height=\"182\" \/><\/p>\n<p>\u2018Oportunidades disfar\u00e7adas\u2019 \u00e9 um cat\u00e1logo de ideias e solu\u00e7\u00f5es para dificuldades vividas pelas empresas. Resultado de sete anos de pesquisa, este livro re\u00fane 200 casos de companhias e pessoas que transformaram seus problemas nas chances de suas vidas.<\/p>\n<h4>11 \u2013 Seu Marketing \u00e9 uma b&#8230;.<\/h4>\n<p><img loading=\"lazy\" decoding=\"async\" src=\"http:\/\/coral.ufsm.br\/adm\/images\/galeria-de-fotos\/seu%20marketing.jpg\" alt=\"seu marketing\" width=\"137\" height=\"187\" \/><\/p>\n<p>O seu marketing talvez seja uma b&#8230;. , mas este livro n\u00e3o \u00e9. Mark Stevens \u00e9 um dos maiores especialistas no marketing focado no retorno sobre o investimento e criador do processo de Marketing Extremo. O que ele oferece neste livro \u00e9 um programa de efic\u00e1cia comprovada que exige a contabiliza\u00e7\u00e3o de cada d\u00f3lar gasto em marketing para que ele gere mais lucros ou mais clientes ? ambos, de prefer\u00eancia.<\/p>\n<h4>12 \u2013 O Segredo de Lu\u00edsa<\/h4>\n<p><img loading=\"lazy\" decoding=\"async\" src=\"http:\/\/coral.ufsm.br\/adm\/images\/galeria-de-fotos\/osegredodeluisa.jpg\" alt=\"osegredodeluisa\" width=\"134\" height=\"201\" \/><\/p>\n<p>&#8216;A atividade empresarial \u00e9 apenas uma das infind\u00e1veis formas de empreender. A minha vis\u00e3o de empreendedorismo \u00e9 abrangente, contempla toda e qualquer atividade humana e, portanto, inclui empreendedores na pesquisa, no governo, no terceiro setor, nas artes, em qualquer lugar. O empreendedor \u00e9 definido pela forma de ser, e n\u00e3o pela maneira de fazer.&#8217;<\/p>\n<p style=\"text-align: right\">\u00a0 \u00a0 \u00a0 \u00a0 \u00a0 \u00a0 \u00a0 \u00a0 \u00a0 \u00a0 \u00a0 \u00a0 \u00a0 \u00a0 \u00a0 \u00a0 \u00a0 \u00a0 \u00a0 \u00a0 \u00a0 \u00a0 \u00a0 \u00a0 \u00a0 \u00a0 \u00a0 \u00a0 \u00a0 \u00a0 \u00a0 \u00a0 \u00a0 \u00a0 \u00a0 \u00a0 \u00a0 \u00a0 \u00a0 \u00a0 \u00a0 \u00a0 \u00a0 \u00a0 \u00a0 \u00a0 \u00a0 \u00a0 \u00a0 \u00a0 \u00a0 \u00a0 \u00a0 \u00a0 \u00a0 \u00a0 \u00a0 \u00a0 \u00a0 \u00a0 \u00a0 \u00a0 \u00a0 \u00a0 \u00a0 \u00a0 \u00a0 \u00a0 \u00a0 \u00a0 \u00a0 \u00a0Fernando Dolabela<\/p>\n<h4>13 \u2013 Como fazer amigos e influenciar pessoas<\/h4>\n<p>&nbsp;<\/p>\n<p><img loading=\"lazy\" decoding=\"async\" src=\"http:\/\/coral.ufsm.br\/adm\/images\/galeria-de-fotos\/fazer%20amigos.jpg\" alt=\"fazer amigos\" width=\"129\" height=\"197\" \/><\/p>\n<p>&#8216;Como fazer amigos e influenciar pessoas&#8217; \u00e9 um guia sobre relacionamentos, seja no \u00e2mbito profissional ou pessoal. Carnegie busca fornecer, de maneira direta, t\u00e9cnicas e m\u00e9todos para que qualquer pessoa<span class=\"apple-converted-space\">\u00a0alcance seus objetivos pessoais e profissionais.<\/span><\/p>\n<h4>14 \u2013 Foco: A aten\u00e7\u00e3o e seu papel fundamental para o sucesso<\/h4>\n<p><img loading=\"lazy\" decoding=\"async\" src=\"http:\/\/coral.ufsm.br\/adm\/images\/galeria-de-fotos\/Livro-Foco--Daniel-Goleman-PDF-MOBI-LER-ONLINE-209x300.jpg\" alt=\"Livro-Foco--Daniel-Goleman-PDF-MOBI-LER-ONLINE-209x300\" width=\"121\" height=\"174\" \/><\/p>\n<p>Combinando pesquisa de ponta e descobertas pr\u00e1ticas, Daniel Goleman mostra por que a base do sucesso em todas as \u00e1reas da vida \u00e9 sua capacidade de ter foco. Segundo o autor, a aten\u00e7\u00e3o funciona de forma muito parecida com um m\u00fasculo \u2013 se n\u00e3o o utilizamos, fica atrofiado; se o exercitamos, se desenvolve e se fortalece. Numa era de distra\u00e7\u00f5es intermin\u00e1veis, Goleman argumenta que precisamos aprender a aprimorar nosso foco se quisermos prosperar no mundo complexo em que vivemos. Aqueles que alcan\u00e7am rendimento m\u00e1ximo (seja nos estudos, nos neg\u00f3cios, nos esportes ou nas artes) s\u00e3o precisamente os que prestam aten\u00e7\u00e3o no que \u00e9 mais importante para seu desempenho Foco \u00e9 uma ferramenta essencial, \u00e9 o que diferencia um especialista de um amador, um profissional de sucesso do funcion\u00e1rio mediano. Foco traz um olhar inovador sobre o segredo para o alto desempenho e a realiza\u00e7\u00e3o e mostra como a aten\u00e7\u00e3o tem um papel fundamental para o sucesso.<\/p>\n<h4>15 \u2013 Satisfa\u00e7\u00e3o Garantida<\/h4>\n<p><img loading=\"lazy\" decoding=\"async\" src=\"http:\/\/coral.ufsm.br\/adm\/images\/galeria-de-fotos\/SATISFAO_GARANTIDA_1629551402B.jpg\" alt=\"SATISFAO GARANTIDA 1629551402B\" width=\"119\" height=\"177\" \/><\/p>\n<p>O que dizer de uma empresa em que o chefe paga dois mil d\u00f3lares para os candidatos desistirem do treinamento se n\u00e3o estiverem satisfeitos? E, ainda, em que o mesmo chefe resolve pendengas de clientes?<br \/>\nBem-vindo \u00e0 Zappos\u2019, uma empresa on-line que vende sapatos e entrega felicidade. Aqui o lema \u201co cliente em primeiro lugar\u201d \u00e9 realmente colocado em pr\u00e1tica: do empacotador ao CEO, na Zappos\u2019 todos trabalham ? literalmente! ? no servi\u00e7o de atendimento ao cliente.<br \/>\nTony Hsieh \u00e9 um empreendedor nato que em seus momentos de t\u00e9dio tentava encontrar maneiras de inovar em seus neg\u00f3cios. Come\u00e7ando com um minhoc\u00e1rio na inf\u00e2ncia at\u00e9 se tornar um bilion\u00e1rio aos trinta e poucos anos, Tony desenvolveu t\u00e9cnicas revolucion\u00e1rias (e algumas vezes bem loucas) para satisfazer seus clientes e sua equipe, e lucrar mais ? e em menos tempo ? do que com as velhas f\u00f3rmulas que regem grandes empresas.<br \/>\nSe voc\u00ea est\u00e1 tentando uma mudan\u00e7a radical no SAC de sua empresa, pode parar tudo e come\u00e7ar a p\u00f4r em pr\u00e1tica a cultura empresarial que Tony desenvolveu e agora revela neste livro divertido e inspirador. Para o autor, todo o seu neg\u00f3cio est\u00e1 atrelado \u00e0 busca da felicidade para ele mesmo, sua equipe e seus clientes.<\/p>\n<h4>16 \u2013 O Gerente Minuto<\/h4>\n<p><img loading=\"lazy\" decoding=\"async\" src=\"http:\/\/coral.ufsm.br\/adm\/images\/galeria-de-fotos\/o%20gerente%20minuto.jpg\" alt=\"o gerente minuto\" width=\"119\" height=\"197\" \/><\/p>\n<p>Kenneth Blanchard e Spencer Johnson criaram um manual com tr\u00eas regras b\u00e1sicas que, se aplicadas corretamente em empresas, produzem resultados positivos em um curto espa\u00e7o de tempo. S\u00e3o essas &#8211; Objetivo Minuto &#8211; Como estabelecer objetivos e padr\u00f5es de desempenho e fornecer o &#8216;feedback&#8217; de que os funcion\u00e1rios precisam para realizar melhor suas tarefas; Elogios-Minuto &#8211; Como obter um alto n\u00edel de desempenho e aumentar a produtividade atrav\u00e9s do refor\u00e7o positivo; Repreens\u00f5es-Minuto &#8211; Como recolocar vencedores em potencial no caminho certo para um desempenho superior.<\/p>\n<h4>17 \u2013 Transformando Suor em Outro<\/h4>\n<p><img loading=\"lazy\" decoding=\"async\" src=\"http:\/\/coral.ufsm.br\/adm\/images\/galeria-de-fotos\/bernardinho.jpg\" alt=\"bernardinho\" width=\"120\" height=\"179\" \/><\/p>\n<p>&#8216;Transformando suor em ouro&#8217; \u00e9 a hist\u00f3ria de Bernardinho contada por ele mesmo, desde os tempos de jogador at\u00e9 a consagra\u00e7\u00e3o como t\u00e9cnico com o ouro ol\u00edmpico. Mais do que relatar uma epopeia esportiva, a obra busca apresentar diferentes facetas do treinador ao mostrar como Bernardinho burilou o m\u00e9todo que batizou de &#8216;Roda da Excel\u00eancia&#8217;. O livro tenta mostrar ainda como o treinador da sele\u00e7\u00e3o brasileira masculina de v\u00f4lei revela-se um estudioso, tanto do esporte quanto da administra\u00e7\u00e3o, como John Wooden, Winston Churchill e James Hunter, retirando e testando seus ensinamentos, incorporando alguns, descartando outros, adaptando muitos. A obra pretende revelar o que fez dele um palestrante requisitado por diversas empresas em busca de um diferencial competitivo no mundo dos neg\u00f3cios.<\/p>\n<p>18 \u2013 A Arte da Guerra<\/p>\n<p><img loading=\"lazy\" decoding=\"async\" src=\"http:\/\/coral.ufsm.br\/adm\/images\/galeria-de-fotos\/a%20arte%20da%20guerra.jpg\" alt=\"a arte da guerra\" width=\"121\" height=\"168\" \/><\/p>\n<p>A Arte da Guerra \u00e9 um dos maiores tratados de estrat\u00e9gia de todos os tempos. Um livro \u00fatil para homens de neg\u00f3cios, militar, ou para qualquer pessoa empenhada em vencer na vida. Escrito pelo general chin\u00eas Sun Tzu, a partir do resultado de sua experi\u00eancia em suas campanhas, que foram as mais variadas.\u00a0Para os dias de hoje, os princ\u00edpios de A Arte da Guerra podem ser aplicados, n\u00e3o apenas nas t\u00e1ticas militares, mas tamb\u00e9m em quase todos os setores da atividade humana.\u00a0Os ensinamentos aqui contidos alcan\u00e7am todos os seres humanos emprenhados na batalha di\u00e1ria para o sucesso na luta contra os oponentes do cotidiano moderno, sejam eles colegas de trabalho, concorrentes, chefias, entre outros.Sun Tzu dizia que a Arte da Guerra \u00e9 de total import\u00e2ncia para o Estado; podemos dizer que, para os dias de hoje, a Arte da Guerra \u00e9 vital para o indiv\u00edduo.<\/p>\n<p>19 \u2013 O Desafio das Redes<\/p>\n<p><img loading=\"lazy\" decoding=\"async\" src=\"http:\/\/coral.ufsm.br\/adm\/images\/galeria-de-fotos\/desafio%20das%20redes.jpg\" alt=\"desafio das redes\" width=\"125\" height=\"179\" \/><\/p>\n<p>As redes definem os neg\u00f3cios modernos. Introduzem novos riscos (como se pode perceber pela velocidade com que o cont\u00e1gio ocorre nos mercados financeiros globais) e oportunidades (como se pode ver pelo r\u00e1pido aumento de neg\u00f3cios baseados em redes). O Desafio das Redes provoca os leitores a terem uma perspectiva mais aberta de seus empreendimentos e oportunidades. Al\u00e9m da \u00e1rea de neg\u00f3cios, os autores exploram o conhecimento sobre redes nos mais diversos campos (antropologia, biologia e ci\u00eancia da computa\u00e7\u00e3o), buscando a relev\u00e2ncia desse conhecimento para o cambiante cen\u00e1rio dos neg\u00f3cios.<\/p>\n<p>Fontes: Sites Portal Administra\u00e7\u00e3o e LeLivros<\/p>\n","protected":false},"excerpt":{"rendered":"<p>&#8220;Os livros s\u00e3o abelhas que levam o p\u00f3len de uma intelig\u00eancia a outra&#8221; (James Russell Lowell) Livros com li\u00e7\u00f5es sobre administra\u00e7\u00e3o: 1 \u2013 O Monge e o Executivo &nbsp; &nbsp; &nbsp; &nbsp; Come\u00e7ando por um cl\u00e1ssico, uma hist\u00f3ria sobre a ess\u00eancia da lideran\u00e7a. Neste livro, James C. Hunter, conta a hist\u00f3ria de Leonard Hoffman, um [&hellip;]<\/p>\n","protected":false},"author":117,"featured_media":0,"parent":0,"menu_order":0,"comment_status":"closed","ping_status":"closed","template":"","meta":{"footnotes":""},"categories":[],"tags":[],"class_list":["post-213","page","type-page","status-publish","hentry"],"acf":[],"_links":{"self":[{"href":"https:\/\/www.ufsm.br\/cursos\/graduacao\/santa-maria\/administracao\/wp-json\/wp\/v2\/pages\/213","targetHints":{"allow":["GET"]}}],"collection":[{"href":"https:\/\/www.ufsm.br\/cursos\/graduacao\/santa-maria\/administracao\/wp-json\/wp\/v2\/pages"}],"about":[{"href":"https:\/\/www.ufsm.br\/cursos\/graduacao\/santa-maria\/administracao\/wp-json\/wp\/v2\/types\/page"}],"author":[{"embeddable":true,"href":"https:\/\/www.ufsm.br\/cursos\/graduacao\/santa-maria\/administracao\/wp-json\/wp\/v2\/users\/117"}],"replies":[{"embeddable":true,"href":"https:\/\/www.ufsm.br\/cursos\/graduacao\/santa-maria\/administracao\/wp-json\/wp\/v2\/comments?post=213"}],"version-history":[{"count":0,"href":"https:\/\/www.ufsm.br\/cursos\/graduacao\/santa-maria\/administracao\/wp-json\/wp\/v2\/pages\/213\/revisions"}],"wp:attachment":[{"href":"https:\/\/www.ufsm.br\/cursos\/graduacao\/santa-maria\/administracao\/wp-json\/wp\/v2\/media?parent=213"}],"wp:term":[{"taxonomy":"category","embeddable":true,"href":"https:\/\/www.ufsm.br\/cursos\/graduacao\/santa-maria\/administracao\/wp-json\/wp\/v2\/categories?post=213"},{"taxonomy":"post_tag","embeddable":true,"href":"https:\/\/www.ufsm.br\/cursos\/graduacao\/santa-maria\/administracao\/wp-json\/wp\/v2\/tags?post=213"}],"curies":[{"name":"wp","href":"https:\/\/api.w.org\/{rel}","templated":true}]}}