{"id":131,"date":"2018-11-26T09:11:27","date_gmt":"2018-11-26T11:11:27","guid":{"rendered":"https:\/\/www.ufsm.br\/cursos\/graduacao\/santa-maria\/agronomia\/?page_id=131"},"modified":"2021-11-18T16:26:12","modified_gmt":"2021-11-18T19:26:12","slug":"sobre-o-curso","status":"publish","type":"page","link":"https:\/\/www.ufsm.br\/cursos\/graduacao\/santa-maria\/agronomia\/sobre-o-curso","title":{"rendered":"Sobre o curso"},"content":{"rendered":"\n<p>Criado em 1961, o Curso de Agronomia da UFSM \u2013 Campus Sede tem como objetivo formar Engenheiros Agr\u00f4nomos com capacidade t\u00e9cnico-cient\u00edfica e responsabilidade social, aptos a promover, orientar e administrar a utiliza\u00e7\u00e3o e otimiza\u00e7\u00e3o dos diversos fatores que comp\u00f5em os sistemas de produ\u00e7\u00e3o, transforma\u00e7\u00e3o e comercializa\u00e7\u00e3o, em conson\u00e2ncia com os preceitos de recupera\u00e7\u00e3o e prote\u00e7\u00e3o ambiental, al\u00e9m de planejar, pesquisar e aplicar t\u00e9cnicas, m\u00e9todos e processos adequados \u00e0 solu\u00e7\u00e3o de problemas e \u00e0 promo\u00e7\u00e3o do desenvolvimento sustent\u00e1vel com vis\u00e3o empreendedora e capacidade inovadora.<\/p>\n\n\n\n<p><strong>Portaria de autoriza\u00e7\u00e3o\/reconhecimento\/renova\u00e7\u00e3o:<\/strong><\/p>\n\n\n\n<p>Reconhecido nos termos do Parecer n.2.056\/75\/CFE, por ter sido criado pela Lei n.3.877\/61 e Portaria n. 133\/2018\/MEC, publicada no DOU, de 01\/03\/2018.<\/p>\n\n\n\n<p><strong>Localiza\u00e7\u00e3o:<\/strong> Campus Sede, Santa Maria, RS.<\/p>\n\n\n\n<p><strong>Nome do Curso:<\/strong> Agronomia<\/p>\n\n\n\n<p><strong>T\u00edtulo conferido:<\/strong> Engenheiro Agr\u00f4nomo<\/p>\n\n\n\n<p><strong>Turno:<\/strong> Integral<\/p>\n\n\n\n<p><strong>Carga hor\u00e1ria m\u00ednima:<\/strong> 4.115 horas<\/p>\n\n\n\n<p><strong>Dura\u00e7\u00e3o:<\/strong> 10 semestres<\/p>\n\n\n\n<p><strong>Vagas:<\/strong> 120 vagas\/ano.<\/p>\n\n\n\n<p><strong>Semestre de ingresso: <\/strong>50% do n\u00famero de vagas (60 vagas) no primeiro semestre letivo, as demais no segundo semestre do mesmo ano.<\/p>\n\n\n\n<p><strong>Forma de ingresso:<\/strong> Os alunos ter\u00e3o acesso ao curso por processo seletivo considerando o desempenho no ENEM (Exame Nacional do Ensino M\u00e9dio) e por Processo de Transfer\u00eancia ou Reingresso, regulamentados pela UFSM.<\/p>\n\n\n\n<p><strong>Conceito INEP-ENADE 2019: <\/strong>5 (nota m\u00e1xima)<\/p>\n\n\n\n<p><strong>Representa\u00e7\u00e3o gr\u00e1fica do perfil de forma\u00e7\u00e3o:<\/strong><\/p>\n\n\n\n<figure class=\"wp-block-gallery columns-1 is-cropped wp-block-gallery-1 is-layout-flex wp-block-gallery-is-layout-flex\"><ul class=\"blocks-gallery-grid\"><li class=\"blocks-gallery-item\"><figure><img fetchpriority=\"high\" decoding=\"async\" width=\"648\" height=\"487\" src=\"https:\/\/www.ufsm.br\/app\/uploads\/sites\/379\/2021\/11\/sobreocurso2-1.png\" alt=\"\" data-id=\"694\" data-full-url=\"https:\/\/www.ufsm.br\/app\/uploads\/sites\/379\/2021\/11\/sobreocurso2-1.png\" data-link=\"https:\/\/www.ufsm.br\/cursos\/graduacao\/santa-maria\/agronomia\/sobre-o-curso\/sobreocurso2-1\/\" class=\"wp-image-694\" srcset=\"https:\/\/www.ufsm.br\/app\/uploads\/sites\/379\/2021\/11\/sobreocurso2-1.png 648w, https:\/\/www.ufsm.br\/app\/uploads\/sites\/379\/2021\/11\/sobreocurso2-1-300x225.png 300w\" sizes=\"(max-width: 648px) 100vw, 648px\" \/><\/figure><\/li><\/ul><\/figure>\n\n\n\n<p><strong>\u00c1reas de Atua\u00e7\u00e3o:<\/strong><\/p>\n\n\n\n<p>Atua na supervis\u00e3o, coordena\u00e7\u00e3o, estudo, planejamento, assist\u00eancia, assessoria, consultoria, vistoria, per\u00edcia, parecer, entre outras, nas \u00e1reas de Agrometeorologia e Climatologia; Biotecnologia, Fisiologia Vegetal e Animal; Cartografia, Geoprocessamento e Georeferenciamento; Comunica\u00e7\u00e3o, \u00c9tica, Legisla\u00e7\u00e3o, Extens\u00e3o e Sociologia Rural; Constru\u00e7\u00f5es Rurais, Paisagismo, Floricultura, Parques e Jardins; Economia, Administra\u00e7\u00e3o Agroindustrial, Pol\u00edtica e Desenvolvimento Rural; Energia, M\u00e1quinas, Mecaniza\u00e7\u00e3o Agr\u00edcola e Log\u00edstica; Gen\u00e9tica, Melhoramento, Manejo e Produ\u00e7\u00e3o Florestal, Zootecnia e Fitotecnia; Gest\u00e3o de Pessoas; Gest\u00e3o Empresarial, Marketing e Agroneg\u00f3cio; Hidr\u00e1ulica, Hidrologia, Manejo de Bacias Hidrogr\u00e1ficas, Sistemas de Irriga\u00e7\u00e3o e Drenagem; Manejo e Gest\u00e3o Ambiental; Microbiologia e Fitossanidade; Sistemas Agroindustriais; Mapeamento, Manejo e Conserva\u00e7\u00e3o do Solo e da \u00c1gua, Nutri\u00e7\u00e3o de Plantas e Aduba\u00e7\u00e3o; T\u00e9cnicas e An\u00e1lises Experimentais; Tecnologia de Produ\u00e7\u00e3o, Controle de Qualidade; P\u00f3s-Colheita de Produtos Agropecu\u00e1rios; Mercados, Inova\u00e7\u00e3o e Empreendedorismo.<\/p>\n","protected":false},"excerpt":{"rendered":"<p>Criado em 1961, o Curso de Agronomia da UFSM \u2013 Campus Sede tem como objetivo formar Engenheiros Agr\u00f4nomos com capacidade t\u00e9cnico-cient\u00edfica e responsabilidade social, aptos a promover, orientar e administrar a utiliza\u00e7\u00e3o e otimiza\u00e7\u00e3o dos diversos fatores que comp\u00f5em os sistemas de produ\u00e7\u00e3o, transforma\u00e7\u00e3o e comercializa\u00e7\u00e3o, em conson\u00e2ncia com os preceitos de recupera\u00e7\u00e3o e prote\u00e7\u00e3o [&hellip;]<\/p>\n","protected":false},"author":115,"featured_media":0,"parent":0,"menu_order":0,"comment_status":"closed","ping_status":"closed","template":"","meta":{"footnotes":""},"categories":[],"tags":[],"class_list":["post-131","page","type-page","status-publish","hentry"],"acf":[],"_links":{"self":[{"href":"https:\/\/www.ufsm.br\/cursos\/graduacao\/santa-maria\/agronomia\/wp-json\/wp\/v2\/pages\/131","targetHints":{"allow":["GET"]}}],"collection":[{"href":"https:\/\/www.ufsm.br\/cursos\/graduacao\/santa-maria\/agronomia\/wp-json\/wp\/v2\/pages"}],"about":[{"href":"https:\/\/www.ufsm.br\/cursos\/graduacao\/santa-maria\/agronomia\/wp-json\/wp\/v2\/types\/page"}],"author":[{"embeddable":true,"href":"https:\/\/www.ufsm.br\/cursos\/graduacao\/santa-maria\/agronomia\/wp-json\/wp\/v2\/users\/115"}],"replies":[{"embeddable":true,"href":"https:\/\/www.ufsm.br\/cursos\/graduacao\/santa-maria\/agronomia\/wp-json\/wp\/v2\/comments?post=131"}],"version-history":[{"count":0,"href":"https:\/\/www.ufsm.br\/cursos\/graduacao\/santa-maria\/agronomia\/wp-json\/wp\/v2\/pages\/131\/revisions"}],"wp:attachment":[{"href":"https:\/\/www.ufsm.br\/cursos\/graduacao\/santa-maria\/agronomia\/wp-json\/wp\/v2\/media?parent=131"}],"wp:term":[{"taxonomy":"category","embeddable":true,"href":"https:\/\/www.ufsm.br\/cursos\/graduacao\/santa-maria\/agronomia\/wp-json\/wp\/v2\/categories?post=131"},{"taxonomy":"post_tag","embeddable":true,"href":"https:\/\/www.ufsm.br\/cursos\/graduacao\/santa-maria\/agronomia\/wp-json\/wp\/v2\/tags?post=131"}],"curies":[{"name":"wp","href":"https:\/\/api.w.org\/{rel}","templated":true}]}}