{"id":153,"date":"2018-11-27T14:03:40","date_gmt":"2018-11-27T16:03:40","guid":{"rendered":"https:\/\/www.ufsm.br\/cursos\/graduacao\/santa-maria\/arquitetura-e-urbanismo\/?page_id=153"},"modified":"2025-12-29T10:27:37","modified_gmt":"2025-12-29T13:27:37","slug":"nde-nucleo-docente-estruturante","status":"publish","type":"page","link":"https:\/\/www.ufsm.br\/cursos\/graduacao\/santa-maria\/arquitetura-e-urbanismo\/nde-nucleo-docente-estruturante","title":{"rendered":"NDE &#8211; N\u00facleo Docente Estruturante"},"content":{"rendered":"<p>O N\u00facleo Docente Estruturante (NDE) \u00e9 um \u00f3rg\u00e3o colegiado que tem como responsabilidade a concep\u00e7\u00e3o, o acompanhamento, a consolida\u00e7\u00e3o e a avalia\u00e7\u00e3o do Projeto Pedag\u00f3gico do Curso (PPC). As reuni\u00f5es deste Colegiados s\u00e3o mensais.\u00a0<br \/>Os seguintes professores participaram do NDE do CAU\/SM:<br \/>Profa. Josicler Orbem Alberton<br \/>Profa. Giane de Campos Grigoletti<br \/>Profa. D\u00e9bora Bretas Silva<br \/>Prof. Carlos Andr\u00e9 Soares Fraga<br \/>Prof. Edson Luiz Bortoluzzi da Silva<\/p>\n<p>\u00a0<\/p>\n<p><strong>Atas<\/strong><\/p>\n<p><a href=\"https:\/\/portal.ufsm.br\/documentos\/download.html?action=componente&amp;download=false&amp;id=6642600\">ATA NDE 001\/2025<\/a><\/p>\n<p><a href=\"https:\/\/portal.ufsm.br\/documentos\/download.html?action=componente&amp;download=false&amp;id=6642654\">ATA NDE 001\/2024<\/a><\/p>\n\n\n<p><\/p>\n","protected":false},"excerpt":{"rendered":"<p>O N\u00facleo Docente Estruturante (NDE) \u00e9 um \u00f3rg\u00e3o colegiado que tem como responsabilidade a concep\u00e7\u00e3o, o acompanhamento, a consolida\u00e7\u00e3o e a avalia\u00e7\u00e3o do Projeto Pedag\u00f3gico do Curso (PPC). As reuni\u00f5es deste Colegiados s\u00e3o mensais.\u00a0Os seguintes professores participaram do NDE do CAU\/SM:Profa. Josicler Orbem AlbertonProfa. Giane de Campos GrigolettiProfa. D\u00e9bora Bretas SilvaProf. Carlos Andr\u00e9 Soares FragaProf. [&hellip;]<\/p>\n","protected":false},"author":194,"featured_media":0,"parent":0,"menu_order":0,"comment_status":"closed","ping_status":"closed","template":"","meta":{"footnotes":""},"categories":[],"tags":[],"class_list":["post-153","page","type-page","status-publish","hentry"],"acf":[],"_links":{"self":[{"href":"https:\/\/www.ufsm.br\/cursos\/graduacao\/santa-maria\/arquitetura-e-urbanismo\/wp-json\/wp\/v2\/pages\/153","targetHints":{"allow":["GET"]}}],"collection":[{"href":"https:\/\/www.ufsm.br\/cursos\/graduacao\/santa-maria\/arquitetura-e-urbanismo\/wp-json\/wp\/v2\/pages"}],"about":[{"href":"https:\/\/www.ufsm.br\/cursos\/graduacao\/santa-maria\/arquitetura-e-urbanismo\/wp-json\/wp\/v2\/types\/page"}],"author":[{"embeddable":true,"href":"https:\/\/www.ufsm.br\/cursos\/graduacao\/santa-maria\/arquitetura-e-urbanismo\/wp-json\/wp\/v2\/users\/194"}],"replies":[{"embeddable":true,"href":"https:\/\/www.ufsm.br\/cursos\/graduacao\/santa-maria\/arquitetura-e-urbanismo\/wp-json\/wp\/v2\/comments?post=153"}],"version-history":[{"count":0,"href":"https:\/\/www.ufsm.br\/cursos\/graduacao\/santa-maria\/arquitetura-e-urbanismo\/wp-json\/wp\/v2\/pages\/153\/revisions"}],"wp:attachment":[{"href":"https:\/\/www.ufsm.br\/cursos\/graduacao\/santa-maria\/arquitetura-e-urbanismo\/wp-json\/wp\/v2\/media?parent=153"}],"wp:term":[{"taxonomy":"category","embeddable":true,"href":"https:\/\/www.ufsm.br\/cursos\/graduacao\/santa-maria\/arquitetura-e-urbanismo\/wp-json\/wp\/v2\/categories?post=153"},{"taxonomy":"post_tag","embeddable":true,"href":"https:\/\/www.ufsm.br\/cursos\/graduacao\/santa-maria\/arquitetura-e-urbanismo\/wp-json\/wp\/v2\/tags?post=153"}],"curies":[{"name":"wp","href":"https:\/\/api.w.org\/{rel}","templated":true}]}}