{"id":737,"date":"2022-07-11T15:41:53","date_gmt":"2022-07-11T18:41:53","guid":{"rendered":"https:\/\/www.ufsm.br\/cursos\/graduacao\/santa-maria\/arquitetura-e-urbanismo\/?page_id=737"},"modified":"2024-10-17T08:36:26","modified_gmt":"2024-10-17T11:36:26","slug":"atendimento-coordenador","status":"publish","type":"page","link":"https:\/\/www.ufsm.br\/cursos\/graduacao\/santa-maria\/arquitetura-e-urbanismo\/atendimento-coordenador","title":{"rendered":"Atendimento Coordenadora"},"content":{"rendered":"\n<p>Hor\u00e1rios de Atendimento da Coordena\u00e7\u00e3o do CAU\/UFSM &#8211; Pr\u00e9dio 9F v\u00e1lido para o segundo semestre de 2024:<\/p>\n\n\n\n<p>-Ter\u00e7a-feira: 13:30h \u00e0s 16h;<\/p>\n\n\n\n<p>-Quinta-feira: 13:30h \u00e0s 16h;<\/p>\n\n\n\n<p>A disponibilidade da Coordena\u00e7\u00e3o (presencialmente) estar\u00e1 sujeita ao calend\u00e1rio de reuni\u00f5es, assim como ao agendamento de hor\u00e1rios de atendimento via e-mail do Curso (<a href=\"mailto:cau.sm@ufsm.br\" target=\"_blank\" rel=\"noreferrer noopener\">cau.sm@ufsm.br<\/a>).<\/p>\n","protected":false},"excerpt":{"rendered":"<p>Hor\u00e1rios de Atendimento da Coordena\u00e7\u00e3o do CAU\/UFSM &#8211; Pr\u00e9dio 9F v\u00e1lido para o segundo semestre de 2024: -Ter\u00e7a-feira: 13:30h \u00e0s 16h; -Quinta-feira: 13:30h \u00e0s 16h; A disponibilidade da Coordena\u00e7\u00e3o (presencialmente) estar\u00e1 sujeita ao calend\u00e1rio de reuni\u00f5es, assim como ao agendamento de hor\u00e1rios de atendimento via e-mail do Curso (cau.sm@ufsm.br).<\/p>\n","protected":false},"author":445,"featured_media":0,"parent":0,"menu_order":0,"comment_status":"closed","ping_status":"closed","template":"","meta":{"footnotes":""},"categories":[],"tags":[],"class_list":["post-737","page","type-page","status-publish","hentry"],"acf":[],"_links":{"self":[{"href":"https:\/\/www.ufsm.br\/cursos\/graduacao\/santa-maria\/arquitetura-e-urbanismo\/wp-json\/wp\/v2\/pages\/737","targetHints":{"allow":["GET"]}}],"collection":[{"href":"https:\/\/www.ufsm.br\/cursos\/graduacao\/santa-maria\/arquitetura-e-urbanismo\/wp-json\/wp\/v2\/pages"}],"about":[{"href":"https:\/\/www.ufsm.br\/cursos\/graduacao\/santa-maria\/arquitetura-e-urbanismo\/wp-json\/wp\/v2\/types\/page"}],"author":[{"embeddable":true,"href":"https:\/\/www.ufsm.br\/cursos\/graduacao\/santa-maria\/arquitetura-e-urbanismo\/wp-json\/wp\/v2\/users\/445"}],"replies":[{"embeddable":true,"href":"https:\/\/www.ufsm.br\/cursos\/graduacao\/santa-maria\/arquitetura-e-urbanismo\/wp-json\/wp\/v2\/comments?post=737"}],"version-history":[{"count":0,"href":"https:\/\/www.ufsm.br\/cursos\/graduacao\/santa-maria\/arquitetura-e-urbanismo\/wp-json\/wp\/v2\/pages\/737\/revisions"}],"wp:attachment":[{"href":"https:\/\/www.ufsm.br\/cursos\/graduacao\/santa-maria\/arquitetura-e-urbanismo\/wp-json\/wp\/v2\/media?parent=737"}],"wp:term":[{"taxonomy":"category","embeddable":true,"href":"https:\/\/www.ufsm.br\/cursos\/graduacao\/santa-maria\/arquitetura-e-urbanismo\/wp-json\/wp\/v2\/categories?post=737"},{"taxonomy":"post_tag","embeddable":true,"href":"https:\/\/www.ufsm.br\/cursos\/graduacao\/santa-maria\/arquitetura-e-urbanismo\/wp-json\/wp\/v2\/tags?post=737"}],"curies":[{"name":"wp","href":"https:\/\/api.w.org\/{rel}","templated":true}]}}