{"id":1242,"date":"2023-01-31T09:28:45","date_gmt":"2023-01-31T12:28:45","guid":{"rendered":"https:\/\/www.ufsm.br\/cursos\/graduacao\/santa-maria\/arquivologia\/?page_id=1242"},"modified":"2025-08-19T13:59:17","modified_gmt":"2025-08-19T16:59:17","slug":"tutorial-para-aproveitamento-e-dispensa-de-disciplinas","status":"publish","type":"page","link":"https:\/\/www.ufsm.br\/cursos\/graduacao\/santa-maria\/arquivologia\/tutorial-para-aproveitamento-e-dispensa-de-disciplinas","title":{"rendered":"Tutorial para aproveitamento e dispensa de disciplinas"},"content":{"rendered":"\t\t<div data-elementor-type=\"wp-page\" data-elementor-id=\"1242\" class=\"elementor elementor-1242\">\n\t\t\t\t\t\t<section class=\"elementor-section elementor-top-section elementor-element elementor-element-713a81c2 elementor-section-boxed elementor-section-height-default elementor-section-height-default\" data-id=\"713a81c2\" data-element_type=\"section\">\n\t\t\t\t\t\t<div class=\"elementor-container elementor-column-gap-default\">\n\t\t\t\t\t<div class=\"elementor-column elementor-col-100 elementor-top-column elementor-element elementor-element-57cb820c\" data-id=\"57cb820c\" data-element_type=\"column\">\n\t\t\t<div class=\"elementor-widget-wrap elementor-element-populated\">\n\t\t\t\t\t\t<div class=\"elementor-element elementor-element-58209e8f elementor-widget elementor-widget-text-editor\" data-id=\"58209e8f\" data-element_type=\"widget\" data-widget_type=\"text-editor.default\">\n\t\t\t\t<div class=\"elementor-widget-container\">\n\t\t\t\t\t\t\t<h3 class=\"wp-block-heading\"><strong>Tutorial de dispensa<\/strong><\/h3>\n<p><!-- \/wp:heading --><!-- wp:paragraph --><\/p>\n<p>Para acessar o tutorial para solicita\u00e7\u00e3o de aproveitamento e dispensa de disciplinas no Portal do Aluno em <b>PDF, <a href=\"https:\/\/www.ufsm.br\/app\/uploads\/sites\/463\/2025\/07\/Tutorial-Dispensa-de-Disciplinas-2.pdf\" target=\"_blank\" rel=\"noopener\">clique aqui<\/a>.\u00a0<\/b><\/p>\n<p><strong>Se deseja o tutorial em v\u00eddeo, <a href=\"https:\/\/www.youtube.com\/watch?v=pg4g1LJH2dM&amp;list=PL9sT1YYvGlxFcp9XLM_jSPxrUUtuhfF2P&amp;index=3\">clique aqui<\/a>.<\/strong><\/p>\n<p><!-- \/wp:paragraph --><!-- wp:heading {\"level\":3} --><\/p>\n<h3><strong>Observa\u00e7\u00f5es importantes<\/strong><\/h3>\n<p><!-- \/wp:heading --><!-- wp:paragraph --><\/p>\n<p><strong>Como devo proceder para realizar dispensa\/aproveitamento de disciplinas?<\/strong><\/p>\n<p><!-- \/wp:paragraph --><!-- wp:paragraph --><\/p>\n<p>O sistema\u00a0virtual de dispensa de disciplina de gradua\u00e7\u00e3o est\u00e1 dispon\u00edvel no\u00a0<a href=\"https:\/\/portal.ufsm.br\/aluno\/\" target=\"_blank\" rel=\"noopener\">portal do aluno<\/a> na aba \u201cDISPENSAS, T\u00d3PICOS ACG E ACEx\u201d e pode ser usado por acad\u00eamicos interessados em solicitar a dispensa de disciplinas cursadas em cursos de mesmo n\u00edvel ou de n\u00edvel superior, internos ou externos \u00e0 UFSM. Acesse o manual <a href=\"https:\/\/www.ufsm.br\/app\/uploads\/sites\/463\/2025\/07\/Tutorial-Dispensa-de-Disciplinas-2.pdf\">clicando aqui<\/a>\u00a0para saber como solicitar a dispensa via portal do aluno.<\/p>\n<p><!-- \/wp:paragraph --><!-- wp:paragraph --><\/p>\n<p>ATEN\u00c7\u00c3O<\/p>\n<p><!-- \/wp:paragraph --><!-- wp:list --><\/p>\n<ul>\n<li style=\"list-style-type: none\">\n<ul><!-- wp:list-item --><\/ul>\n<\/li>\n<\/ul>\n<ul>\n<li style=\"list-style-type: none\">\n<ul>\n<li>As coordena\u00e7\u00f5es de curso devem acompanhar os pedidos de dispensa de disciplinas, por meio de suas caixas postais individuais, no sistema Web da UFSM.<\/li>\n<\/ul>\n<\/li>\n<\/ul>\n<p><!-- \/wp:list-item --><!-- wp:list-item --><\/p>\n<ul>\n<li style=\"list-style-type: none\">\n<ul>\n<li>A implementa\u00e7\u00e3o da dispensa de disciplinas de gradua\u00e7\u00e3o por autodidatismo no ambiente virtual encontra-se em fase final de desenvolvimento. Portanto, continuam sendo solicitadas e processadas pelo m\u00e9todo at\u00e9 agora utilizado.\u00a0<\/li>\n<\/ul>\n<\/li>\n<\/ul>\n<p><!-- \/wp:list-item --><!-- wp:list-item --><\/p>\n<ul>\n<li style=\"list-style-type: none\">\n<ul>\n<li>A resolu\u00e7\u00e3o sobre os processos de dispensa de disciplinas de gradua\u00e7\u00e3o, autodidatismo e outras formas pode ser vista no link a seguir.\u00a0<a href=\"https:\/\/portal.ufsm.br\/documentos\/download.html?action=arquivosIndexados&amp;id=15431105&amp;download=false\" target=\"_blank\" rel=\"noopener\">Resolu\u00e7\u00e3o N. 209.2025 \u2013 DISPENSA DE DISCIPLINAS DE GRADUA\u00c7\u00c3O<\/a><\/li>\n<\/ul>\n<\/li>\n<\/ul>\n<p><!-- \/wp:list-item --><\/p>\n<p><!-- \/wp:list --><!-- wp:paragraph --><\/p>\n<p><strong>Como os autodidatas podem requerer aproveitamento de seus estudos?<\/strong><\/p>\n<p><!-- \/wp:paragraph --><!-- wp:paragraph --><\/p>\n<p>De acordo com a\u00a0<a href=\"https:\/\/portal.ufsm.br\/documentos\/download.html?action=arquivosIndexados&amp;id=15431105&amp;download=false\" target=\"_blank\" rel=\"noopener\">RESOLU\u00c7\u00c3O UFSM N\u00b0 209, DE 30 DE ABRIL DE 2025<\/a>, os autodidatas interessados na obten\u00e7\u00e3o de aproveitamento de estudos que apresentarem conhecimentos adquiridos por pr\u00e1tica sistem\u00e1tica, a exemplo de profici\u00eancia em l\u00ednguas \u2013 inform\u00e1tica e\/ou outros conte\u00fados, poder\u00e3o solicitar avalia\u00e7\u00e3o espec\u00edfica, aplicada por Banca Examinadora, especialmente designada para esse fim. Cabe ao departamento no qual estiver(em) lotada(s) a(s) disciplina(s) definir a banca examinadora mediante requerimento do interessado. A decis\u00e3o avaliativa da banca examinadora, atestando o aproveitamento de estudos, ser\u00e1 encaminhada pelo Departamento Did\u00e1tico \u00e0 PROGRAD para o devido registro no hist\u00f3rico escolar do aluno.<\/p>\n<p><!-- \/wp:paragraph --><!-- wp:paragraph --><\/p>\n<p>ATEN\u00c7\u00c3O<\/p>\n<p><!-- \/wp:paragraph --><!-- wp:list --><\/p>\n<ul>\n<li style=\"list-style-type: none\">\n<ul><!-- wp:list-item --><\/ul>\n<\/li>\n<\/ul>\n<ul>\n<li style=\"list-style-type: none\">\n<ul>\n<li>O deferimento\/indeferimento da solicita\u00e7\u00e3o de dispensa de disciplinas da gradua\u00e7\u00e3o \u00e9 prerrogativa de cada Curso;<\/li>\n<\/ul>\n<\/li>\n<\/ul>\n<p><!-- \/wp:list-item --><!-- wp:list-item --><\/p>\n<ul>\n<li style=\"list-style-type: none\">\n<ul>\n<li>Quando se tratar de documentos oriundos de institui\u00e7\u00f5es estrangeiras, os mesmos dever\u00e3o estar acompanhados das respectivas tradu\u00e7\u00f5es oficiais, bem como da forma de avalia\u00e7\u00e3o (nota\/conceito) utilizada naquelas institui\u00e7\u00f5es;<\/li>\n<\/ul>\n<\/li>\n<\/ul>\n<p><!-- \/wp:list-item --><!-- wp:list-item --><\/p>\n<ul>\n<li style=\"list-style-type: none\">\n<ul>\n<li>Em caso de disciplinas em que os alunos j\u00e1 estejam matriculados antes do pedido de dispensa, orienta-se que, enquanto n\u00e3o for lan\u00e7ado no sistema o aproveitamento\/dispensa, o aluno dever\u00e1 cursar normalmente a disciplina;<\/li>\n<\/ul>\n<\/li>\n<\/ul>\n<p><!-- \/wp:list-item --><!-- wp:list-item --><\/p>\n<ul>\n<li style=\"list-style-type: none\">\n<ul>\n<li>Somente constar\u00e1 no hist\u00f3rico escolar a nota da disciplina dispensada se o c\u00f3digo e a nomenclatura da disciplina cursada for id\u00eantico, caso contr\u00e1rio, constar\u00e1 \u201cdispensado\/aproveitamento sem nota\u201d;<\/li>\n<\/ul>\n<\/li>\n<\/ul>\n<p><!-- \/wp:list-item --><!-- wp:list-item --><\/p>\n<ul>\n<li style=\"list-style-type: none\">\n<ul>\n<li>No caso da dispensa por autodidatismo, \u00e9 importante o preenchimento correto do formul\u00e1rio: n\u00famero de matr\u00edcula e nome do aluno, c\u00f3digo e nome do curso, c\u00f3digo e nome da disciplina a ser dispensada e, em determinados casos, carga hor\u00e1ria a ser lan\u00e7ada.<\/li>\n<\/ul>\n<\/li>\n<\/ul>\n<p><!-- \/wp:list-item --><\/p>\n<p><!-- \/wp:list --><\/p>\t\t\t\t\t\t<\/div>\n\t\t\t\t<\/div>\n\t\t\t\t\t<\/div>\n\t\t<\/div>\n\t\t\t\t\t<\/div>\n\t\t<\/section>\n\t\t\t\t<\/div>\n\t\t","protected":false},"excerpt":{"rendered":"<p>Tutorial de dispensa Para acessar o tutorial para solicita\u00e7\u00e3o de aproveitamento e dispensa de disciplinas no Portal do Aluno em PDF, clique aqui.\u00a0 Se deseja o tutorial em v\u00eddeo, clique aqui. Observa\u00e7\u00f5es importantes Como devo proceder para realizar dispensa\/aproveitamento de disciplinas? O sistema\u00a0virtual de dispensa de disciplina de gradua\u00e7\u00e3o est\u00e1 dispon\u00edvel no\u00a0portal do aluno na [&hellip;]<\/p>\n","protected":false},"author":4916,"featured_media":0,"parent":0,"menu_order":0,"comment_status":"closed","ping_status":"closed","template":"","meta":{"footnotes":""},"categories":[],"tags":[],"class_list":["post-1242","page","type-page","status-publish","hentry"],"acf":[],"_links":{"self":[{"href":"https:\/\/www.ufsm.br\/cursos\/graduacao\/santa-maria\/arquivologia\/wp-json\/wp\/v2\/pages\/1242","targetHints":{"allow":["GET"]}}],"collection":[{"href":"https:\/\/www.ufsm.br\/cursos\/graduacao\/santa-maria\/arquivologia\/wp-json\/wp\/v2\/pages"}],"about":[{"href":"https:\/\/www.ufsm.br\/cursos\/graduacao\/santa-maria\/arquivologia\/wp-json\/wp\/v2\/types\/page"}],"author":[{"embeddable":true,"href":"https:\/\/www.ufsm.br\/cursos\/graduacao\/santa-maria\/arquivologia\/wp-json\/wp\/v2\/users\/4916"}],"replies":[{"embeddable":true,"href":"https:\/\/www.ufsm.br\/cursos\/graduacao\/santa-maria\/arquivologia\/wp-json\/wp\/v2\/comments?post=1242"}],"version-history":[{"count":0,"href":"https:\/\/www.ufsm.br\/cursos\/graduacao\/santa-maria\/arquivologia\/wp-json\/wp\/v2\/pages\/1242\/revisions"}],"wp:attachment":[{"href":"https:\/\/www.ufsm.br\/cursos\/graduacao\/santa-maria\/arquivologia\/wp-json\/wp\/v2\/media?parent=1242"}],"wp:term":[{"taxonomy":"category","embeddable":true,"href":"https:\/\/www.ufsm.br\/cursos\/graduacao\/santa-maria\/arquivologia\/wp-json\/wp\/v2\/categories?post=1242"},{"taxonomy":"post_tag","embeddable":true,"href":"https:\/\/www.ufsm.br\/cursos\/graduacao\/santa-maria\/arquivologia\/wp-json\/wp\/v2\/tags?post=1242"}],"curies":[{"name":"wp","href":"https:\/\/api.w.org\/{rel}","templated":true}]}}