{"id":1421,"date":"2023-10-17T15:36:32","date_gmt":"2023-10-17T18:36:32","guid":{"rendered":"https:\/\/www.ufsm.br\/cursos\/graduacao\/santa-maria\/arquivologia\/?page_id=1421"},"modified":"2025-06-06T11:23:44","modified_gmt":"2025-06-06T14:23:44","slug":"agendamento-das-bancas-de-tcc-ou-tcg","status":"publish","type":"page","link":"https:\/\/www.ufsm.br\/cursos\/graduacao\/santa-maria\/arquivologia\/agendamento-das-bancas-de-tcc-ou-tcg","title":{"rendered":"Agendamento da Banca de TCC"},"content":{"rendered":"\t\t<div data-elementor-type=\"wp-page\" data-elementor-id=\"1421\" class=\"elementor elementor-1421\">\n\t\t\t\t\t\t<section class=\"elementor-section elementor-top-section elementor-element elementor-element-31384488 elementor-section-boxed elementor-section-height-default elementor-section-height-default\" data-id=\"31384488\" data-element_type=\"section\">\n\t\t\t\t\t\t<div class=\"elementor-container elementor-column-gap-default\">\n\t\t\t\t\t<div class=\"elementor-column elementor-col-100 elementor-top-column elementor-element elementor-element-404be832\" data-id=\"404be832\" data-element_type=\"column\">\n\t\t\t<div class=\"elementor-widget-wrap elementor-element-populated\">\n\t\t\t\t\t\t<div class=\"elementor-element elementor-element-7b7a49d7 elementor-widget elementor-widget-text-editor\" data-id=\"7b7a49d7\" data-element_type=\"widget\" data-widget_type=\"text-editor.default\">\n\t\t\t\t<div class=\"elementor-widget-container\">\n\t\t\t\t\t\t\t<!-- wp:tadv\/classic-paragraph -->\n<p style=\"text-align: justify\">O Curso de Arquivologia da UFSM tem como exig\u00eancia para a forma\u00e7\u00e3o a elabora\u00e7\u00e3o de um Trabalho de Conclus\u00e3o de Curso. Na disciplina<strong>\u00a0Trabalho de Conclus\u00e3o de Curso B<\/strong>, os(as) estudantes devem realizar a <strong>defesa do trabalho final de gradua\u00e7\u00e3o<\/strong> perante uma banca examinadora, constitu\u00edda pelo(a) Professor(a) Orientador(a) do trabalho e mais 2 (dois\/duas) docentes convidados(as), de comum acordo entre estudante e docente orientador(a).<\/p>\n<p style=\"text-align: justify\">A banca examinadora do Trabalho de Conclus\u00e3o de Curso precisa ser agendada com anteced\u00eancia, preferencialmente <strong>at\u00e9 o final da 12\u00aa (d\u00e9cima segunda) semana de aulas<\/strong> de cada semestre, atrav\u00e9s do preenchimento do <strong>Formul\u00e1rio de Agendamento de Banca de TCC\/TCG<\/strong> encaminhado pela Secretaria Integrada por e-mail.<\/p>\n<p style=\"text-align: justify\">O agendamento dever\u00e1 <strong>ser<\/strong> <strong>realizado sempre pelo(a) Professor(a) Orientadora(a) do TCC, <\/strong>e n\u00e3o por parte do(a) estudante a ser avaliado.<\/p>\n<p style=\"text-align: justify\">Via de regra, a Coordena\u00e7\u00e3o do Curso de Arquivologia reserva as<strong> 2 (duas) semanas anteriores \u00e0 semana de exames<\/strong> para a realiza\u00e7\u00e3o de todas as bancas de defesa de TCC do semestre letivo, sendo que os(as) estudantes podem conferir semestralmente atrav\u00e9s do <strong><a href=\"https:\/\/www.ufsm.br\/calendario\" target=\"_blank\" rel=\"noopener\">Calend\u00e1rio Acad\u00eamico da UFSM<\/a><\/strong> as datas previstas para a semana de aplica\u00e7\u00e3o de exames. Dessa forma, \u00e9 poss\u00edvel realizar o planejamento da data de agendamento da defesa do Trabalho de Conclus\u00e3o de Curso com a anteced\u00eancia requerida por Coordena\u00e7\u00e3o e Secretaria Integrada de Gradua\u00e7\u00e3o.<\/p>\n<p style=\"text-align: justify\">Em caso de realiza\u00e7\u00e3o de banca de defesa na <strong>modalidade remota<\/strong>, ou de forma <strong>h\u00edbrida<\/strong> (presencial, com membros remotos), o(a) docente orientador(a) dever\u00e1 criar o link de reuni\u00e3o da ferramenta digital (Google Meet, Skype, Zoom Meetings, etc.) e realizar a grava\u00e7\u00e3o da defesa. Os membros da banca sempre devem assinar as atas digitalmente, utilizando o <strong><a href=\"https:\/\/acesso.gov.br\/\" target=\"_blank\" rel=\"noopener\">Gov.br<\/a>.<\/strong>\u00a0<\/p>\n<p style=\"text-align: justify\">Abaixo, discentes e docentes podem conferir as <strong>instru\u00e7\u00f5es gerais<\/strong> para o <strong>agendamento de banca<\/strong> e para a <strong>defesa do Trabalho de Conclus\u00e3o de Curso<\/strong>:\u00a0<\/p>\n<ul>\n<li><strong>DOCENTE ORIENTADOR(A)<\/strong><\/li>\n<\/ul>\n<ol>\n<li style=\"list-style-type: none\">\n<ol>\n<li style=\"text-align: justify\">Dever\u00e1 consultar a disponibilidade dos(as) docentes que ser\u00e3o convidados(as) para a banca de defesa de TCC antes do preenchimento do formul\u00e1rio de agendamento do item seguinte;\u00a0<\/li>\n<li style=\"text-align: justify\">Receber\u00e1 da Secretaria Integrada de Gradua\u00e7\u00e3o I, via e-mail, o <strong>Formul\u00e1rio de Agendamento de Banca de TCC\/TCG<\/strong>, que dever\u00e1 ser preenchido <strong>exclusivamente pelo(a) docente orientador(a)<\/strong>, ap\u00f3s confirma\u00e7\u00e3o da possibilidade de participa\u00e7\u00e3o dos(as) demais membros da banca de defesa;<\/li>\n<li style=\"text-align: justify\">Realizar\u00e1 o convite formal de participa\u00e7\u00e3o dos(as) docentes membros da banca examinadora;<\/li>\n<li style=\"text-align: justify\">Receber\u00e1 do(a) estudante orientado(a), por e-mail, a monografia\/trabalho na vers\u00e3o a ser apresentada \u00e0 banca examinadora;<\/li>\n<li style=\"text-align: justify\">Ap\u00f3s aceite dos(as) membros da banca, enviar\u00e1 a estes(as) a <strong>monografia\/trabalho<\/strong> <strong>em sua reda\u00e7\u00e3o final de apresenta\u00e7\u00e3o<\/strong>, com anteced\u00eancia m\u00ednima de <strong>10 (dez) dias<\/strong> em rela\u00e7\u00e3o \u00e0 data de defesa;<\/li>\n<li style=\"text-align: justify\">O preenchimento do formul\u00e1rio de agendamento deve ser realizado, preferencialmente, <strong>at\u00e9 a 12\u00aa semana<\/strong>\u00a0de aula do semestre. N\u00e3o sendo poss\u00edvel, deve ser preenchido, obrigatoriamente, at\u00e9 <strong>15 (quinze) dias antes<\/strong> da data de defesa;<\/li>\n<li style=\"text-align: justify\">O(a) docente orientador(a) receber\u00e1 da SIG I, via e-mail, a <strong>Ata da Banca de Defesa<\/strong> (com pelo menos tr\u00eas dias de anteced\u00eancia), que ap\u00f3s a realiza\u00e7\u00e3o desta dever\u00e1 ser <strong>preenchida e assinada digitalmente<\/strong> por <strong>todos(as)<\/strong> os(as) membros presentes, utilizando a ferramenta do s\u00edtio eletr\u00f4nico <a href=\"https:\/\/acesso.gov.br\/\" target=\"_blank\" rel=\"noopener\"><strong>Gov.br<\/strong><\/a>;<\/li>\n<li style=\"text-align: justify\">A Ata de Defesa assinada digitalmente dever\u00e1 ser encaminhada para o endere\u00e7o eletr\u00f4nico <a href=\"mailto:graduacao74a.ccsh@ufsm.br\"><strong>graduacao74a.ccsh@ufsm.br<\/strong><\/a>;<\/li>\n<li style=\"text-align: justify\">Em seguida, o(a) docente orientador(a) receber\u00e1, via e-mail, os atestados de participa\u00e7\u00e3o dos(as) membros de banca de defesa, e dever\u00e1 encaminh\u00e1-los aos(\u00e0s) colegas docentes;<\/li>\n<li style=\"text-align: justify\">Ao final do semestre letivo, <strong>ap\u00f3s a confirma\u00e7\u00e3o<\/strong> do envio da vers\u00e3o final do TCC \u00e0 Secretaria Integrada de Gradua\u00e7\u00e3o I, por parte do(a) estudante orientado(a), caber\u00e1 ao(\u00e0) docente orientador(a) o <strong>lan\u00e7amento da nota no Portal do Professor e encerramento da turma<\/strong>.<\/li>\n<\/ol>\n<\/li>\n<\/ol>\n<p>\u00a0<\/p>\n<ul>\n<li><strong>SECRETARIA INTEGRADA DE GRADUA\u00c7\u00c3O I<\/strong><\/li>\n<\/ul>\n<ol>\n<li style=\"list-style-type: none\">\n<ol>\n<li style=\"text-align: justify\">A Secretaria Integrada coletar\u00e1 os dados informados pelo(a) docente orientador(a) no formul\u00e1rio de agendamento de defesa e realizar\u00e1 a divulga\u00e7\u00e3o da banca no s\u00edtio eletr\u00f4nico do Curso;<\/li>\n<li style=\"text-align: justify\">A <strong>Ata da Banca de Defesa<\/strong> ser\u00e1 encaminhada ao(\u00e0) docente orientar(a), via e-mail, com pelo menos <strong>3 (tr\u00eas) dias<\/strong> de anteced\u00eancia \u00e0 banca;<\/li>\n<li style=\"text-align: justify\">Ap\u00f3s a defesa, o(a) orientador(a) dever\u00e1 encaminhar a Ata de Defesa, devidamente <strong>preenchida e<\/strong> <strong>assinada por todos os membros da banca pelo <\/strong><a href=\"https:\/\/acesso.gov.br\/\" target=\"_blank\" rel=\"noopener\"><strong>Gov.br<\/strong><\/a>, para a Secretaria Integrada de Gradua\u00e7\u00e3o (via e-mail), que realizar\u00e1 a emiss\u00e3o dos atestados de participa\u00e7\u00e3o dos membros da banca;<\/li>\n<li style=\"text-align: justify\">Ap\u00f3s emitidos, os atestados de participa\u00e7\u00e3o s\u00e3o enviados, via PEN-SIE, para assinatura da Coordena\u00e7\u00e3o de Curso;<\/li>\n<li style=\"text-align: justify\">Uma vez assinados, a SIG I encaminha os atestados de participa\u00e7\u00e3o para o(a) docente orientador(a), que ficar\u00e1 respons\u00e1vel pelo envio destes aos demais membros da banca de defesa;<\/li>\n<li style=\"text-align: justify\">Ao final do per\u00edodo de defesas, a SIG I ir\u00e1 compilar todas as atas de defesa recebidas dos(as) orientadores(as) e realizar\u00e1 a guarda dos documentos.<\/li>\n<\/ol>\n<\/li>\n<\/ol>\n<p>\u00a0<\/p>\n<ul>\n<li><strong>ESTUDANTE ORIENTADO(A)<\/strong><\/li>\n<\/ul>\n<ol>\n<li style=\"list-style-type: none\">\n<ol>\n<li style=\"text-align: justify\">Dever\u00e1 definir, de comum acordo com seu\/sua orientador(a), a composi\u00e7\u00e3o da banca de defesa, levando em conta os(as) docentes e\/ou pesquisadores(as) afins \u00e0 \u00e1rea de avalia\u00e7\u00e3o do tema da monografia\/trabalho. Ainda assim, a decis\u00e3o final de composi\u00e7\u00e3o da banca cabe ao(\u00e0) docente orientador(a);<\/li>\n<li style=\"text-align: justify\">Dentro do cronograma estabelecido para a disciplina, enviar\u00e1 ao(\u00e0) orientador(a) a monografia\/trabalho na vers\u00e3o a ser apresentada \u00e0 banca examinadora, por e-mail. Em n\u00e3o havendo a determina\u00e7\u00e3o de data de entrega da vers\u00e3o final de apresenta\u00e7\u00e3o pelo(a) orientador(a), o envio dever\u00e1 ocorrer <strong>at\u00e9 20 (vinte) dias antes da data de defesa. <\/strong>Cabe ressaltar que \u00e9 responsabilidade do(a) docente orientador(a) o envio da vers\u00e3o de apresenta\u00e7\u00e3o aos demais membros da banca examinadora;<\/li>\n<li style=\"text-align: justify\">Ap\u00f3s a realiza\u00e7\u00e3o da defesa, se for o caso, o(a) estudante dever\u00e1 realizar os ajustes na monografia\/trabalho solicitados pelos membros da banca de defesa, <strong>at\u00e9 o in\u00edcio da semana de exames<\/strong>, prevista semestralmente no <strong><a href=\"https:\/\/www.ufsm.br\/calendario\" target=\"_blank\" rel=\"noopener\">Calend\u00e1rio Acad\u00eamico da UFSM<\/a><\/strong>;<\/li>\n<li style=\"text-align: justify\">No <strong>mesmo prazo do item anterior<\/strong>, impreterivelmente, o(a) estudante dever\u00e1 enviar para o endere\u00e7o <a href=\"mailto:graduacao74a.ccsh@ufsm.br\"><strong>graduacao74a.ccsh@ufsm.br<\/strong><\/a>\u00a0<strong>a vers\u00e3o final corrigida do seu Trabalho de Conclus\u00e3o de Curso (com c\u00f3pia para o\/a orientador\/a)<\/strong>, juntamente com a <strong>Autoriza\u00e7\u00e3o de Publica\u00e7\u00e3o de TCC ou TCG (Gradua\u00e7\u00e3o) <\/strong>(baixar, preencher e assinar). O(a) orientador(a) <strong>dever\u00e1 manifestar, via e-mail, a concord\u00e2ncia<\/strong> com a vers\u00e3o final encaminhada;<\/li>\n<li style=\"text-align: justify\">Ser\u00e1 permitida a formatura ou cola\u00e7\u00e3o de grau de aluno(a) <strong>somente<\/strong> ap\u00f3s o envio dos documentos requeridos no item anterior.<\/li>\n<\/ol>\n<\/li>\n<\/ol>\n<!-- \/wp:tadv\/classic-paragraph --><!-- wp:paragraph \/-->\t\t\t\t\t\t<\/div>\n\t\t\t\t<\/div>\n\t\t\t\t\t<\/div>\n\t\t<\/div>\n\t\t\t\t\t<\/div>\n\t\t<\/section>\n\t\t\t\t<\/div>\n\t\t","protected":false},"excerpt":{"rendered":"<p>O Curso de Arquivologia da UFSM tem como exig\u00eancia para a forma\u00e7\u00e3o a elabora\u00e7\u00e3o de um Trabalho de Conclus\u00e3o de Curso. Na disciplina\u00a0Trabalho de Conclus\u00e3o de Curso B, os(as) estudantes devem realizar a defesa do trabalho final de gradua\u00e7\u00e3o perante uma banca examinadora, constitu\u00edda pelo(a) Professor(a) Orientador(a) do trabalho e mais 2 (dois\/duas) docentes convidados(as), [&hellip;]<\/p>\n","protected":false},"author":586,"featured_media":0,"parent":0,"menu_order":0,"comment_status":"closed","ping_status":"closed","template":"","meta":{"footnotes":""},"categories":[],"tags":[],"class_list":["post-1421","page","type-page","status-publish","hentry"],"acf":[],"_links":{"self":[{"href":"https:\/\/www.ufsm.br\/cursos\/graduacao\/santa-maria\/arquivologia\/wp-json\/wp\/v2\/pages\/1421","targetHints":{"allow":["GET"]}}],"collection":[{"href":"https:\/\/www.ufsm.br\/cursos\/graduacao\/santa-maria\/arquivologia\/wp-json\/wp\/v2\/pages"}],"about":[{"href":"https:\/\/www.ufsm.br\/cursos\/graduacao\/santa-maria\/arquivologia\/wp-json\/wp\/v2\/types\/page"}],"author":[{"embeddable":true,"href":"https:\/\/www.ufsm.br\/cursos\/graduacao\/santa-maria\/arquivologia\/wp-json\/wp\/v2\/users\/586"}],"replies":[{"embeddable":true,"href":"https:\/\/www.ufsm.br\/cursos\/graduacao\/santa-maria\/arquivologia\/wp-json\/wp\/v2\/comments?post=1421"}],"version-history":[{"count":0,"href":"https:\/\/www.ufsm.br\/cursos\/graduacao\/santa-maria\/arquivologia\/wp-json\/wp\/v2\/pages\/1421\/revisions"}],"wp:attachment":[{"href":"https:\/\/www.ufsm.br\/cursos\/graduacao\/santa-maria\/arquivologia\/wp-json\/wp\/v2\/media?parent=1421"}],"wp:term":[{"taxonomy":"category","embeddable":true,"href":"https:\/\/www.ufsm.br\/cursos\/graduacao\/santa-maria\/arquivologia\/wp-json\/wp\/v2\/categories?post=1421"},{"taxonomy":"post_tag","embeddable":true,"href":"https:\/\/www.ufsm.br\/cursos\/graduacao\/santa-maria\/arquivologia\/wp-json\/wp\/v2\/tags?post=1421"}],"curies":[{"name":"wp","href":"https:\/\/api.w.org\/{rel}","templated":true}]}}