{"id":461,"date":"2018-12-13T14:39:50","date_gmt":"2018-12-13T16:39:50","guid":{"rendered":"https:\/\/www.ufsm.br\/cursos\/graduacao\/santa-maria\/arquivologia\/?page_id=461"},"modified":"2018-12-13T14:39:51","modified_gmt":"2018-12-13T16:39:51","slug":"entidades-de-classe-2","status":"publish","type":"page","link":"https:\/\/www.ufsm.br\/cursos\/graduacao\/santa-maria\/arquivologia\/entidades-de-classe-2","title":{"rendered":"Entidades de Classe"},"content":{"rendered":"<p>Os grupos profissionais procuram reunir-se para que em conjunto, norteados pelos mesmo objetivos e ideais, possam reivindicar com direito a atua\u00e7\u00e3o no mercado de trabalho e lutar pela defesa da profiss\u00e3o.<\/p>\n<p>A d\u00e9cada de 1970 foi muito importante para a Arquivologia no pa\u00eds. Em 1971, foi criada a Associa\u00e7\u00e3o dos Arquivistas Brasileiros (AAB) no Rio de Janeiro. No mesmo ano, o Brasil filiou-se ao conselho Internacional de Arquivos (CIA).<\/p>\n<p>No RS, os arquivistas podem filiar-se \u00e0 Associa\u00e7\u00e3o dos Arquivistas do Rio Grande do Sul (AARS), criada em 1999 e com sede atualmente em Santa Maria.<\/p>\n","protected":false},"excerpt":{"rendered":"<p>Os grupos profissionais procuram reunir-se para que em conjunto, norteados pelos mesmo objetivos e ideais, possam reivindicar com direito a atua\u00e7\u00e3o no mercado de trabalho e lutar pela defesa da profiss\u00e3o. A d\u00e9cada de 1970 foi muito importante para a Arquivologia no pa\u00eds. Em 1971, foi criada a Associa\u00e7\u00e3o dos Arquivistas Brasileiros (AAB) no Rio [&hellip;]<\/p>\n","protected":false},"author":194,"featured_media":0,"parent":0,"menu_order":0,"comment_status":"closed","ping_status":"closed","template":"","meta":{"footnotes":""},"categories":[],"tags":[],"class_list":["post-461","page","type-page","status-publish","hentry"],"acf":[],"_links":{"self":[{"href":"https:\/\/www.ufsm.br\/cursos\/graduacao\/santa-maria\/arquivologia\/wp-json\/wp\/v2\/pages\/461","targetHints":{"allow":["GET"]}}],"collection":[{"href":"https:\/\/www.ufsm.br\/cursos\/graduacao\/santa-maria\/arquivologia\/wp-json\/wp\/v2\/pages"}],"about":[{"href":"https:\/\/www.ufsm.br\/cursos\/graduacao\/santa-maria\/arquivologia\/wp-json\/wp\/v2\/types\/page"}],"author":[{"embeddable":true,"href":"https:\/\/www.ufsm.br\/cursos\/graduacao\/santa-maria\/arquivologia\/wp-json\/wp\/v2\/users\/194"}],"replies":[{"embeddable":true,"href":"https:\/\/www.ufsm.br\/cursos\/graduacao\/santa-maria\/arquivologia\/wp-json\/wp\/v2\/comments?post=461"}],"version-history":[{"count":0,"href":"https:\/\/www.ufsm.br\/cursos\/graduacao\/santa-maria\/arquivologia\/wp-json\/wp\/v2\/pages\/461\/revisions"}],"wp:attachment":[{"href":"https:\/\/www.ufsm.br\/cursos\/graduacao\/santa-maria\/arquivologia\/wp-json\/wp\/v2\/media?parent=461"}],"wp:term":[{"taxonomy":"category","embeddable":true,"href":"https:\/\/www.ufsm.br\/cursos\/graduacao\/santa-maria\/arquivologia\/wp-json\/wp\/v2\/categories?post=461"},{"taxonomy":"post_tag","embeddable":true,"href":"https:\/\/www.ufsm.br\/cursos\/graduacao\/santa-maria\/arquivologia\/wp-json\/wp\/v2\/tags?post=461"}],"curies":[{"name":"wp","href":"https:\/\/api.w.org\/{rel}","templated":true}]}}