{"id":372,"date":"2022-08-22T12:19:39","date_gmt":"2022-08-22T15:19:39","guid":{"rendered":"https:\/\/www.ufsm.br\/cursos\/graduacao\/santa-maria\/ciencias-biologicas\/?page_id=372"},"modified":"2022-08-22T15:27:12","modified_gmt":"2022-08-22T18:27:12","slug":"prova-atrasada-justificativa-de-faltas","status":"publish","type":"page","link":"https:\/\/www.ufsm.br\/cursos\/graduacao\/santa-maria\/ciencias-biologicas\/prova-atrasada-justificativa-de-faltas","title":{"rendered":"Prova atrasada\/Justificativa de faltas"},"content":{"rendered":"\n<p>Quando o aluno n\u00e3o puder comparecer em alguma avalia\u00e7\u00e3o, ele deve realizar a abertura de \u201cProcesso de justificativa de faltas de aluno de gradua\u00e7\u00e3o\u201d no Portal de Documentos da UFSM.<\/p>\n\n\n\n<p>Link do Portal:&nbsp;<a href=\"https:\/\/portal.ufsm.br\/documentos\" target=\"_blank\" rel=\"noreferrer noopener\">https:\/\/portal.ufsm.br\/documentos<\/a><\/p>\n\n\n\n<p>Link Tutorial para abertura de processo:&nbsp;<a href=\"https:\/\/www.ufsm.br\/orgaos-suplementares\/dag\/pen\/tutorial-abertura-do-processo-eletronico\/\" target=\"_blank\" rel=\"noreferrer noopener\">https:\/\/www.ufsm.br\/orgaos-suplementares\/dag\/pen\/tutorial-abertura-do-processo-eletronico\/<\/a><\/p>\n\n\n\n<p>Para o Processo online, a classifica\u00e7\u00e3o \u00e9 \u201c<em>125.31 \u2013&nbsp;Provas. Exames. Trabalhos<\/em>\u201c.<\/p>\n\n\n\n<p>Preencha o\u00a0<a href=\"https:\/\/www.ufsm.br\/app\/uploads\/sites\/447\/2022\/08\/Requerimentos-de-prova-atrasada.doc\">Requerimento de prova atrasada<\/a>\u00a0e adicione no processo, juntamente com o\u00a0Atestado.<\/p>\n\n\n\n<p>Este \u00e9 um documento em word, que depois de preenchido e assinado, deve ser salvo em pdf para poder incluir no processo.&nbsp;<\/p>\n\n\n\n<p>S\u00e3o considerados motivos devidamente justificados:<\/p>\n\n\n\n<p>1. Doen\u00e7a que impossibilite o aluno de realizar avalia\u00e7\u00e3o, devidamente comprovada por Atestado M\u00e9dico com CID, assinatura, CRM e data.<\/p>\n\n\n\n<p>2. Acompanhamento de familiar de primeiro grau (pais ou filhos) para tratamento de sa\u00fade, devidamente comprovado por Atestado M\u00e9dico com CID, assinatura, CRM e data.<\/p>\n\n\n\n<p>3. \u00d3bito de familiar de primeiro grau (pais ou filhos).<\/p>\n\n\n\n<p>4. Participa\u00e7\u00e3o em eventos acad\u00eamicos com apresenta\u00e7\u00e3o de trabalho, desde que avisado com anteced\u00eancia m\u00ednima de 48h na Secretaria Integrada de Departamentos ao qual a disciplina do professor est\u00e1 vinculada e comprovado por atestado ou certificado de participa\u00e7\u00e3o.<\/p>\n","protected":false},"excerpt":{"rendered":"<p>Quando o aluno n\u00e3o puder comparecer em alguma avalia\u00e7\u00e3o, ele deve realizar a abertura de \u201cProcesso de justificativa de faltas de aluno de gradua\u00e7\u00e3o\u201d no Portal de Documentos da UFSM. Link do Portal:&nbsp;https:\/\/portal.ufsm.br\/documentos Link Tutorial para abertura de processo:&nbsp;https:\/\/www.ufsm.br\/orgaos-suplementares\/dag\/pen\/tutorial-abertura-do-processo-eletronico\/ Para o Processo online, a classifica\u00e7\u00e3o \u00e9 \u201c125.31 \u2013&nbsp;Provas. Exames. Trabalhos\u201c. Preencha o\u00a0Requerimento de prova atrasada\u00a0e [&hellip;]<\/p>\n","protected":false},"author":401,"featured_media":0,"parent":0,"menu_order":0,"comment_status":"closed","ping_status":"closed","template":"","meta":{"footnotes":""},"categories":[],"tags":[],"class_list":["post-372","page","type-page","status-publish","hentry"],"acf":[],"_links":{"self":[{"href":"https:\/\/www.ufsm.br\/cursos\/graduacao\/santa-maria\/ciencias-biologicas\/wp-json\/wp\/v2\/pages\/372","targetHints":{"allow":["GET"]}}],"collection":[{"href":"https:\/\/www.ufsm.br\/cursos\/graduacao\/santa-maria\/ciencias-biologicas\/wp-json\/wp\/v2\/pages"}],"about":[{"href":"https:\/\/www.ufsm.br\/cursos\/graduacao\/santa-maria\/ciencias-biologicas\/wp-json\/wp\/v2\/types\/page"}],"author":[{"embeddable":true,"href":"https:\/\/www.ufsm.br\/cursos\/graduacao\/santa-maria\/ciencias-biologicas\/wp-json\/wp\/v2\/users\/401"}],"replies":[{"embeddable":true,"href":"https:\/\/www.ufsm.br\/cursos\/graduacao\/santa-maria\/ciencias-biologicas\/wp-json\/wp\/v2\/comments?post=372"}],"version-history":[{"count":0,"href":"https:\/\/www.ufsm.br\/cursos\/graduacao\/santa-maria\/ciencias-biologicas\/wp-json\/wp\/v2\/pages\/372\/revisions"}],"wp:attachment":[{"href":"https:\/\/www.ufsm.br\/cursos\/graduacao\/santa-maria\/ciencias-biologicas\/wp-json\/wp\/v2\/media?parent=372"}],"wp:term":[{"taxonomy":"category","embeddable":true,"href":"https:\/\/www.ufsm.br\/cursos\/graduacao\/santa-maria\/ciencias-biologicas\/wp-json\/wp\/v2\/categories?post=372"},{"taxonomy":"post_tag","embeddable":true,"href":"https:\/\/www.ufsm.br\/cursos\/graduacao\/santa-maria\/ciencias-biologicas\/wp-json\/wp\/v2\/tags?post=372"}],"curies":[{"name":"wp","href":"https:\/\/api.w.org\/{rel}","templated":true}]}}