{"id":1494,"date":"2019-03-25T15:01:48","date_gmt":"2019-03-25T18:01:48","guid":{"rendered":"https:\/\/www.ufsm.br\/cursos\/graduacao\/santa-maria\/ciencias-contabeis\/?page_id=1494"},"modified":"2025-10-10T16:26:32","modified_gmt":"2025-10-10T19:26:32","slug":"colegiado-do-curso","status":"publish","type":"page","link":"https:\/\/www.ufsm.br\/cursos\/graduacao\/santa-maria\/ciencias-contabeis\/colegiado-do-curso","title":{"rendered":"Colegiado do Curso"},"content":{"rendered":"\n<p style=\"text-align: center\"><strong>COMPOSI\u00c7\u00c3O COLEGIADO<\/strong><\/p>\n<p><strong>REPRESENTA\u00c7\u00c3O DOCENTE:<\/strong> Vig\u00eancia at\u00e9 09 de julho de 2026<\/p>\n<p><strong>TITULARES<\/strong><\/p>\n<ul>\n<li>Prof. Cristiano Sauzen Soares\u00a0 &#8211; Presidente<\/li>\n<li>Prof. Anderson Betti Frare &#8211; Coord. Substituto<\/li>\n<li>Prof\u00aa. Cl\u00e1udia de Freitas Michelin<\/li>\n<li>Prof. Luiz Henrique Figueira Marquezan<\/li>\n<li>Prof. Marcelo Trevisan<\/li>\n<li>Prof.\u00aa Mika\u00e9li da Silva Giordani<\/li>\n<li>Prof. Vin\u00edcius Costa da Silva Zonatto<\/li>\n<\/ul>\n<p><strong>SUPLENTES<\/strong><\/p>\n<ul>\n<li>Prof.\u00aa Ana Paula Fraga\u00a0 \u00a0 \u00a0 \u00a0 \u00a0 \u00a0 \u00a0 \u00a0 \u00a0\u00a0<\/li>\n<\/ul>\n<p><strong>REPRESENTANTE DA CATEGORIA:<\/strong> Vig\u00eancia at\u00e9 09 de julho de 2026<\/p>\n<ul>\n<li>Cont. Paulo Gilberto Comazzetto \u2013 Titular (RS-044265\/0)<\/li>\n<li>Cont. Sanderson Correa Gomides \u2013 Suplente (RS-076423\/0)<\/li>\n<\/ul>\n<p><strong>REPRESENTA\u00c7\u00c3O ACAD\u00caMICA:<\/strong> Vig\u00eancia at\u00e9 23 de setembro de 2026<\/p>\n<p>Curso Diurno<\/p>\n<ul>\n<li>Lisiane Schneider Pereira- Acad\u00eamica<\/li>\n<li>Gabrielle Cremones Mioto &#8211; Acad\u00eamica (Suplente)<\/li>\n<\/ul>\n<p>Curso Noturno<\/p>\n<ul>\n<li>Matheus Ferreira Damacena &#8211; Acad\u00eamico<\/li>\n<li>Sabrina da Costa Miranda &#8211; Acad\u00eamica (Suplente)<\/li>\n<\/ul>\n\n\n\n<p><\/p>\n","protected":false},"excerpt":{"rendered":"<p>COMPOSI\u00c7\u00c3O COLEGIADO REPRESENTA\u00c7\u00c3O DOCENTE: Vig\u00eancia at\u00e9 09 de julho de 2026 TITULARES Prof. Cristiano Sauzen Soares\u00a0 &#8211; Presidente Prof. Anderson Betti Frare &#8211; Coord. Substituto Prof\u00aa. Cl\u00e1udia de Freitas Michelin Prof. Luiz Henrique Figueira Marquezan Prof. Marcelo Trevisan Prof.\u00aa Mika\u00e9li da Silva Giordani Prof. Vin\u00edcius Costa da Silva Zonatto SUPLENTES Prof.\u00aa Ana Paula Fraga\u00a0 \u00a0 [&hellip;]<\/p>\n","protected":false},"author":555,"featured_media":0,"parent":0,"menu_order":0,"comment_status":"closed","ping_status":"closed","template":"","meta":{"footnotes":""},"categories":[2],"tags":[],"class_list":["post-1494","page","type-page","status-publish","hentry","category-noticias"],"acf":[],"_links":{"self":[{"href":"https:\/\/www.ufsm.br\/cursos\/graduacao\/santa-maria\/ciencias-contabeis\/wp-json\/wp\/v2\/pages\/1494","targetHints":{"allow":["GET"]}}],"collection":[{"href":"https:\/\/www.ufsm.br\/cursos\/graduacao\/santa-maria\/ciencias-contabeis\/wp-json\/wp\/v2\/pages"}],"about":[{"href":"https:\/\/www.ufsm.br\/cursos\/graduacao\/santa-maria\/ciencias-contabeis\/wp-json\/wp\/v2\/types\/page"}],"author":[{"embeddable":true,"href":"https:\/\/www.ufsm.br\/cursos\/graduacao\/santa-maria\/ciencias-contabeis\/wp-json\/wp\/v2\/users\/555"}],"replies":[{"embeddable":true,"href":"https:\/\/www.ufsm.br\/cursos\/graduacao\/santa-maria\/ciencias-contabeis\/wp-json\/wp\/v2\/comments?post=1494"}],"version-history":[{"count":0,"href":"https:\/\/www.ufsm.br\/cursos\/graduacao\/santa-maria\/ciencias-contabeis\/wp-json\/wp\/v2\/pages\/1494\/revisions"}],"wp:attachment":[{"href":"https:\/\/www.ufsm.br\/cursos\/graduacao\/santa-maria\/ciencias-contabeis\/wp-json\/wp\/v2\/media?parent=1494"}],"wp:term":[{"taxonomy":"category","embeddable":true,"href":"https:\/\/www.ufsm.br\/cursos\/graduacao\/santa-maria\/ciencias-contabeis\/wp-json\/wp\/v2\/categories?post=1494"},{"taxonomy":"post_tag","embeddable":true,"href":"https:\/\/www.ufsm.br\/cursos\/graduacao\/santa-maria\/ciencias-contabeis\/wp-json\/wp\/v2\/tags?post=1494"}],"curies":[{"name":"wp","href":"https:\/\/api.w.org\/{rel}","templated":true}]}}