{"id":2274,"date":"2022-07-13T19:18:54","date_gmt":"2022-07-13T22:18:54","guid":{"rendered":"https:\/\/www.ufsm.br\/cursos\/graduacao\/santa-maria\/ciencias-contabeis\/?page_id=2274"},"modified":"2025-12-10T15:02:39","modified_gmt":"2025-12-10T18:02:39","slug":"fluxos-do-estagio","status":"publish","type":"page","link":"https:\/\/www.ufsm.br\/cursos\/graduacao\/santa-maria\/ciencias-contabeis\/fluxos-do-estagio","title":{"rendered":"Fluxo de Est\u00e1gio"},"content":{"rendered":"\n<h1 class=\"wp-block-heading\">ESTUDANTE \u2013 para formalizar o est\u00e1gio siga os passos abaixo:<\/h1>\n\n\n\n<hr class=\"wp-block-separator has-css-opacity\" \/>\n\n\n\n<div style=\"height:35px\" aria-hidden=\"true\" class=\"wp-block-spacer\"><\/div>\n\n\n\n<h5 class=\"wp-block-heading\">1. Procurar o Coordenador de Curso,&nbsp;antes de formalizar a ades\u00e3o ao est\u00e1gio,&nbsp;para&nbsp;verificar a compatibilidade com a \u00e1rea de forma\u00e7\u00e3o&nbsp;e para&nbsp;que este indique o nome do&nbsp;professor&nbsp;orientador. O nome do orientador dever\u00e1 constar no TERMO DE COMPROMISSO de est\u00e1gio.<\/h5>\n\n\n\n<div style=\"height:33px\" aria-hidden=\"true\" class=\"wp-block-spacer\"><\/div>\n\n\n\n<h5 class=\"wp-block-heading\">2. Entrar em contato com o(a) professor(a) orientador(a) designado(a) para confer\u00eancia das exig\u00eancias para est\u00e1gio e das informa\u00e7\u00f5es que dever\u00e3o constar no TCE.<\/h5>\n\n\n\n<div style=\"height:35px\" aria-hidden=\"true\" class=\"wp-block-spacer\"><\/div>\n\n\n\n<h5 class=\"wp-block-heading\">3. Abrir processo de homologa\u00e7\u00e3o de est\u00e1gio <\/h5>\n\n\n\n<div style=\"height:35px\" aria-hidden=\"true\" class=\"wp-block-spacer\"><\/div>\n\n\n\n<div style=\"height:0px\" aria-hidden=\"true\" class=\"wp-block-spacer\"><\/div>\n\n\n\n<div class=\"wp-block-buttons is-content-justification-center is-layout-flex wp-container-core-buttons-is-layout-16018d1d wp-block-buttons-is-layout-flex\">\n<div class=\"wp-block-button is-style-fill alignright\"><a class=\"wp-block-button__link wp-element-button\" href=\"https:\/\/portal.ufsm.br\/documentos\/login.html\" target=\"_blank\" rel=\"noreferrer noopener\">Fa\u00e7a a abertura do processo<\/a><\/div>\n<\/div>\n\n\n\n<div style=\"height:35px\" aria-hidden=\"true\" class=\"wp-block-spacer\"><\/div>\n\n\n\n<figure class=\"wp-block-gallery has-nested-images columns-default is-cropped wp-block-gallery-1 is-layout-flex wp-block-gallery-is-layout-flex\">\n<figure class=\"wp-block-image size-large\"><img fetchpriority=\"high\" decoding=\"async\" width=\"488\" height=\"493\" data-id=\"4363\" src=\"https:\/\/www.ufsm.br\/app\/uploads\/sites\/477\/2025\/10\/ESTAGIO.jpg\" alt=\"\" class=\"wp-image-4363\" srcset=\"https:\/\/www.ufsm.br\/app\/uploads\/sites\/477\/2025\/10\/ESTAGIO.jpg 488w, https:\/\/www.ufsm.br\/app\/uploads\/sites\/477\/2025\/10\/ESTAGIO-297x300.jpg 297w\" sizes=\"(max-width: 488px) 100vw, 488px\" \/><\/figure>\n<\/figure>\n\n\n\n<p><\/p>\n\n\n\n<h5 class=\"wp-block-heading\">4. Iniciar as atividades de est\u00e1gio conforme planejado!<\/h5>\n","protected":false},"excerpt":{"rendered":"<p>ESTUDANTE \u2013 para formalizar o est\u00e1gio siga os passos abaixo: 1. Procurar o Coordenador de Curso,&nbsp;antes de formalizar a ades\u00e3o ao est\u00e1gio,&nbsp;para&nbsp;verificar a compatibilidade com a \u00e1rea de forma\u00e7\u00e3o&nbsp;e para&nbsp;que este indique o nome do&nbsp;professor&nbsp;orientador. O nome do orientador dever\u00e1 constar no TERMO DE COMPROMISSO de est\u00e1gio. 2. Entrar em contato com o(a) professor(a) orientador(a) [&hellip;]<\/p>\n","protected":false},"author":2252,"featured_media":0,"parent":0,"menu_order":0,"comment_status":"closed","ping_status":"closed","template":"","meta":{"footnotes":""},"categories":[],"tags":[],"class_list":["post-2274","page","type-page","status-publish","hentry"],"acf":[],"_links":{"self":[{"href":"https:\/\/www.ufsm.br\/cursos\/graduacao\/santa-maria\/ciencias-contabeis\/wp-json\/wp\/v2\/pages\/2274","targetHints":{"allow":["GET"]}}],"collection":[{"href":"https:\/\/www.ufsm.br\/cursos\/graduacao\/santa-maria\/ciencias-contabeis\/wp-json\/wp\/v2\/pages"}],"about":[{"href":"https:\/\/www.ufsm.br\/cursos\/graduacao\/santa-maria\/ciencias-contabeis\/wp-json\/wp\/v2\/types\/page"}],"author":[{"embeddable":true,"href":"https:\/\/www.ufsm.br\/cursos\/graduacao\/santa-maria\/ciencias-contabeis\/wp-json\/wp\/v2\/users\/2252"}],"replies":[{"embeddable":true,"href":"https:\/\/www.ufsm.br\/cursos\/graduacao\/santa-maria\/ciencias-contabeis\/wp-json\/wp\/v2\/comments?post=2274"}],"version-history":[{"count":0,"href":"https:\/\/www.ufsm.br\/cursos\/graduacao\/santa-maria\/ciencias-contabeis\/wp-json\/wp\/v2\/pages\/2274\/revisions"}],"wp:attachment":[{"href":"https:\/\/www.ufsm.br\/cursos\/graduacao\/santa-maria\/ciencias-contabeis\/wp-json\/wp\/v2\/media?parent=2274"}],"wp:term":[{"taxonomy":"category","embeddable":true,"href":"https:\/\/www.ufsm.br\/cursos\/graduacao\/santa-maria\/ciencias-contabeis\/wp-json\/wp\/v2\/categories?post=2274"},{"taxonomy":"post_tag","embeddable":true,"href":"https:\/\/www.ufsm.br\/cursos\/graduacao\/santa-maria\/ciencias-contabeis\/wp-json\/wp\/v2\/tags?post=2274"}],"curies":[{"name":"wp","href":"https:\/\/api.w.org\/{rel}","templated":true}]}}