{"id":2807,"date":"2022-12-14T09:12:55","date_gmt":"2022-12-14T12:12:55","guid":{"rendered":"https:\/\/www.ufsm.br\/cursos\/graduacao\/santa-maria\/ciencias-contabeis\/?page_id=2807"},"modified":"2024-08-27T12:13:02","modified_gmt":"2024-08-27T15:13:02","slug":"membros-nde-2","status":"publish","type":"page","link":"https:\/\/www.ufsm.br\/cursos\/graduacao\/santa-maria\/ciencias-contabeis\/membros-nde-2","title":{"rendered":"Membros NDE"},"content":{"rendered":"\n<figure id=\"membros\" class=\"wp-block-table\"><table><tbody><tr><td>Nome<\/td><td>Fun\u00e7\u00e3o<\/td><td>Per\u00edodo de Vig\u00eancia<\/td><\/tr><tr><td>CRISTIANO SAUSEN SOARES<\/td><td>Presidente<\/td><td>09\/07\/2024 a 09\/07\/2026<\/td><\/tr><tr><td>ANDERSON BETTI FRARE<\/td><td>Secret\u00e1rio<\/td><td>09\/07\/2024 a 09\/07\/2026<\/td><\/tr><tr><td>LUIZ HENRIQUE FIGUEIRA MARQUEZAN<\/td><td>Participante<\/td><td>09\/07\/2024 a 09\/07\/2026<\/td><\/tr><tr><td>VINICIUS COSTA DA SILVA ZONATTO<\/td><td>Participante<\/td><td>09\/07\/2024 a 09\/07\/2026<\/td><\/tr><tr><td>CRISTIANE KR\u00dcGER<\/td><td>Participante<\/td><td>09\/07\/2024 a 09\/07\/2026<\/td><\/tr><tr><td>JOS\u00c9 ALEXANDRE MAGRINI PIGATTO<\/td><td>Participante<\/td><td>09\/07\/2024 a 09\/07\/2026<\/td><\/tr><tr><td>JEFERSON DE SOUZA FLORES<\/td><td>Suplente<\/td><td>09\/07\/2024 a 09\/07\/2026<\/td><\/tr><\/tbody><\/table><\/figure>\n\n\n\n<p><\/p>\n\n\n\n<p><\/p>\n","protected":false},"excerpt":{"rendered":"<p>Nome Fun\u00e7\u00e3o Per\u00edodo de Vig\u00eancia CRISTIANO SAUSEN SOARES Presidente 09\/07\/2024 a 09\/07\/2026 ANDERSON BETTI FRARE Secret\u00e1rio 09\/07\/2024 a 09\/07\/2026 LUIZ HENRIQUE FIGUEIRA MARQUEZAN Participante 09\/07\/2024 a 09\/07\/2026 VINICIUS COSTA DA SILVA ZONATTO Participante 09\/07\/2024 a 09\/07\/2026 CRISTIANE KR\u00dcGER Participante 09\/07\/2024 a 09\/07\/2026 JOS\u00c9 ALEXANDRE MAGRINI PIGATTO Participante 09\/07\/2024 a 09\/07\/2026 JEFERSON DE SOUZA FLORES Suplente [&hellip;]<\/p>\n","protected":false},"author":555,"featured_media":0,"parent":0,"menu_order":0,"comment_status":"closed","ping_status":"closed","template":"","meta":{"footnotes":""},"categories":[],"tags":[],"class_list":["post-2807","page","type-page","status-publish","hentry"],"acf":[],"_links":{"self":[{"href":"https:\/\/www.ufsm.br\/cursos\/graduacao\/santa-maria\/ciencias-contabeis\/wp-json\/wp\/v2\/pages\/2807","targetHints":{"allow":["GET"]}}],"collection":[{"href":"https:\/\/www.ufsm.br\/cursos\/graduacao\/santa-maria\/ciencias-contabeis\/wp-json\/wp\/v2\/pages"}],"about":[{"href":"https:\/\/www.ufsm.br\/cursos\/graduacao\/santa-maria\/ciencias-contabeis\/wp-json\/wp\/v2\/types\/page"}],"author":[{"embeddable":true,"href":"https:\/\/www.ufsm.br\/cursos\/graduacao\/santa-maria\/ciencias-contabeis\/wp-json\/wp\/v2\/users\/555"}],"replies":[{"embeddable":true,"href":"https:\/\/www.ufsm.br\/cursos\/graduacao\/santa-maria\/ciencias-contabeis\/wp-json\/wp\/v2\/comments?post=2807"}],"version-history":[{"count":0,"href":"https:\/\/www.ufsm.br\/cursos\/graduacao\/santa-maria\/ciencias-contabeis\/wp-json\/wp\/v2\/pages\/2807\/revisions"}],"wp:attachment":[{"href":"https:\/\/www.ufsm.br\/cursos\/graduacao\/santa-maria\/ciencias-contabeis\/wp-json\/wp\/v2\/media?parent=2807"}],"wp:term":[{"taxonomy":"category","embeddable":true,"href":"https:\/\/www.ufsm.br\/cursos\/graduacao\/santa-maria\/ciencias-contabeis\/wp-json\/wp\/v2\/categories?post=2807"},{"taxonomy":"post_tag","embeddable":true,"href":"https:\/\/www.ufsm.br\/cursos\/graduacao\/santa-maria\/ciencias-contabeis\/wp-json\/wp\/v2\/tags?post=2807"}],"curies":[{"name":"wp","href":"https:\/\/api.w.org\/{rel}","templated":true}]}}