{"id":1239,"date":"2022-07-14T16:39:51","date_gmt":"2022-07-14T19:39:51","guid":{"rendered":"https:\/\/www.ufsm.br\/cursos\/graduacao\/santa-maria\/ciencias-economicas\/?page_id=1239"},"modified":"2026-01-28T12:15:18","modified_gmt":"2026-01-28T15:15:18","slug":"fluxo-de-estagio","status":"publish","type":"page","link":"https:\/\/www.ufsm.br\/cursos\/graduacao\/santa-maria\/ciencias-economicas\/fluxo-de-estagio","title":{"rendered":"Fluxo de Est\u00e1gio"},"content":{"rendered":"\t\t<div data-elementor-type=\"wp-page\" data-elementor-id=\"1239\" class=\"elementor elementor-1239\">\n\t\t\t\t\t\t<section class=\"elementor-section elementor-top-section elementor-element elementor-element-2e80aac elementor-section-boxed elementor-section-height-default elementor-section-height-default\" data-id=\"2e80aac\" data-element_type=\"section\">\n\t\t\t\t\t\t<div class=\"elementor-container elementor-column-gap-default\">\n\t\t\t\t\t<div class=\"elementor-column elementor-col-100 elementor-top-column elementor-element elementor-element-7ecaadab\" data-id=\"7ecaadab\" data-element_type=\"column\">\n\t\t\t<div class=\"elementor-widget-wrap elementor-element-populated\">\n\t\t\t\t\t\t<div class=\"elementor-element elementor-element-4cd8843d elementor-widget elementor-widget-text-editor\" data-id=\"4cd8843d\" data-element_type=\"widget\" data-widget_type=\"text-editor.default\">\n\t\t\t\t<div class=\"elementor-widget-container\">\n\t\t\t\t\t\t\t<!-- wp:heading -->\n<h2 class=\"wp-block-heading\">ESTUDANTE \u2013 para formalizar o est\u00e1gio siga os passos abaixo:<\/h2>\n<!-- \/wp:heading --><!-- wp:separator {\"opacity\":\"css\"} --><hr class=\"wp-block-separator has-css-opacity\" \/><!-- \/wp:separator --><!-- wp:spacer {\"height\":\"35px\"} -->\n<div class=\"wp-block-spacer\" style=\"height: 35px\" aria-hidden=\"true\">\u00a0<\/div>\n<!-- \/wp:spacer --><!-- wp:heading {\"level\":5} -->\n<h5 class=\"wp-block-heading\">1. Procurar a Coordena\u00e7\u00e3o do Curso,\u00a0antes de formalizar a ades\u00e3o ao est\u00e1gio,\u00a0para\u00a0verificar a compatibilidade com a \u00e1rea de forma\u00e7\u00e3o\u00a0e para\u00a0que o Coordenador de Ci\u00eancias Econ\u00f4micas indique o nome do(a)\u00a0professor(a)\u00a0orientador(a). O nome do orientador dever\u00e1 constar no TERMO DE COMPROMISSO de est\u00e1gio.<\/h5>\n<!-- \/wp:heading --><!-- wp:spacer {\"height\":\"35px\"} -->\n<div class=\"wp-block-spacer\" style=\"height: 35px\" aria-hidden=\"true\">\u00a0<\/div>\n<!-- \/wp:spacer --><!-- wp:heading {\"level\":5} -->\n<h5 class=\"wp-block-heading\">2. Entrar em contato com o(a) professor(a) orientador(a) designado(a) para confer\u00eancia das exig\u00eancias para est\u00e1gio e das informa\u00e7\u00f5es que dever\u00e3o constar no TCE.<\/h5>\n<!-- \/wp:heading --><!-- wp:spacer {\"height\":\"35px\"} -->\n<div class=\"wp-block-spacer\" style=\"height: 35px\" aria-hidden=\"true\">\u00a0<\/div>\n<!-- \/wp:spacer --><!-- wp:heading {\"level\":5} -->\n<h5 class=\"wp-block-heading\">3. Abrir processo de homologa\u00e7\u00e3o de est\u00e1gio<\/h5>\n<!-- \/wp:heading --><!-- wp:spacer {\"height\":\"35px\"} \/--><!-- wp:buttons {\"layout\":{\"type\":\"flex\",\"justifyContent\":\"center\"}} -->\n<div class=\"wp-block-buttons\"><!-- wp:button -->\n<div class=\"wp-block-button\"><a class=\"wp-block-button__link wp-element-button\" href=\"https:\/\/portal.ufsm.br\/documentos\/mainMenu.html\" target=\"_blank\" rel=\"noreferrer noopener\">Fa\u00e7a a abertura do processo<\/a><\/div>\n<!-- \/wp:button --><\/div>\n<!-- \/wp:buttons --><!-- wp:spacer {\"height\":\"35px\"} \/--><!-- wp:gallery {\"linkTo\":\"none\"} -->\n<figure class=\"wp-block-gallery has-nested-images columns-default is-cropped\"><!-- wp:image {\"id\":3011,\"sizeSlug\":\"large\",\"linkDestination\":\"none\"} -->\n<figure class=\"wp-block-image size-large\"><\/figure>\n<!-- \/wp:image --><\/figure>\n<!-- \/wp:gallery --><!-- wp:spacer {\"height\":\"35px\"} -->\n<div class=\"wp-block-spacer\" style=\"height: 35px\" aria-hidden=\"true\"><a href=\"https:\/\/ntetube.nte.ufsm.br\/v\/1759941155\"><img fetchpriority=\"high\" decoding=\"async\" class=\"alignnone wp-image-3047 size-medium\" src=\"https:\/\/www.ufsm.br\/app\/uploads\/sites\/478\/2026\/01\/Video-1-295x300.jpg\" alt=\"\" width=\"295\" height=\"300\" srcset=\"https:\/\/www.ufsm.br\/app\/uploads\/sites\/478\/2026\/01\/Video-1-295x300.jpg 295w, https:\/\/www.ufsm.br\/app\/uploads\/sites\/478\/2026\/01\/Video-1.jpg 602w\" sizes=\"(max-width: 295px) 100vw, 295px\" \/><\/a><\/div>\n<!-- \/wp:spacer --><!-- wp:heading {\"level\":5} -->\n<h5>\u00a0<\/h5>\n<h5>\u00a0<\/h5>\n<h5>\u00a0<\/h5>\n<h5>\u00a0<\/h5>\n<h5>\u00a0<\/h5>\n<h5>\u00a0<\/h5>\n<p>\u00a0<\/p>\n<h5 class=\"wp-block-heading\">4. Iniciar as atividades de est\u00e1gio conforme planejado!<\/h5>\n<!-- \/wp:heading -->\t\t\t\t\t\t<\/div>\n\t\t\t\t<\/div>\n\t\t\t\t\t<\/div>\n\t\t<\/div>\n\t\t\t\t\t<\/div>\n\t\t<\/section>\n\t\t\t\t<\/div>\n\t\t","protected":false},"excerpt":{"rendered":"<p>ESTUDANTE \u2013 para formalizar o est\u00e1gio siga os passos abaixo: 1. Procurar a Coordena\u00e7\u00e3o do Curso,\u00a0antes de formalizar a ades\u00e3o ao est\u00e1gio,\u00a0para\u00a0verificar a compatibilidade com a \u00e1rea de forma\u00e7\u00e3o\u00a0e para\u00a0que o Coordenador de Ci\u00eancias Econ\u00f4micas indique o nome do(a)\u00a0professor(a)\u00a0orientador(a). O nome do orientador dever\u00e1 constar no TERMO DE COMPROMISSO de est\u00e1gio. 2. Entrar em contato [&hellip;]<\/p>\n","protected":false},"author":2252,"featured_media":0,"parent":0,"menu_order":0,"comment_status":"closed","ping_status":"closed","template":"","meta":{"footnotes":""},"categories":[],"tags":[],"class_list":["post-1239","page","type-page","status-publish","hentry"],"acf":[],"_links":{"self":[{"href":"https:\/\/www.ufsm.br\/cursos\/graduacao\/santa-maria\/ciencias-economicas\/wp-json\/wp\/v2\/pages\/1239","targetHints":{"allow":["GET"]}}],"collection":[{"href":"https:\/\/www.ufsm.br\/cursos\/graduacao\/santa-maria\/ciencias-economicas\/wp-json\/wp\/v2\/pages"}],"about":[{"href":"https:\/\/www.ufsm.br\/cursos\/graduacao\/santa-maria\/ciencias-economicas\/wp-json\/wp\/v2\/types\/page"}],"author":[{"embeddable":true,"href":"https:\/\/www.ufsm.br\/cursos\/graduacao\/santa-maria\/ciencias-economicas\/wp-json\/wp\/v2\/users\/2252"}],"replies":[{"embeddable":true,"href":"https:\/\/www.ufsm.br\/cursos\/graduacao\/santa-maria\/ciencias-economicas\/wp-json\/wp\/v2\/comments?post=1239"}],"version-history":[{"count":0,"href":"https:\/\/www.ufsm.br\/cursos\/graduacao\/santa-maria\/ciencias-economicas\/wp-json\/wp\/v2\/pages\/1239\/revisions"}],"wp:attachment":[{"href":"https:\/\/www.ufsm.br\/cursos\/graduacao\/santa-maria\/ciencias-economicas\/wp-json\/wp\/v2\/media?parent=1239"}],"wp:term":[{"taxonomy":"category","embeddable":true,"href":"https:\/\/www.ufsm.br\/cursos\/graduacao\/santa-maria\/ciencias-economicas\/wp-json\/wp\/v2\/categories?post=1239"},{"taxonomy":"post_tag","embeddable":true,"href":"https:\/\/www.ufsm.br\/cursos\/graduacao\/santa-maria\/ciencias-economicas\/wp-json\/wp\/v2\/tags?post=1239"}],"curies":[{"name":"wp","href":"https:\/\/api.w.org\/{rel}","templated":true}]}}