{"id":1456,"date":"2022-10-10T08:40:46","date_gmt":"2022-10-10T11:40:46","guid":{"rendered":"https:\/\/www.ufsm.br\/cursos\/graduacao\/santa-maria\/ciencias-economicas\/?page_id=1456"},"modified":"2022-10-10T08:42:19","modified_gmt":"2022-10-10T11:42:19","slug":"tutorial-para-dispensa-de-estagio-em-funcao-de-realizacao-de-prova","status":"publish","type":"page","link":"https:\/\/www.ufsm.br\/cursos\/graduacao\/santa-maria\/ciencias-economicas\/tutorial-para-dispensa-de-estagio-em-funcao-de-realizacao-de-prova","title":{"rendered":"Dispensa de est\u00e1gio em fun\u00e7\u00e3o de realiza\u00e7\u00e3o de prova"},"content":{"rendered":"\n<div>Formul\u00e1rio a ser utilizado:\u00a0<\/div>\n<ul>\n<li><a href=\"https:\/\/www.ufsm.br\/app\/uploads\/sites\/421\/2022\/07\/DECLARACAO-DE-REALIZACAO-DE-PROVA-para-dispensa-em-estagio.pdf\" target=\"_blank\" rel=\"noopener\" data-saferedirecturl=\"https:\/\/www.google.com\/url?q=https:\/\/www.ufsm.br\/app\/uploads\/sites\/421\/2022\/07\/DECLARACAO-DE-REALIZACAO-DE-PROVA-para-dispensa-em-estagio.pdf&amp;source=gmail&amp;ust=1665487656433000&amp;usg=AOvVaw0fO8Z1pgPI99ldtkqIddZ6\"><span class=\"il\">DECLARA\u00c7\u00c3O<\/span>\u00a0<span class=\"il\">DE<\/span>\u00a0REALIZA\u00c7\u00c3O\u00a0<span class=\"il\">DE<\/span>\u00a0PROVA- para dispensa em\u00a0<span class=\"il\">est\u00e1gio<\/span>\u00a0(arquivo pdf, 18 KB)<\/a><\/li>\n<\/ul>\n<div>\n<div>Esse documento pode ser:<\/div>\n<div>\u2013 Impresso pelo aluno e assinado presencialmente pelo professor da disciplina;<\/div>\n<div>\u2013 Encaminhado por email e o professor assinar pelo SOUGOV;<\/div>\n<\/div>\n","protected":false},"excerpt":{"rendered":"<p>Formul\u00e1rio a ser utilizado:\u00a0 DECLARA\u00c7\u00c3O\u00a0DE\u00a0REALIZA\u00c7\u00c3O\u00a0DE\u00a0PROVA- para dispensa em\u00a0est\u00e1gio\u00a0(arquivo pdf, 18 KB) Esse documento pode ser: \u2013 Impresso pelo aluno e assinado presencialmente pelo professor da disciplina; \u2013 Encaminhado por email e o professor assinar pelo SOUGOV;<\/p>\n","protected":false},"author":2252,"featured_media":0,"parent":0,"menu_order":0,"comment_status":"closed","ping_status":"closed","template":"","meta":{"footnotes":""},"categories":[],"tags":[],"class_list":["post-1456","page","type-page","status-publish","hentry"],"acf":[],"_links":{"self":[{"href":"https:\/\/www.ufsm.br\/cursos\/graduacao\/santa-maria\/ciencias-economicas\/wp-json\/wp\/v2\/pages\/1456","targetHints":{"allow":["GET"]}}],"collection":[{"href":"https:\/\/www.ufsm.br\/cursos\/graduacao\/santa-maria\/ciencias-economicas\/wp-json\/wp\/v2\/pages"}],"about":[{"href":"https:\/\/www.ufsm.br\/cursos\/graduacao\/santa-maria\/ciencias-economicas\/wp-json\/wp\/v2\/types\/page"}],"author":[{"embeddable":true,"href":"https:\/\/www.ufsm.br\/cursos\/graduacao\/santa-maria\/ciencias-economicas\/wp-json\/wp\/v2\/users\/2252"}],"replies":[{"embeddable":true,"href":"https:\/\/www.ufsm.br\/cursos\/graduacao\/santa-maria\/ciencias-economicas\/wp-json\/wp\/v2\/comments?post=1456"}],"version-history":[{"count":0,"href":"https:\/\/www.ufsm.br\/cursos\/graduacao\/santa-maria\/ciencias-economicas\/wp-json\/wp\/v2\/pages\/1456\/revisions"}],"wp:attachment":[{"href":"https:\/\/www.ufsm.br\/cursos\/graduacao\/santa-maria\/ciencias-economicas\/wp-json\/wp\/v2\/media?parent=1456"}],"wp:term":[{"taxonomy":"category","embeddable":true,"href":"https:\/\/www.ufsm.br\/cursos\/graduacao\/santa-maria\/ciencias-economicas\/wp-json\/wp\/v2\/categories?post=1456"},{"taxonomy":"post_tag","embeddable":true,"href":"https:\/\/www.ufsm.br\/cursos\/graduacao\/santa-maria\/ciencias-economicas\/wp-json\/wp\/v2\/tags?post=1456"}],"curies":[{"name":"wp","href":"https:\/\/api.w.org\/{rel}","templated":true}]}}