{"id":2706,"date":"2025-02-27T13:10:24","date_gmt":"2025-02-27T16:10:24","guid":{"rendered":"https:\/\/www.ufsm.br\/cursos\/graduacao\/santa-maria\/ciencias-economicas\/?page_id=2706"},"modified":"2025-02-28T08:56:58","modified_gmt":"2025-02-28T11:56:58","slug":"restabelecimento-de-vinculo","status":"publish","type":"page","link":"https:\/\/www.ufsm.br\/cursos\/graduacao\/santa-maria\/ciencias-economicas\/restabelecimento-de-vinculo","title":{"rendered":"Restabelecimento de v\u00ednculo"},"content":{"rendered":"\n<p>Sobre a restitui\u00e7\u00e3o de v\u00ednculo dos alunos em ABANDONO com interesse em retornar ao curso:<\/p>\n<p>Os pedidos de reativa\u00e7\u00e3o de v\u00ednculo devem ser abertos via PEN SIE em \u201cProcesso de Reativa\u00e7\u00e3o de V\u00ednculo de Aluno de Gradua\u00e7\u00e3o (tipo documental 128.19)\u201d.<\/p>\n<p>Os pedidos de reativa\u00e7\u00e3o de v\u00ednculo dever\u00e3o ser feitos pelo(a) estudante, por meio do PEN, \u201cProcesso de Reativa\u00e7\u00e3o de V\u00ednculo de Aluno de Gradua\u00e7\u00e3o (128.19)\u201d.<\/p>\n<p>\u00a0<\/p>\n","protected":false},"excerpt":{"rendered":"<p>Sobre a restitui\u00e7\u00e3o de v\u00ednculo dos alunos em ABANDONO com interesse em retornar ao curso: Os pedidos de reativa\u00e7\u00e3o de v\u00ednculo devem ser abertos via PEN SIE em \u201cProcesso de Reativa\u00e7\u00e3o de V\u00ednculo de Aluno de Gradua\u00e7\u00e3o (tipo documental 128.19)\u201d. Os pedidos de reativa\u00e7\u00e3o de v\u00ednculo dever\u00e3o ser feitos pelo(a) estudante, por meio do PEN, [&hellip;]<\/p>\n","protected":false},"author":2252,"featured_media":0,"parent":0,"menu_order":0,"comment_status":"closed","ping_status":"closed","template":"","meta":{"footnotes":""},"categories":[],"tags":[],"class_list":["post-2706","page","type-page","status-publish","hentry"],"acf":[],"_links":{"self":[{"href":"https:\/\/www.ufsm.br\/cursos\/graduacao\/santa-maria\/ciencias-economicas\/wp-json\/wp\/v2\/pages\/2706","targetHints":{"allow":["GET"]}}],"collection":[{"href":"https:\/\/www.ufsm.br\/cursos\/graduacao\/santa-maria\/ciencias-economicas\/wp-json\/wp\/v2\/pages"}],"about":[{"href":"https:\/\/www.ufsm.br\/cursos\/graduacao\/santa-maria\/ciencias-economicas\/wp-json\/wp\/v2\/types\/page"}],"author":[{"embeddable":true,"href":"https:\/\/www.ufsm.br\/cursos\/graduacao\/santa-maria\/ciencias-economicas\/wp-json\/wp\/v2\/users\/2252"}],"replies":[{"embeddable":true,"href":"https:\/\/www.ufsm.br\/cursos\/graduacao\/santa-maria\/ciencias-economicas\/wp-json\/wp\/v2\/comments?post=2706"}],"version-history":[{"count":0,"href":"https:\/\/www.ufsm.br\/cursos\/graduacao\/santa-maria\/ciencias-economicas\/wp-json\/wp\/v2\/pages\/2706\/revisions"}],"wp:attachment":[{"href":"https:\/\/www.ufsm.br\/cursos\/graduacao\/santa-maria\/ciencias-economicas\/wp-json\/wp\/v2\/media?parent=2706"}],"wp:term":[{"taxonomy":"category","embeddable":true,"href":"https:\/\/www.ufsm.br\/cursos\/graduacao\/santa-maria\/ciencias-economicas\/wp-json\/wp\/v2\/categories?post=2706"},{"taxonomy":"post_tag","embeddable":true,"href":"https:\/\/www.ufsm.br\/cursos\/graduacao\/santa-maria\/ciencias-economicas\/wp-json\/wp\/v2\/tags?post=2706"}],"curies":[{"name":"wp","href":"https:\/\/api.w.org\/{rel}","templated":true}]}}