{"id":2028,"date":"2023-11-24T18:47:30","date_gmt":"2023-11-24T21:47:30","guid":{"rendered":"https:\/\/www.ufsm.br\/cursos\/graduacao\/santa-maria\/ciencias-sociais\/?page_id=2028"},"modified":"2025-11-03T18:41:22","modified_gmt":"2025-11-03T21:41:22","slug":"estagio-nao-obrigatorio","status":"publish","type":"page","link":"https:\/\/www.ufsm.br\/cursos\/graduacao\/santa-maria\/ciencias-sociais\/estagio-nao-obrigatorio","title":{"rendered":"Est\u00e1gio N\u00e3o-Obrigat\u00f3rio"},"content":{"rendered":"\t\t<div data-elementor-type=\"wp-page\" data-elementor-id=\"2028\" class=\"elementor elementor-2028\">\n\t\t\t\t\t\t<section class=\"elementor-section elementor-top-section elementor-element elementor-element-c099af5 elementor-section-boxed elementor-section-height-default elementor-section-height-default\" data-id=\"c099af5\" data-element_type=\"section\">\n\t\t\t\t\t\t<div class=\"elementor-container elementor-column-gap-default\">\n\t\t\t\t\t<div class=\"elementor-column elementor-col-100 elementor-top-column elementor-element elementor-element-71358eb\" data-id=\"71358eb\" data-element_type=\"column\">\n\t\t\t<div class=\"elementor-widget-wrap elementor-element-populated\">\n\t\t\t\t\t\t<div class=\"elementor-element elementor-element-8216ba6 elementor-widget elementor-widget-text-editor\" data-id=\"8216ba6\" data-element_type=\"widget\" data-widget_type=\"text-editor.default\">\n\t\t\t\t<div class=\"elementor-widget-container\">\n\t\t\t\t\t\t\t<p dir=\"ltr\" style=\"line-height: 1.8;margin-top: 0pt;margin-bottom: 0pt;text-align: justify\"><span style=\"color: #000000;font-size: 1rem;font-weight: var( --e-global-typography-text-font-weight );text-align: var(--bs-body-text-align)\">O Est\u00e1gio N\u00e3o-Obrigat\u00f3rio \u00e9 aquele desenvolvido como atividade opcional, complementar \u00e0 forma\u00e7\u00e3o acad\u00eamico-profissional do(a) estudante, acrescida \u00e0 carga hor\u00e1ria regular e obrigat\u00f3ria. Ele poder\u00e1 compor a integraliza\u00e7\u00e3o curricular conforme as normas de est\u00e1gio de cada projeto pedag\u00f3gico de curso (PPC).<\/span><\/p><div style=\"text-align: justify\">\u00a0<\/div><div><p><strong><span style=\"color: #ff0000\">ATEN\u00c7\u00c3O:<\/span>\u00a0Procedimentos de abertura de processos alterados.<\/strong>\u00a0Agora, o in\u00edcio se dar\u00e1 pelo Portal Estudantil.<\/p><p>Os processos que j\u00e1 tinham sido abertos at\u00e9\u00a0<strong>15\/10\/2025<\/strong>\u00a0continuar\u00e3o no mesmo fluxo. Os que forem abertos em data posterior come\u00e7ar\u00e3o no novo.\u00a0<\/p><p><strong>TUTORIAL:\u00a0<a href=\"https:\/\/ntetube.nte.ufsm.br\/v\/1759941155\">Solicita\u00e7\u00e3o de Est\u00e1gio no Portal Estudantil<\/a><\/strong><\/p><\/div>\t\t\t\t\t\t<\/div>\n\t\t\t\t<\/div>\n\t\t\t\t<div class=\"elementor-element elementor-element-c9b4167 elementor-widget elementor-widget-toggle\" data-id=\"c9b4167\" data-element_type=\"widget\" data-widget_type=\"toggle.default\">\n\t\t\t\t<div class=\"elementor-widget-container\">\n\t\t\t\t\t<div class=\"elementor-toggle\">\n\t\t\t\t\t\t\t<div class=\"elementor-toggle-item\">\n\t\t\t\t\t<div id=\"elementor-tab-title-2111\" class=\"elementor-tab-title\" data-tab=\"1\" role=\"button\" aria-controls=\"elementor-tab-content-2111\" aria-expanded=\"false\">\n\t\t\t\t\t\t\t\t\t\t\t\t<span class=\"elementor-toggle-icon elementor-toggle-icon-left\" aria-hidden=\"true\">\n\t\t\t\t\t\t\t\t\t\t\t\t\t\t\t<span class=\"elementor-toggle-icon-closed\"><i class=\"fas fa-caret-right\"><\/i><\/span>\n\t\t\t\t\t\t\t\t<span class=\"elementor-toggle-icon-opened\"><i class=\"elementor-toggle-icon-opened fas fa-caret-up\"><\/i><\/span>\n\t\t\t\t\t\t\t\t\t\t\t\t\t<\/span>\n\t\t\t\t\t\t\t\t\t\t\t\t<a class=\"elementor-toggle-title\" tabindex=\"0\">Orienta\u00e7\u00f5es para o Est\u00e1gio N\u00e3o-Obrigat\u00f3rio<\/a>\n\t\t\t\t\t<\/div>\n\n\t\t\t\t\t<div id=\"elementor-tab-content-2111\" class=\"elementor-tab-content elementor-clearfix\" data-tab=\"1\" role=\"region\" aria-labelledby=\"elementor-tab-title-2111\"><p><span style=\"font-family: Arial, sans-serif;color: #000000;font-size: 12pt;background-color: transparent;vertical-align: baseline\">Os\/as<\/span><span style=\"font-family: Arial, sans-serif;color: #000000;font-size: 12pt;background-color: transparent;font-weight: bold;vertical-align: baseline\">\u00a0Estudantes<\/span><span style=\"font-family: Arial, sans-serif;color: #000000;font-size: 12pt;background-color: transparent;vertical-align: baseline\">\u00a0dever\u00e3o se informar junto \u00e0 Coordena\u00e7\u00e3o do Curso (ou com docentes orientadores de est\u00e1gio extracurricular indicados pelo curso) sobre as atividades aceitas como est\u00e1gio e as informa\u00e7\u00f5es necess\u00e1rias para preencher o Termo de Compromisso de Est\u00e1gio N\u00e3o-Obrigat\u00f3rio Externo.\u00a0<\/span><\/p><div style=\"color: #000000;font-size: 16px;text-align: justify\">\u00a0<\/div><ul style=\"margin-bottom: 0px;color: #000000;font-size: 16px;padding-inline-start: 48px\"><li dir=\"ltr\" style=\"font-family: Arial, sans-serif;color: #000000;font-size: 12pt;list-style-type: disc;background-color: transparent;vertical-align: baseline;margin-left: -18pt\"><p dir=\"ltr\" style=\"margin-bottom: 0pt;margin-top: 0pt;line-height: 1.8;text-align: justify\" role=\"presentation\">Poder\u00e1 ser utilizado o Termo de Compromisso de Est\u00e1gio da UFSM ou de \u00f3rg\u00e3os\/ag\u00eancias de integra\u00e7\u00e3o ou de empresas. O modelo do TCE da UFSM pode ser encontrado no site da PROGRAD no link: <a href=\"https:\/\/www.ufsm.br\/pro-reitorias\/prograd\/code\/estagios\/estagio-nao-obrigatorio\">Est\u00e1gios N\u00e3o-Obrigat\u00f3rios.<\/a><\/p><\/li><\/ul><ul style=\"margin-bottom: 0px;color: #000000;font-size: 16px;padding-inline-start: 48px\"><li dir=\"ltr\" style=\"font-family: Arial, sans-serif;color: #000000;font-size: 12pt;list-style-type: disc;background-color: transparent;vertical-align: baseline;margin-left: -18pt\"><p dir=\"ltr\" style=\"margin-bottom: 0pt;margin-top: 0pt;line-height: 1.8;text-align: justify\" role=\"presentation\"><span style=\"font-family: Arial, sans-serif;color: #000000;font-size: 12pt;background-color: transparent;vertical-align: baseline\">O\/a estudante dever\u00e1 abrir um processo de\u00a0<\/span><span style=\"font-family: Arial, sans-serif;color: #000000;font-size: 12pt;background-color: transparent;font-weight: bold;vertical-align: baseline\">Homologa\u00e7\u00e3o de Est\u00e1gio N\u00e3o-Obrigat\u00f3rio no PEN-SIE<\/span><span style=\"font-family: Arial, sans-serif;color: #000000;font-size: 12pt;background-color: transparent;vertical-align: baseline\"> ap\u00f3s ter o TCE preenchido (<a href=\"https:\/\/ntetube.nte.ufsm.br\/v\/1759941155\"><strong>ACESSE O NOVO TUTORIAL<\/strong><\/a>).<\/span><\/p><\/li><\/ul><div style=\"color: #000000;font-size: 16px;text-align: justify\">\u00a0<\/div><ul style=\"margin-bottom: 0px;color: #000000;font-size: 16px;padding-inline-start: 48px\"><li dir=\"ltr\" style=\"font-family: Arial, sans-serif;color: #000000;font-size: 12pt;list-style-type: disc;background-color: transparent;font-weight: bold;vertical-align: baseline;margin-left: -18pt\"><p dir=\"ltr\" style=\"margin-bottom: 0pt;margin-top: 0pt;line-height: 1.8;text-align: justify\" role=\"presentation\"><span style=\"font-family: Arial, sans-serif;color: #000000;font-size: 12pt;background-color: transparent;font-weight: 400;vertical-align: baseline\">O\u00a0<\/span><span style=\"font-family: Arial, sans-serif;color: #000000;font-size: 12pt;background-color: transparent;vertical-align: baseline\">TCE<\/span><span style=\"font-family: Arial, sans-serif;color: #000000;font-size: 12pt;background-color: transparent;font-weight: 400;vertical-align: baseline\">\u00a0poder\u00e1 ser assinado pelo PEN-SIE ou ser inserido no PEN-SIE em PDF j\u00e1 assinado pelo Concedente de Est\u00e1gio.\u00a0<\/span><span style=\"font-family: Arial, sans-serif;color: #000000;font-size: 12pt;background-color: transparent;vertical-align: baseline\">Se j\u00e1 for assinado, informar no momento de tramitar.<\/span><\/p><\/li><li dir=\"ltr\"><span style=\"font-family: arial, helvetica, sans-serif\">O aluno deve assinar o TCE pelo PEN-SIE.<\/span><\/li><\/ul><div style=\"color: #000000;font-size: 16px;text-align: justify\"><span style=\"font-weight: bold\">\u00a0<\/span><\/div><ul style=\"margin-bottom: 0px;color: #000000;font-size: 16px;padding-inline-start: 48px\"><li dir=\"ltr\" style=\"font-family: Arial, sans-serif;color: #000000;font-size: 12pt;list-style-type: disc;background-color: transparent;vertical-align: baseline;margin-left: -18pt\"><p dir=\"ltr\" style=\"margin-bottom: 0pt;margin-top: 0pt;line-height: 1.8;text-align: justify\" role=\"presentation\"><span style=\"font-family: Arial, sans-serif;color: #000000;font-size: 12pt;background-color: transparent;vertical-align: baseline\">O\u00a0<\/span><span style=\"font-family: Arial, sans-serif;color: #000000;font-size: 12pt;background-color: transparent;font-weight: bold;vertical-align: baseline\">Curso\u00a0<\/span><span style=\"font-family: Arial, sans-serif;color: #000000;font-size: 12pt;background-color: transparent;vertical-align: baseline\">(Coordena\u00e7\u00e3o e\/ou professor orientador) dever\u00e1 realizar o download do TCE para seu controle\/acompanhamento do Est\u00e1gio.<\/span><\/p><\/li><\/ul><div style=\"color: #000000;font-size: 16px;text-align: justify\">\u00a0<\/div><ul style=\"margin-bottom: 0px;color: #000000;font-size: 16px;padding-inline-start: 48px\"><li dir=\"ltr\" style=\"font-family: Arial, sans-serif;color: #000000;font-size: 12pt;list-style-type: disc;background-color: transparent;vertical-align: baseline;margin-left: -18pt\"><p dir=\"ltr\" style=\"margin-bottom: 0pt;margin-top: 0pt;line-height: 1.8;text-align: justify\" role=\"presentation\"><span style=\"font-family: Arial, sans-serif;color: #000000;font-size: 12pt;background-color: transparent;vertical-align: baseline\">Ap\u00f3s ser assinado pelo PEN-SIE, a Coordena\u00e7\u00e3o dever\u00e1\u00a0<\/span><span style=\"font-family: Arial, sans-serif;color: #000000;font-size: 12pt;background-color: transparent;font-weight: bold;vertical-align: baseline\">enviar \u00e0 SIG1 para registro no SIE<\/span><span style=\"font-family: Arial, sans-serif;color: #000000;font-size: 12pt;background-color: transparent;vertical-align: baseline\">\u00a0(para c\u00f4mputo de encargos did\u00e1ticos de orienta\u00e7\u00e3o).\u00a0<\/span><\/p><\/li><\/ul><div style=\"color: #000000;font-size: 16px;text-align: justify\">\u00a0<\/div><ul style=\"margin-bottom: 0px;color: #000000;font-size: 16px;padding-inline-start: 48px\"><li dir=\"ltr\" style=\"font-family: Arial, sans-serif;color: #000000;font-size: 12pt;list-style-type: disc;background-color: transparent;vertical-align: baseline;margin-left: -18pt\"><p dir=\"ltr\" style=\"margin-bottom: 0pt;margin-top: 0pt;line-height: 1.8;text-align: justify\" role=\"presentation\"><span style=\"font-family: Arial, sans-serif;color: #000000;font-size: 12pt;background-color: transparent;vertical-align: baseline\">Ap\u00f3s registro no SIE, a SIG1 enviar\u00e1 o processo ao DAG para arquivamento.\u00a0<\/span><\/p><\/li><\/ul><div style=\"color: #000000;font-size: 16px;text-align: justify\">\u00a0<\/div><div style=\"color: #000000;font-size: 16px;text-align: justify\"><p>Outras informa\u00e7\u00f5es sobre Est\u00e1gios, acesse a p\u00e1gina da PROGRAD:\u00a0<a style=\"color: #204c90\" href=\"https:\/\/www.ufsm.br\/pro-reitorias\/prograd\/code\/estagios\">https:\/\/www.ufsm.br\/pro-reitorias\/prograd\/code\/estagios<\/a><\/p><p>Para mais informa\u00e7\u00f5es sobre Est\u00e1gio N\u00e3o-Obrigat\u00f3rio, acesse: <a style=\"color: #204c90\" href=\"https:\/\/www.ufsm.br\/pro-reitorias\/prograd\/code\/estagios\/estagio-nao-obrigatorio\">https:\/\/www.ufsm.br\/pro-reitorias\/prograd\/code\/estagios\/estagio-nao-obrigatorio<\/a><\/p><\/div><\/div>\n\t\t\t\t<\/div>\n\t\t\t\t\t\t\t<div class=\"elementor-toggle-item\">\n\t\t\t\t\t<div id=\"elementor-tab-title-2112\" class=\"elementor-tab-title\" data-tab=\"2\" role=\"button\" aria-controls=\"elementor-tab-content-2112\" aria-expanded=\"false\">\n\t\t\t\t\t\t\t\t\t\t\t\t<span class=\"elementor-toggle-icon elementor-toggle-icon-left\" aria-hidden=\"true\">\n\t\t\t\t\t\t\t\t\t\t\t\t\t\t\t<span class=\"elementor-toggle-icon-closed\"><i class=\"fas fa-caret-right\"><\/i><\/span>\n\t\t\t\t\t\t\t\t<span class=\"elementor-toggle-icon-opened\"><i class=\"elementor-toggle-icon-opened fas fa-caret-up\"><\/i><\/span>\n\t\t\t\t\t\t\t\t\t\t\t\t\t<\/span>\n\t\t\t\t\t\t\t\t\t\t\t\t<a class=\"elementor-toggle-title\" tabindex=\"0\">Informa\u00e7\u00f5es para conferir no Termo de Compromisso de Est\u00e1gio N\u00e3o-Obrigat\u00f3rio<\/a>\n\t\t\t\t\t<\/div>\n\n\t\t\t\t\t<div id=\"elementor-tab-content-2112\" class=\"elementor-tab-content elementor-clearfix\" data-tab=\"2\" role=\"region\" aria-labelledby=\"elementor-tab-title-2112\"><p>Al\u00e9m de conferir se o Termo de Compromisso indica corretamente o tipo de est\u00e1gio, \u00e9 preciso prestar aten\u00e7\u00e3o nas seguintes informa\u00e7\u00f5es:<\/p><table style=\"height: 336px;width: 100%;border-collapse: collapse;border-style: solid;border-color: #000000\"><tbody><tr style=\"height: 24px\"><td style=\"width: 50%;height: 24px;background-color: #02abed;text-align: center\"><strong>INFORMA\u00c7\u00c3O<\/strong><\/td><td style=\"width: 50%;height: 24px;background-color: #02abed;text-align: center\"><strong> A INFORMA\u00c7\u00c3O DEVE CONSTAR NO TCE?<\/strong><\/td><\/tr><tr style=\"height: 24px\"><td style=\"width: 50%;height: 24px\">Curso do estudante<\/td><td style=\"width: 50%;height: 24px\"><strong><span style=\"color: #000000\">\u2713 <\/span><\/strong>SIM<\/td><\/tr><tr style=\"height: 24px\"><td style=\"width: 50%;height: 24px\">O(A) Orientador(a) do est\u00e1gio<\/td><td style=\"width: 50%;height: 24px\"><span style=\"font-weight: bolder;color: #1c1c1c;font-size: 16px\"><span style=\"color: #000000\">\u2713\u00a0<\/span><\/span>SIM<\/td><\/tr><tr style=\"height: 24px\"><td style=\"width: 50%;height: 24px\">O(A) Supervisor(a)\/Preceptor(a) do est\u00e1gio<\/td><td style=\"width: 50%;height: 24px\"><span style=\"font-weight: bolder;color: #1c1c1c;font-size: 16px\"><span style=\"color: #000000\">\u2713 <\/span><\/span>SIM<\/td><\/tr><tr style=\"height: 24px\"><td style=\"width: 50%;height: 24px\">A Forma\u00e7\u00e3o e\/ou experi\u00eancia do(a) supervisor(a)<\/td><td style=\"width: 50%;height: 24px\"><span style=\"font-weight: bolder;color: #1c1c1c;font-size: 16px\"><span style=\"color: #000000\">\u2713 <\/span><\/span>SIM<\/td><\/tr><tr style=\"height: 24px\"><td style=\"width: 50%;height: 24px\">Ap\u00f3lice de seguro contra acidentes pessoais<\/td><td style=\"width: 50%;height: 24px\"><span style=\"font-weight: bolder;color: #1c1c1c;font-size: 16px\"><span style=\"color: #000000\">\u2713 <\/span><\/span>SIM<\/td><\/tr><tr style=\"height: 24px\"><td style=\"width: 50%;height: 24px\">Bolsa ou outra<\/td><td style=\"width: 50%;height: 24px\"><span style=\"font-weight: bolder;color: #1c1c1c;font-size: 16px\"><span style=\"color: #000000\">\u2713 <\/span><\/span>SIM (pagamento compuls\u00f3rio)<\/td><\/tr><tr style=\"height: 24px\"><td style=\"width: 50%;height: 24px\">Aux\u00edlio transporte<\/td><td style=\"width: 50%;height: 24px\"><span style=\"font-weight: bolder;color: #1c1c1c;font-size: 16px\"><span style=\"color: #000000\">\u2713 <\/span><\/span>SIM (pagamento compuls\u00f3rio)<\/td><\/tr><tr style=\"height: 24px\"><td style=\"width: 50%;height: 24px\">Previs\u00e3o de recesso\/F\u00e9rias<\/td><td style=\"width: 50%;height: 24px\"><span style=\"font-weight: bolder;color: #1c1c1c;font-size: 16px\"><span style=\"color: #000000\">\u2713 <\/span><\/span>SIM (30 dias para cada ano de atividade; proporcional se per\u00edodo menor que 1 ano; remunerado proporcionalmente quando tiver bolsa)<\/td><\/tr><tr style=\"height: 24px\"><td style=\"width: 50%;height: 24px\">Previs\u00e3o de redu\u00e7\u00e3o da jornada de trabalho<\/td><td style=\"width: 50%;height: 24px\"><span style=\"font-weight: bolder;color: #1c1c1c;font-size: 16px\"><span style=\"color: #000000\">\u2713 <\/span><\/span>SIM (nos per\u00edodos de avalia\u00e7\u00e3o, conforme calend\u00e1rio)<\/td><\/tr><tr style=\"height: 96px\"><td style=\"width: 50%;height: 96px\">Descri\u00e7\u00e3o do Plano de Atividades (no pr\u00f3prio termo de compromisso ou anexado)<\/td><td style=\"width: 50%;height: 96px\"><span style=\"font-weight: bolder;color: #1c1c1c;font-size: 16px\"><span style=\"color: #000000\">\u2713 <\/span><\/span>SIM<\/td><\/tr><\/tbody><\/table><\/div>\n\t\t\t\t<\/div>\n\t\t\t\t\t\t\t<div class=\"elementor-toggle-item\">\n\t\t\t\t\t<div id=\"elementor-tab-title-2113\" class=\"elementor-tab-title\" data-tab=\"3\" role=\"button\" aria-controls=\"elementor-tab-content-2113\" aria-expanded=\"false\">\n\t\t\t\t\t\t\t\t\t\t\t\t<span class=\"elementor-toggle-icon elementor-toggle-icon-left\" aria-hidden=\"true\">\n\t\t\t\t\t\t\t\t\t\t\t\t\t\t\t<span class=\"elementor-toggle-icon-closed\"><i class=\"fas fa-caret-right\"><\/i><\/span>\n\t\t\t\t\t\t\t\t<span class=\"elementor-toggle-icon-opened\"><i class=\"elementor-toggle-icon-opened fas fa-caret-up\"><\/i><\/span>\n\t\t\t\t\t\t\t\t\t\t\t\t\t<\/span>\n\t\t\t\t\t\t\t\t\t\t\t\t<a class=\"elementor-toggle-title\" tabindex=\"0\">Relat\u00f3rio de Est\u00e1gio<\/a>\n\t\t\t\t\t<\/div>\n\n\t\t\t\t\t<div id=\"elementor-tab-content-2113\" class=\"elementor-tab-content elementor-clearfix\" data-tab=\"3\" role=\"region\" aria-labelledby=\"elementor-tab-title-2113\"><p style=\"text-align: justify\">O relat\u00f3rio de est\u00e1gio \u00e9 um documento no qual o aluno relata o conte\u00fado que foi trabalhado em seu est\u00e1gio, descrevendo as atividades realizadas, os desafios e solu\u00e7\u00f5es propostos e comprovando sua efetiva\u00e7\u00e3o. Para a valida\u00e7\u00e3o do est\u00e1gio,<strong>\u00a0o relat\u00f3rio deve ser apresentado em per\u00edodos n\u00e3o superiores a 6 meses<\/strong>.<\/p><div><span style=\"text-decoration: underline\">A cada uma das partes envolvidas no processo, compete:<\/span><\/div><div>\u00a0<\/div><h5><b>ESTAGI\u00c1RIO(A)<\/b>\u00a0<\/h5><p>a) Desarquivar o processo de est\u00e1gio\u00a0[se for processo eletr\u00f4nico (usar o NUP)];<\/p><p>b) Anexar o Relat\u00f3rio de Atividades de Est\u00e1gio preenchido e assinado pelo supervisor, caso este n\u00e3o possua cadastro no PEN-SIE;<\/p><p>c) Anexar outros documentos, quando for o caso (ficha de avalia\u00e7\u00e3o\/frequ\u00eancia, etc);<\/p><p>d) Assinar eletronicamente;<\/p><p>e) Tramitar para o(a) professor(a) orientador(a) para assinatura.<\/p><h5><b>PROFESSOR(A) ORIENTADOR(A)<\/b><\/h5><p>a) Assinar eletronicamente o Relat\u00f3rio de Atividades de Est\u00e1gio;<\/p><p>b) Tramitar para a Coordena\u00e7\u00e3o de Curso para lan\u00e7ar a informa\u00e7\u00e3o no SIE.<\/p><h5><b>COORDENA\u00c7\u00c3O DE CURSO<\/b><\/h5><p>a) Encaminha para lan\u00e7amento do registro de est\u00e1gio no SIE\u00a0[o destino pode ser o curso ou a secretaria].<\/p><h5><b>COORDENA\u00c7\u00c3O DE CURSO OU SECRETARIA DO CURSO\/SECRETARIA ACAD\u00caMICA\/SECRETARIA UNIFICADA<\/b><\/h5><p>a) Fazer\u00a0<i>download\u00a0<\/i>do processo eletr\u00f4nico e guardar c\u00f3pia para consulta;<\/p><p>b) No SIE, registrar as informa\u00e7\u00f5es na aplica\u00e7\u00e3o 1.1.5.18 \u2013Registro dos Est\u00e1gios dos Alunos;\u00a0<\/p><p>c) Encaminhar para Arquivamento \u2013 DAG<\/p><\/div>\n\t\t\t\t<\/div>\n\t\t\t\t\t\t\t<div class=\"elementor-toggle-item\">\n\t\t\t\t\t<div id=\"elementor-tab-title-2114\" class=\"elementor-tab-title\" data-tab=\"4\" role=\"button\" aria-controls=\"elementor-tab-content-2114\" aria-expanded=\"false\">\n\t\t\t\t\t\t\t\t\t\t\t\t<span class=\"elementor-toggle-icon elementor-toggle-icon-left\" aria-hidden=\"true\">\n\t\t\t\t\t\t\t\t\t\t\t\t\t\t\t<span class=\"elementor-toggle-icon-closed\"><i class=\"fas fa-caret-right\"><\/i><\/span>\n\t\t\t\t\t\t\t\t<span class=\"elementor-toggle-icon-opened\"><i class=\"elementor-toggle-icon-opened fas fa-caret-up\"><\/i><\/span>\n\t\t\t\t\t\t\t\t\t\t\t\t\t<\/span>\n\t\t\t\t\t\t\t\t\t\t\t\t<a class=\"elementor-toggle-title\" tabindex=\"0\">Termo de Aditamento<\/a>\n\t\t\t\t\t<\/div>\n\n\t\t\t\t\t<div id=\"elementor-tab-content-2114\" class=\"elementor-tab-content elementor-clearfix\" data-tab=\"4\" role=\"region\" aria-labelledby=\"elementor-tab-title-2114\"><p>Para download do termo, acessar o site da<strong>\u00a0<a href=\"https:\/\/www.ufsm.br\/pro-reitorias\/prograd\/code\/estagios\">PROGRAD \u2013 Est\u00e1gios<\/a><\/strong>, no item\u00a0<strong>Depois de iniciado o est\u00e1gio \u2192 Para alterar (aditar) o TCE<\/strong>.<\/p><p>O termo de aditamento \u00e9 geralmente utilizado para:<\/p><ul style=\"list-style-type: disc\"><li>Prorrogar o Termo de Compromisso de Est\u00e1gio;<\/li><li>Suspender o est\u00e1gio por tempo determinado;<\/li><li>Alterar o valor da bolsa;<\/li><li>Alterar o valor do aux\u00edlio-transporte;<\/li><li>Alterar a carga hor\u00e1ria do est\u00e1gio.<\/li><\/ul><div><span style=\"text-decoration: underline\">A cada uma das partes envolvidas no processo, compete:<\/span><\/div><div>\u00a0<\/div><h5><b>ESTAGI\u00c1RIO(A)<\/b>\u00a0<\/h5><p>a) Desarquivar o processo de est\u00e1gio\u00a0[se for processo eletr\u00f4nico (usar o NUP)];<\/p><p>b) Anexar o Termo Aditivo preenchido e assinado pelo supervisor, caso este n\u00e3o possua cadastro no PEN-SIE;<\/p><p>c) Assinar eletronicamente;<\/p><p>d) Tramitar para o(a) professor(a) orientador(a) para assinatura.<\/p><h5><b>PROFESSOR(A) ORIENTADOR(A)<\/b><\/h5><p>a) Assinar eletronicamente o Termo Aditivo;<\/p><p>b) Tramitar para a Coordena\u00e7\u00e3o de Curso para la\u00e7ar a informa\u00e7\u00e3o no SIE.<\/p><h5><b>COORDENA\u00c7\u00c3O DE CURSO<\/b><\/h5><p>a) Encaminha para lan\u00e7amento do registro de est\u00e1gio no SIE\u00a0[o destino pode ser o curso ou a secretaria].<\/p><h5><b>COORDENA\u00c7\u00c3O DE CURSO OU SECRETARIA DO CURSO\/SECRETARIA ACAD\u00caMICA\/SECRETARIA UNIFICADA<\/b><\/h5><p>a) Fazer\u00a0<i>download\u00a0<\/i>do processo eletr\u00f4nico e guardar c\u00f3pia para consulta;<\/p><p>b) No SIE, registrar as informa\u00e7\u00f5es na aplica\u00e7\u00e3o 1.1.5.18 \u2013 Registro dos Est\u00e1gios dos Alunos;\u00a0<\/p><p>c) Encaminhar para Arquivamento \u2013 DAG<\/p><\/div>\n\t\t\t\t<\/div>\n\t\t\t\t\t\t\t<div class=\"elementor-toggle-item\">\n\t\t\t\t\t<div id=\"elementor-tab-title-2115\" class=\"elementor-tab-title\" data-tab=\"5\" role=\"button\" aria-controls=\"elementor-tab-content-2115\" aria-expanded=\"false\">\n\t\t\t\t\t\t\t\t\t\t\t\t<span class=\"elementor-toggle-icon elementor-toggle-icon-left\" aria-hidden=\"true\">\n\t\t\t\t\t\t\t\t\t\t\t\t\t\t\t<span class=\"elementor-toggle-icon-closed\"><i class=\"fas fa-caret-right\"><\/i><\/span>\n\t\t\t\t\t\t\t\t<span class=\"elementor-toggle-icon-opened\"><i class=\"elementor-toggle-icon-opened fas fa-caret-up\"><\/i><\/span>\n\t\t\t\t\t\t\t\t\t\t\t\t\t<\/span>\n\t\t\t\t\t\t\t\t\t\t\t\t<a class=\"elementor-toggle-title\" tabindex=\"0\">Rescis\u00e3o de TCE<\/a>\n\t\t\t\t\t<\/div>\n\n\t\t\t\t\t<div id=\"elementor-tab-content-2115\" class=\"elementor-tab-content elementor-clearfix\" data-tab=\"5\" role=\"region\" aria-labelledby=\"elementor-tab-title-2115\"><p><b>Observa\u00e7\u00e3o:<\/b> n\u00e3o \u00e9 necess\u00e1rio fazer termo de rescis\u00e3o para est\u00e1gios que acabam conforme o per\u00edodo previsto no termo de compromisso.<\/p><p>Para download do termo, acessar o site da\u00a0<strong><a href=\"https:\/\/www.ufsm.br\/pro-reitorias\/prograd\/code\/estagios\">PROGRAD \u2013 Est\u00e1gios<\/a>,<\/strong>\u00a0no item\u00a0<strong>Depois de iniciado o est\u00e1gio\u2192 Para rescindir o TCE<\/strong>.<\/p><h5><b>ESTAGI\u00c1RIO(A)<\/b>\u00a0<\/h5><p>a) Desarquivar o processo de est\u00e1gio\u00a0[se for processo eletr\u00f4nico (usar o NUP)]<\/p><p>b) Anexar o Termo de Rescis\u00e3o preenchido e assinado pelo supervisor, caso este n\u00e3o possua cadastro no PEN-SIE;<\/p><p>c) Assinar eletronicamente;<\/p><p>d) Tramitar para o(a) professor(a) orientador(a) para assinatura.<\/p><h5><b>PROFESSOR(A) ORIENTADOR(A)<\/b><\/h5><p>a) Assinar eletronicamente o Termo de Rescis\u00e3o;<\/p><p>b) Tramitar para a Coordena\u00e7\u00e3o de Curso para lan\u00e7ar a informa\u00e7\u00e3o no SIE.<\/p><h5><b>COORDENA\u00c7\u00c3O DE CURSO<\/b><\/h5><p>a) Encaminha para lan\u00e7amento do registro de est\u00e1gio no SIE [o destino pode ser o curso ou a secretaria].<\/p><h5><b>COORDENA\u00c7\u00c3O DE CURSO OU SECRETARIA DO CURSO\/SECRETARIA ACAD\u00caMICA\/SECRETARIA UNIFICADA<\/b><\/h5><p>a) Fazer\u00a0<i>download\u00a0<\/i>do processo eletr\u00f4nico e guardar c\u00f3pia para consulta;<\/p><p>b) No SIE, registrar as informa\u00e7\u00f5es na aplica\u00e7\u00e3o 1.1.5.18 \u2013 Registro dos Est\u00e1gios dos Alunos;\u00a0<\/p><p>c) Encaminhar para Arquivamento \u2013 DAG<\/p><\/div>\n\t\t\t\t<\/div>\n\t\t\t\t\t\t\t\t<\/div>\n\t\t\t\t<\/div>\n\t\t\t\t<\/div>\n\t\t\t\t\t<\/div>\n\t\t<\/div>\n\t\t\t\t\t<\/div>\n\t\t<\/section>\n\t\t\t\t<\/div>\n\t\t","protected":false},"excerpt":{"rendered":"<p>O Est\u00e1gio N\u00e3o-Obrigat\u00f3rio \u00e9 aquele desenvolvido como atividade opcional, complementar \u00e0 forma\u00e7\u00e3o acad\u00eamico-profissional do(a) estudante, acrescida \u00e0 carga hor\u00e1ria regular e obrigat\u00f3ria. Ele poder\u00e1 compor a integraliza\u00e7\u00e3o curricular conforme as normas de est\u00e1gio de cada projeto pedag\u00f3gico de curso (PPC). \u00a0 ATEN\u00c7\u00c3O:\u00a0Procedimentos de abertura de processos alterados.\u00a0Agora, o in\u00edcio se dar\u00e1 pelo Portal Estudantil. Os [&hellip;]<\/p>\n","protected":false},"author":7434,"featured_media":0,"parent":0,"menu_order":0,"comment_status":"closed","ping_status":"closed","template":"","meta":{"footnotes":""},"categories":[],"tags":[],"class_list":["post-2028","page","type-page","status-publish","hentry"],"acf":[],"_links":{"self":[{"href":"https:\/\/www.ufsm.br\/cursos\/graduacao\/santa-maria\/ciencias-sociais\/wp-json\/wp\/v2\/pages\/2028","targetHints":{"allow":["GET"]}}],"collection":[{"href":"https:\/\/www.ufsm.br\/cursos\/graduacao\/santa-maria\/ciencias-sociais\/wp-json\/wp\/v2\/pages"}],"about":[{"href":"https:\/\/www.ufsm.br\/cursos\/graduacao\/santa-maria\/ciencias-sociais\/wp-json\/wp\/v2\/types\/page"}],"author":[{"embeddable":true,"href":"https:\/\/www.ufsm.br\/cursos\/graduacao\/santa-maria\/ciencias-sociais\/wp-json\/wp\/v2\/users\/7434"}],"replies":[{"embeddable":true,"href":"https:\/\/www.ufsm.br\/cursos\/graduacao\/santa-maria\/ciencias-sociais\/wp-json\/wp\/v2\/comments?post=2028"}],"version-history":[{"count":0,"href":"https:\/\/www.ufsm.br\/cursos\/graduacao\/santa-maria\/ciencias-sociais\/wp-json\/wp\/v2\/pages\/2028\/revisions"}],"wp:attachment":[{"href":"https:\/\/www.ufsm.br\/cursos\/graduacao\/santa-maria\/ciencias-sociais\/wp-json\/wp\/v2\/media?parent=2028"}],"wp:term":[{"taxonomy":"category","embeddable":true,"href":"https:\/\/www.ufsm.br\/cursos\/graduacao\/santa-maria\/ciencias-sociais\/wp-json\/wp\/v2\/categories?post=2028"},{"taxonomy":"post_tag","embeddable":true,"href":"https:\/\/www.ufsm.br\/cursos\/graduacao\/santa-maria\/ciencias-sociais\/wp-json\/wp\/v2\/tags?post=2028"}],"curies":[{"name":"wp","href":"https:\/\/api.w.org\/{rel}","templated":true}]}}