{"id":155,"date":"2018-12-04T11:10:23","date_gmt":"2018-12-04T13:10:23","guid":{"rendered":"https:\/\/www.ufsm.br\/cursos-graduacao-santa-maria-danca-licenciatura\/?page_id=155"},"modified":"2018-12-04T11:12:37","modified_gmt":"2018-12-04T13:12:37","slug":"intercambio","status":"publish","type":"page","link":"https:\/\/www.ufsm.br\/cursos\/graduacao\/santa-maria\/danca-licenciatura\/intercambio","title":{"rendered":"Interc\u00e2mbio"},"content":{"rendered":"\t\t<div data-elementor-type=\"wp-post\" data-elementor-id=\"155\" class=\"elementor elementor-155 elementor-bc-flex-widget\">\n\t\t\t\t\t\t<section class=\"elementor-section elementor-top-section elementor-element elementor-element-1470e562 elementor-section-boxed elementor-section-height-default elementor-section-height-default\" data-id=\"1470e562\" data-element_type=\"section\">\n\t\t\t\t\t\t<div class=\"elementor-container elementor-column-gap-default\">\n\t\t\t\t\t<div class=\"elementor-column elementor-col-100 elementor-top-column elementor-element elementor-element-23038554\" data-id=\"23038554\" data-element_type=\"column\">\n\t\t\t<div class=\"elementor-widget-wrap elementor-element-populated\">\n\t\t\t\t\t\t<div class=\"elementor-element elementor-element-14523d5d elementor-widget elementor-widget-text-editor\" data-id=\"14523d5d\" data-element_type=\"widget\" data-widget_type=\"text-editor.default\">\n\t\t\t\t<div class=\"elementor-widget-container\">\n\t\t\t\t\t\t\tEm 2016, o curso de Licenciatura em Dan\u00e7a da UFSM deu um importante passo na consolida\u00e7\u00e3o da dan\u00e7a como \u00e1rea de conhecimento na universidade atrav\u00e9s dos interc\u00e2mbios formativos, art\u00edsticos e culturais com o curso de Licenciatura em Dan\u00e7a da Facultad de Arquitectura, Dise\u00f1o, y Arte da Universidad Nacional de Asunci\u00f3n, do Paraguai.\n\nNo primeiro semestre de 2016, a aluna da UFSM Vanessa Fredrich passou todo o primeiro semestre estudando no curso de Dan\u00e7a da universidade paraguaia. No segundo semestre de 2016, o estudante Ramon Antonio Gauto Valenzuela, veio cursar disciplinas da Licenciatura em Dan\u00e7a da UFSM.\n\nA troca de experi\u00eancias, o aprendizado de diferentes formas de cria\u00e7\u00e3o, os estudos do movimento, a forma\u00e7\u00e3o do artista-docente e a interculturalidade s\u00e3o os principais fatores que motivam essas a\u00e7\u00f5es. O curso de Licenciatura em Dan\u00e7a da UFSM continuar\u00e1 o interc\u00e2mbio com a Universidad Nacional de Asunci\u00f3n e est\u00e1 buscando acordos internacionais com universidades mexicanas.\n\nConfira o depoimento da Aluna Vanessa Fredrich sobre seu interc\u00e2mbio:\n\n&#8220;No meu quinto semestre da gradua\u00e7\u00e3o realizei interc\u00e2mbio cultural por meio do conv\u00eanio da UFSM com a AUGM &#8211; Associa\u00e7\u00e3o das Universidades Grupo Montevideo- que re\u00fane pa\u00edses do Mercosul, o destino foi a Universidad Nacional de Asunci\u00f3n (UNA), no Paraguay, onde cursei aulas da licenciatura em Dan\u00e7a. Pelo programa da AUGM, os intercambistas t\u00eam direito a alimenta\u00e7\u00e3o e moradia, que ficam por conta da universidade de destino. No caso da UNA, a universidade disponibiliza um albergue no campus para os estudantes intercambistas, com cozinha, lavanderia com m\u00e1quina de lavar roupas e dormit\u00f3rios.\n\nMinha rotina nos cinco meses de interc\u00e2mbio foi repleta de atividades acad\u00eamicas e tamb\u00e9m culturais, entre aulas da universidade pela manh\u00e3, normalmente das 8h at\u00e9 as 13h. A tarde, a convite da coordenadora do curso, eu frequentava aulas de dan\u00e7a contempor\u00e2nea no Instituto Municipal de Arte de Asunci\u00f3n, e \u00e0 noite eu participava de aulas de Bachata, Salsa e Kizomba em uma escola de dan\u00e7a de sal\u00e3o. Nos finais de semana al\u00e9m de estudar e me preparar para as provas, eu e o grupo de estudantes que mor\u00e1vamos juntos aproveit\u00e1vamos para conhecer as cidades, os pontos tur\u00edsticos e assistir apresenta\u00e7\u00f5es art\u00edsticas. Sem d\u00favida alguma, este interc\u00e2mbio contribuiu muito para a minha forma\u00e7\u00e3o, tanto pessoal quanto profissional. Todos os anos, a Secretaria de Apoio Internacional divulga, por meio do site da UFSM os editais de interc\u00e2mbio.&#8221;\n\n&nbsp;\n\n&nbsp;\t\t\t\t\t\t<\/div>\n\t\t\t\t<\/div>\n\t\t\t\t\t<\/div>\n\t\t<\/div>\n\t\t\t\t\t<\/div>\n\t\t<\/section>\n\t\t\t\t<section class=\"elementor-section elementor-top-section elementor-element elementor-element-90b65a7 elementor-section-boxed elementor-section-height-default elementor-section-height-default\" data-id=\"90b65a7\" data-element_type=\"section\">\n\t\t\t\t\t\t<div class=\"elementor-container elementor-column-gap-default\">\n\t\t\t\t\t<div class=\"elementor-column elementor-col-100 elementor-top-column elementor-element elementor-element-9b0b00a\" data-id=\"9b0b00a\" data-element_type=\"column\">\n\t\t\t<div class=\"elementor-widget-wrap elementor-element-populated\">\n\t\t\t\t\t\t<div class=\"elementor-element elementor-element-a3cb952 gallery-spacing-custom elementor-widget elementor-widget-image-gallery\" data-id=\"a3cb952\" data-element_type=\"widget\" data-widget_type=\"image-gallery.default\">\n\t\t\t\t<div class=\"elementor-widget-container\">\n\t\t\t\t\t<div class=\"elementor-image-gallery\">\n\t\t\t<div id='gallery-1' class='gallery galleryid-155 gallery-columns-3 gallery-size-large'><figure class='gallery-item'>\n\t\t\t<div class='gallery-icon landscape'>\n\t\t\t\t<a data-elementor-open-lightbox=\"yes\" data-elementor-lightbox-slideshow=\"a3cb952\" data-elementor-lightbox-title=\"13076626_599493650199118_4561301720088763471_n\" data-e-action-hash=\"#elementor-action%3Aaction%3Dlightbox%26settings%3DeyJpZCI6MTU3LCJ1cmwiOiJodHRwczpcL1wvd3d3LnVmc20uYnJcL2FwcFwvdXBsb2Fkc1wvc2l0ZXNcLzg3MVwvMjAxOFwvMTJcLzEzMDc2NjI2XzU5OTQ5MzY1MDE5OTExOF80NTYxMzAxNzIwMDg4NzYzNDcxX24uanBnIiwic2xpZGVzaG93IjoiYTNjYjk1MiJ9\" href='https:\/\/www.ufsm.br\/app\/uploads\/sites\/871\/2018\/12\/13076626_599493650199118_4561301720088763471_n.jpg'><img fetchpriority=\"high\" decoding=\"async\" width=\"960\" height=\"720\" src=\"https:\/\/www.ufsm.br\/app\/uploads\/sites\/871\/2018\/12\/13076626_599493650199118_4561301720088763471_n.jpg\" class=\"attachment-large size-large\" alt=\"\" srcset=\"https:\/\/www.ufsm.br\/app\/uploads\/sites\/871\/2018\/12\/13076626_599493650199118_4561301720088763471_n.jpg 960w, https:\/\/www.ufsm.br\/app\/uploads\/sites\/871\/2018\/12\/13076626_599493650199118_4561301720088763471_n-300x225.jpg 300w, https:\/\/www.ufsm.br\/app\/uploads\/sites\/871\/2018\/12\/13076626_599493650199118_4561301720088763471_n-768x576.jpg 768w\" sizes=\"(max-width: 960px) 100vw, 960px\" \/><\/a>\n\t\t\t<\/div><\/figure><figure class='gallery-item'>\n\t\t\t<div class='gallery-icon landscape'>\n\t\t\t\t<a data-elementor-open-lightbox=\"yes\" data-elementor-lightbox-slideshow=\"a3cb952\" data-elementor-lightbox-title=\"IMG_3116\" data-e-action-hash=\"#elementor-action%3Aaction%3Dlightbox%26settings%3DeyJpZCI6MTU4LCJ1cmwiOiJodHRwczpcL1wvd3d3LnVmc20uYnJcL2FwcFwvdXBsb2Fkc1wvc2l0ZXNcLzg3MVwvMjAxOFwvMTJcL0lNR18zMTE2LmpwZyIsInNsaWRlc2hvdyI6ImEzY2I5NTIifQ%3D%3D\" href='https:\/\/www.ufsm.br\/app\/uploads\/sites\/871\/2018\/12\/IMG_3116.jpg'><img decoding=\"async\" width=\"1024\" height=\"575\" src=\"https:\/\/www.ufsm.br\/app\/uploads\/sites\/871\/2018\/12\/IMG_3116-1024x575.jpg\" class=\"attachment-large size-large\" alt=\"\" srcset=\"https:\/\/www.ufsm.br\/app\/uploads\/sites\/871\/2018\/12\/IMG_3116-1024x575.jpg 1024w, https:\/\/www.ufsm.br\/app\/uploads\/sites\/871\/2018\/12\/IMG_3116-300x169.jpg 300w, https:\/\/www.ufsm.br\/app\/uploads\/sites\/871\/2018\/12\/IMG_3116-768x432.jpg 768w, https:\/\/www.ufsm.br\/app\/uploads\/sites\/871\/2018\/12\/IMG_3116.jpg 1920w\" sizes=\"(max-width: 1024px) 100vw, 1024px\" \/><\/a>\n\t\t\t<\/div><\/figure><figure class='gallery-item'>\n\t\t\t<div class='gallery-icon landscape'>\n\t\t\t\t<a data-elementor-open-lightbox=\"yes\" data-elementor-lightbox-slideshow=\"a3cb952\" data-elementor-lightbox-title=\"grupo_de_dan\u00e7a_paraguaya\" data-e-action-hash=\"#elementor-action%3Aaction%3Dlightbox%26settings%3DeyJpZCI6MTU5LCJ1cmwiOiJodHRwczpcL1wvd3d3LnVmc20uYnJcL2FwcFwvdXBsb2Fkc1wvc2l0ZXNcLzg3MVwvMjAxOFwvMTJcL2dydXBvX2RlX2Rhblx1MDBlN2FfcGFyYWd1YXlhLmpwZyIsInNsaWRlc2hvdyI6ImEzY2I5NTIifQ%3D%3D\" href='https:\/\/www.ufsm.br\/app\/uploads\/sites\/871\/2018\/12\/grupo_de_dan\u00e7a_paraguaya.jpg'><img decoding=\"async\" width=\"1024\" height=\"576\" src=\"https:\/\/www.ufsm.br\/app\/uploads\/sites\/871\/2018\/12\/grupo_de_dan\u00e7a_paraguaya-1024x576.jpg\" class=\"attachment-large size-large\" alt=\"\" srcset=\"https:\/\/www.ufsm.br\/app\/uploads\/sites\/871\/2018\/12\/grupo_de_dan\u00e7a_paraguaya-1024x576.jpg 1024w, https:\/\/www.ufsm.br\/app\/uploads\/sites\/871\/2018\/12\/grupo_de_dan\u00e7a_paraguaya-300x169.jpg 300w, https:\/\/www.ufsm.br\/app\/uploads\/sites\/871\/2018\/12\/grupo_de_dan\u00e7a_paraguaya-768x432.jpg 768w, https:\/\/www.ufsm.br\/app\/uploads\/sites\/871\/2018\/12\/grupo_de_dan\u00e7a_paraguaya.jpg 1032w\" sizes=\"(max-width: 1024px) 100vw, 1024px\" \/><\/a>\n\t\t\t<\/div><\/figure><figure class='gallery-item'>\n\t\t\t<div class='gallery-icon landscape'>\n\t\t\t\t<a data-elementor-open-lightbox=\"yes\" data-elementor-lightbox-slideshow=\"a3cb952\" data-elementor-lightbox-title=\"apresenta\u00e7\u00e3o_final_UNA\" data-e-action-hash=\"#elementor-action%3Aaction%3Dlightbox%26settings%3DeyJpZCI6MTYwLCJ1cmwiOiJodHRwczpcL1wvd3d3LnVmc20uYnJcL2FwcFwvdXBsb2Fkc1wvc2l0ZXNcLzg3MVwvMjAxOFwvMTJcL2FwcmVzZW50YVx1MDBlN1x1MDBlM29fZmluYWxfVU5BLmpwZyIsInNsaWRlc2hvdyI6ImEzY2I5NTIifQ%3D%3D\" href='https:\/\/www.ufsm.br\/app\/uploads\/sites\/871\/2018\/12\/apresenta\u00e7\u00e3o_final_UNA.jpg'><img loading=\"lazy\" decoding=\"async\" width=\"960\" height=\"540\" src=\"https:\/\/www.ufsm.br\/app\/uploads\/sites\/871\/2018\/12\/apresenta\u00e7\u00e3o_final_UNA.jpg\" class=\"attachment-large size-large\" alt=\"\" srcset=\"https:\/\/www.ufsm.br\/app\/uploads\/sites\/871\/2018\/12\/apresenta\u00e7\u00e3o_final_UNA.jpg 960w, https:\/\/www.ufsm.br\/app\/uploads\/sites\/871\/2018\/12\/apresenta\u00e7\u00e3o_final_UNA-300x169.jpg 300w, https:\/\/www.ufsm.br\/app\/uploads\/sites\/871\/2018\/12\/apresenta\u00e7\u00e3o_final_UNA-768x432.jpg 768w\" sizes=\"(max-width: 960px) 100vw, 960px\" \/><\/a>\n\t\t\t<\/div><\/figure><figure class='gallery-item'>\n\t\t\t<div class='gallery-icon landscape'>\n\t\t\t\t<a data-elementor-open-lightbox=\"yes\" data-elementor-lightbox-slideshow=\"a3cb952\" data-elementor-lightbox-title=\"academia_UNA\" data-e-action-hash=\"#elementor-action%3Aaction%3Dlightbox%26settings%3DeyJpZCI6MTU2LCJ1cmwiOiJodHRwczpcL1wvd3d3LnVmc20uYnJcL2FwcFwvdXBsb2Fkc1wvc2l0ZXNcLzg3MVwvMjAxOFwvMTJcL2FjYWRlbWlhX1VOQS5qcGciLCJzbGlkZXNob3ciOiJhM2NiOTUyIn0%3D\" href='https:\/\/www.ufsm.br\/app\/uploads\/sites\/871\/2018\/12\/academia_UNA.jpg'><img loading=\"lazy\" decoding=\"async\" width=\"960\" height=\"960\" src=\"https:\/\/www.ufsm.br\/app\/uploads\/sites\/871\/2018\/12\/academia_UNA.jpg\" class=\"attachment-large size-large\" alt=\"\" srcset=\"https:\/\/www.ufsm.br\/app\/uploads\/sites\/871\/2018\/12\/academia_UNA.jpg 960w, https:\/\/www.ufsm.br\/app\/uploads\/sites\/871\/2018\/12\/academia_UNA-150x150.jpg 150w, https:\/\/www.ufsm.br\/app\/uploads\/sites\/871\/2018\/12\/academia_UNA-300x300.jpg 300w, https:\/\/www.ufsm.br\/app\/uploads\/sites\/871\/2018\/12\/academia_UNA-768x768.jpg 768w\" sizes=\"(max-width: 960px) 100vw, 960px\" \/><\/a>\n\t\t\t<\/div><\/figure>\n\t\t<\/div>\n\t\t<\/div>\n\t\t\t\t<\/div>\n\t\t\t\t<\/div>\n\t\t\t\t\t<\/div>\n\t\t<\/div>\n\t\t\t\t\t<\/div>\n\t\t<\/section>\n\t\t\t\t<\/div>\n\t\t","protected":false},"excerpt":{"rendered":"<p>Em 2016, o curso de Licenciatura em Dan\u00e7a da UFSM deu um importante passo na consolida\u00e7\u00e3o da dan\u00e7a como \u00e1rea de conhecimento na universidade atrav\u00e9s dos interc\u00e2mbios formativos, art\u00edsticos e culturais com o curso de Licenciatura em Dan\u00e7a da Facultad de Arquitectura, Dise\u00f1o, y Arte da Universidad Nacional de Asunci\u00f3n, do Paraguai. No primeiro semestre [&hellip;]<\/p>\n","protected":false},"author":115,"featured_media":0,"parent":0,"menu_order":0,"comment_status":"closed","ping_status":"closed","template":"","meta":{"footnotes":""},"categories":[],"tags":[],"class_list":["post-155","page","type-page","status-publish","hentry"],"acf":[],"_links":{"self":[{"href":"https:\/\/www.ufsm.br\/cursos\/graduacao\/santa-maria\/danca-licenciatura\/wp-json\/wp\/v2\/pages\/155","targetHints":{"allow":["GET"]}}],"collection":[{"href":"https:\/\/www.ufsm.br\/cursos\/graduacao\/santa-maria\/danca-licenciatura\/wp-json\/wp\/v2\/pages"}],"about":[{"href":"https:\/\/www.ufsm.br\/cursos\/graduacao\/santa-maria\/danca-licenciatura\/wp-json\/wp\/v2\/types\/page"}],"author":[{"embeddable":true,"href":"https:\/\/www.ufsm.br\/cursos\/graduacao\/santa-maria\/danca-licenciatura\/wp-json\/wp\/v2\/users\/115"}],"replies":[{"embeddable":true,"href":"https:\/\/www.ufsm.br\/cursos\/graduacao\/santa-maria\/danca-licenciatura\/wp-json\/wp\/v2\/comments?post=155"}],"version-history":[{"count":0,"href":"https:\/\/www.ufsm.br\/cursos\/graduacao\/santa-maria\/danca-licenciatura\/wp-json\/wp\/v2\/pages\/155\/revisions"}],"wp:attachment":[{"href":"https:\/\/www.ufsm.br\/cursos\/graduacao\/santa-maria\/danca-licenciatura\/wp-json\/wp\/v2\/media?parent=155"}],"wp:term":[{"taxonomy":"category","embeddable":true,"href":"https:\/\/www.ufsm.br\/cursos\/graduacao\/santa-maria\/danca-licenciatura\/wp-json\/wp\/v2\/categories?post=155"},{"taxonomy":"post_tag","embeddable":true,"href":"https:\/\/www.ufsm.br\/cursos\/graduacao\/santa-maria\/danca-licenciatura\/wp-json\/wp\/v2\/tags?post=155"}],"curies":[{"name":"wp","href":"https:\/\/api.w.org\/{rel}","templated":true}]}}