{"id":166,"date":"2018-12-04T11:17:08","date_gmt":"2018-12-04T13:17:08","guid":{"rendered":"https:\/\/www.ufsm.br\/cursos-graduacao-santa-maria-danca-licenciatura\/?page_id=166"},"modified":"2018-12-04T11:17:09","modified_gmt":"2018-12-04T13:17:09","slug":"estagios-obrigatorios-e-nao-obrigatorios","status":"publish","type":"page","link":"https:\/\/www.ufsm.br\/cursos\/graduacao\/santa-maria\/danca-licenciatura\/estagios-obrigatorios-e-nao-obrigatorios","title":{"rendered":"Est\u00e1gios obrigat\u00f3rios e n\u00e3o obrigat\u00f3rios"},"content":{"rendered":"<p>Os est\u00e1gios n\u00e3o obrigat\u00f3rios podem ser feitos ao longo do curso de Dan\u00e7a Licenciatura. Para isso, empresas ou escolas que receber\u00e3o estagi\u00e1rios devem ter conv\u00eanio firmado com a UFSM.<\/p>\n<p>Os est\u00e1gios obrigat\u00f3rios fazem parte de duas disciplinas obrigat\u00f3rias do curr\u00edculo do curso de Dan\u00e7a Licenciatura e, portanto, s\u00e3o pr\u00e9-requisitos para a diploma\u00e7\u00e3o do aluno. Os est\u00e1gios obrigat\u00f3rios s\u00e3o realizados preferencialmente no 5\u00ba e 6\u00ba semestres do Curso de Dan\u00e7a Licenciatura, durante as disciplinas de &#8220;Est\u00e1gio Curricular Supervisionado I&#8221; e &#8220;Est\u00e1gio Curricular Supervisionado II&#8221;. Para sua realiza\u00e7\u00e3o, as escolas\u00a0que receber\u00e3o os estagi\u00e1rios devem ter conv\u00eanio firmado com a UFSM.<\/p>\n<p>Os dados necess\u00e1rios para firmar o CONV\u00caNIO com a UFSM s\u00e3o: Nome da Empresa\/Escola, CNPJ, endere\u00e7o,\u00a0 telefone, nome do representante da empresa\/escola.<\/p>\n<p>Ap\u00f3s o conv\u00eanio firmado entre a UFSM e a empresa\/escola na qual se dar\u00e1 o est\u00e1gio, ser\u00e1 necess\u00e1rio a celebra\u00e7\u00e3o do TERMO DE COMPROMISSO entre o aluno, a UFSM e a institui\u00e7\u00e3o concedente do est\u00e1gio. \u00a0Observa\u00e7\u00e3o: Deve ser indicado um docente da UFSM que atue na \u00e1rea do est\u00e1gio para que oriente o aluno nas atividades a serem realizadas e tamb\u00e9m um respons\u00e1vel da empresa (funcion\u00e1rio) ou escola (professor) que oriente o estagi\u00e1rio nas atividades a serem desenvolvidas.<\/p>\n<h4><\/h4>\n<h4><strong>Arquivos<\/strong><\/h4>\n<p>&nbsp;<\/p>\n<p>MODELO DE CONV\u00caNIO DE EST\u00c1GIO N\u00c3O OBRIGAT\u00d3RIO (Clique)<\/p>\n<p>MODELO DE CONV\u00caNIO DE EST\u00c1GIO OBRIGAT\u00d3RIO (Clique)<\/p>\n<p>MODELO DE TERMO DE COMPROMISSO PARA EST\u00c1GIO N\u00c3O OBRIGAT\u00d3RIO (Clique)<\/p>\n<p>MODELO DE TERMO DE COMPROMISSO PARA EST\u00c1GIO OBRIGAT\u00d3RIO\u00a0(Clique)<\/p>\n<p>MODELO DE CARTA DE ACEITE\u00a0(Clique)<\/p>\n<p>MODELO DE RELAT\u00d3RIO DE ATIVIDADES DESENVOLVIDAS\u00a0(Clique)<\/p>\n<p>_________<\/p>\n<p><em>Empresas interessadas em contar com estagi\u00e1rios do curso de Dan\u00e7a Licenciatura da UFSM devem entrar em contato com a Coordena\u00e7\u00e3o do Curso por meio deste e-mail:\u00a0<span id=\"cloak2aede53dbbc0c74551204b7daf0c8f5b\"><a href=\"mailto:dancalicenciatura@ufsm.br\">dancalicenciatura@ufsm.br<\/a><\/span><\/em><\/p>\n","protected":false},"excerpt":{"rendered":"<p>Os est\u00e1gios n\u00e3o obrigat\u00f3rios podem ser feitos ao longo do curso de Dan\u00e7a Licenciatura. Para isso, empresas ou escolas que receber\u00e3o estagi\u00e1rios devem ter conv\u00eanio firmado com a UFSM. Os est\u00e1gios obrigat\u00f3rios fazem parte de duas disciplinas obrigat\u00f3rias do curr\u00edculo do curso de Dan\u00e7a Licenciatura e, portanto, s\u00e3o pr\u00e9-requisitos para a diploma\u00e7\u00e3o do aluno. Os [&hellip;]<\/p>\n","protected":false},"author":115,"featured_media":0,"parent":0,"menu_order":0,"comment_status":"closed","ping_status":"closed","template":"","meta":{"footnotes":""},"categories":[],"tags":[],"class_list":["post-166","page","type-page","status-publish","hentry"],"acf":[],"_links":{"self":[{"href":"https:\/\/www.ufsm.br\/cursos\/graduacao\/santa-maria\/danca-licenciatura\/wp-json\/wp\/v2\/pages\/166","targetHints":{"allow":["GET"]}}],"collection":[{"href":"https:\/\/www.ufsm.br\/cursos\/graduacao\/santa-maria\/danca-licenciatura\/wp-json\/wp\/v2\/pages"}],"about":[{"href":"https:\/\/www.ufsm.br\/cursos\/graduacao\/santa-maria\/danca-licenciatura\/wp-json\/wp\/v2\/types\/page"}],"author":[{"embeddable":true,"href":"https:\/\/www.ufsm.br\/cursos\/graduacao\/santa-maria\/danca-licenciatura\/wp-json\/wp\/v2\/users\/115"}],"replies":[{"embeddable":true,"href":"https:\/\/www.ufsm.br\/cursos\/graduacao\/santa-maria\/danca-licenciatura\/wp-json\/wp\/v2\/comments?post=166"}],"version-history":[{"count":0,"href":"https:\/\/www.ufsm.br\/cursos\/graduacao\/santa-maria\/danca-licenciatura\/wp-json\/wp\/v2\/pages\/166\/revisions"}],"wp:attachment":[{"href":"https:\/\/www.ufsm.br\/cursos\/graduacao\/santa-maria\/danca-licenciatura\/wp-json\/wp\/v2\/media?parent=166"}],"wp:term":[{"taxonomy":"category","embeddable":true,"href":"https:\/\/www.ufsm.br\/cursos\/graduacao\/santa-maria\/danca-licenciatura\/wp-json\/wp\/v2\/categories?post=166"},{"taxonomy":"post_tag","embeddable":true,"href":"https:\/\/www.ufsm.br\/cursos\/graduacao\/santa-maria\/danca-licenciatura\/wp-json\/wp\/v2\/tags?post=166"}],"curies":[{"name":"wp","href":"https:\/\/api.w.org\/{rel}","templated":true}]}}