{"id":169,"date":"2018-12-04T11:20:47","date_gmt":"2018-12-04T13:20:47","guid":{"rendered":"https:\/\/www.ufsm.br\/cursos-graduacao-santa-maria-danca-licenciatura\/?page_id=169"},"modified":"2026-03-07T12:45:54","modified_gmt":"2026-03-07T15:45:54","slug":"extremus","status":"publish","type":"page","link":"https:\/\/www.ufsm.br\/cursos\/graduacao\/santa-maria\/danca-licenciatura\/extremus","title":{"rendered":"MOJUB\u00c1: Dan\u00e7as Populares Brasileiras"},"content":{"rendered":"\t\t<div data-elementor-type=\"wp-post\" data-elementor-id=\"169\" class=\"elementor elementor-169\">\n\t\t\t\t\t\t<section class=\"elementor-section elementor-top-section elementor-element elementor-element-5c22cd91 elementor-section-boxed elementor-section-height-default elementor-section-height-default\" data-id=\"5c22cd91\" data-element_type=\"section\">\n\t\t\t\t\t\t<div class=\"elementor-container elementor-column-gap-default\">\n\t\t\t\t\t<div class=\"elementor-column elementor-col-100 elementor-top-column elementor-element elementor-element-1e284e90\" data-id=\"1e284e90\" data-element_type=\"column\">\n\t\t\t<div class=\"elementor-widget-wrap elementor-element-populated\">\n\t\t\t\t\t\t<div class=\"elementor-element elementor-element-cb0ffda elementor-widget elementor-widget-heading\" data-id=\"cb0ffda\" data-element_type=\"widget\" data-widget_type=\"heading.default\">\n\t\t\t\t<div class=\"elementor-widget-container\">\n\t\t\t<h5 class=\"elementor-heading-title elementor-size-default\"><h1><h1>Projeto de Extens\u00e3o<\/h1><\/h1><\/h5>\t\t<\/div>\n\t\t\t\t<\/div>\n\t\t\t\t<div class=\"elementor-element elementor-element-5042ddfb elementor-widget elementor-widget-text-editor\" data-id=\"5042ddfb\" data-element_type=\"widget\" data-widget_type=\"text-editor.default\">\n\t\t\t\t<div class=\"elementor-widget-container\">\n\t\t\t\t\t\t\t<p>O projeto Mojub\u00e1, coordenado pelo Prof. Dr. Jesse da Cruz, tem como objetivo disseminar e fomentar as diversas dan\u00e7as e manifesta\u00e7\u00f5es de cunho popular brasileiro. O foco nas dan\u00e7as afro-brasileira e ind\u00edgenas se cruza para o reconhecimento dos c\u00f3digos, s\u00edmbolos e representatividade de corpos diversos nas suas diferentes manifesta\u00e7\u00f5es.<\/p><p>Os encontros ser\u00e3o realizados uma vez por semana, sendo as segundas feiras das 18h \u00e0s 19:30h. O projeto \u00e9 voltado para toda a comunidade interna e externa da UFSM a partir dos 15 anos de idade que queiram e estejam abertas para dan\u00e7ar e brincar de cultura popular brasileira.<\/p><p>As inscri\u00e7\u00f5es poder\u00e3o ser realizadas no primeiro dia de encontro. Menores de idade dever\u00e3o comparecer com respons\u00e1vel para assinar o termo de inscri\u00e7\u00e3o e responsabilidade. Cada m\u00eas, os encontros ter\u00e3o um temas para que possamos nos conectar com a diversidade cultural das manifesta\u00e7\u00f5es e dan\u00e7as populares.<\/p><p>#Viva a Cultura Popular Brasileira<\/p><p><strong>Coordena\u00e7\u00e3o do Projeto:<\/strong><br \/>Prof. Dr. Jesse da Cruz (Departamento de Artes C\u00eanicas\/CAL)<\/p>\t\t\t\t\t\t<\/div>\n\t\t\t\t<\/div>\n\t\t\t\t\t<\/div>\n\t\t<\/div>\n\t\t\t\t\t<\/div>\n\t\t<\/section>\n\t\t\t\t<\/div>\n\t\t","protected":false},"excerpt":{"rendered":"<p>Projeto de Extens\u00e3o O projeto Mojub\u00e1, coordenado pelo Prof. Dr. Jesse da Cruz, tem como objetivo disseminar e fomentar as diversas dan\u00e7as e manifesta\u00e7\u00f5es de cunho popular brasileiro. O foco nas dan\u00e7as afro-brasileira e ind\u00edgenas se cruza para o reconhecimento dos c\u00f3digos, s\u00edmbolos e representatividade de corpos diversos nas suas diferentes manifesta\u00e7\u00f5es. Os encontros ser\u00e3o [&hellip;]<\/p>\n","protected":false},"author":115,"featured_media":0,"parent":0,"menu_order":0,"comment_status":"closed","ping_status":"closed","template":"","meta":{"footnotes":""},"categories":[],"tags":[],"class_list":["post-169","page","type-page","status-publish","hentry"],"acf":[],"_links":{"self":[{"href":"https:\/\/www.ufsm.br\/cursos\/graduacao\/santa-maria\/danca-licenciatura\/wp-json\/wp\/v2\/pages\/169","targetHints":{"allow":["GET"]}}],"collection":[{"href":"https:\/\/www.ufsm.br\/cursos\/graduacao\/santa-maria\/danca-licenciatura\/wp-json\/wp\/v2\/pages"}],"about":[{"href":"https:\/\/www.ufsm.br\/cursos\/graduacao\/santa-maria\/danca-licenciatura\/wp-json\/wp\/v2\/types\/page"}],"author":[{"embeddable":true,"href":"https:\/\/www.ufsm.br\/cursos\/graduacao\/santa-maria\/danca-licenciatura\/wp-json\/wp\/v2\/users\/115"}],"replies":[{"embeddable":true,"href":"https:\/\/www.ufsm.br\/cursos\/graduacao\/santa-maria\/danca-licenciatura\/wp-json\/wp\/v2\/comments?post=169"}],"version-history":[{"count":0,"href":"https:\/\/www.ufsm.br\/cursos\/graduacao\/santa-maria\/danca-licenciatura\/wp-json\/wp\/v2\/pages\/169\/revisions"}],"wp:attachment":[{"href":"https:\/\/www.ufsm.br\/cursos\/graduacao\/santa-maria\/danca-licenciatura\/wp-json\/wp\/v2\/media?parent=169"}],"wp:term":[{"taxonomy":"category","embeddable":true,"href":"https:\/\/www.ufsm.br\/cursos\/graduacao\/santa-maria\/danca-licenciatura\/wp-json\/wp\/v2\/categories?post=169"},{"taxonomy":"post_tag","embeddable":true,"href":"https:\/\/www.ufsm.br\/cursos\/graduacao\/santa-maria\/danca-licenciatura\/wp-json\/wp\/v2\/tags?post=169"}],"curies":[{"name":"wp","href":"https:\/\/api.w.org\/{rel}","templated":true}]}}