{"id":410,"date":"2019-05-22T14:36:55","date_gmt":"2019-05-22T17:36:55","guid":{"rendered":"https:\/\/www.ufsm.br\/cursos\/graduacao\/santa-maria\/desenho-industrial\/?page_id=410"},"modified":"2019-05-22T14:36:57","modified_gmt":"2019-05-22T17:36:57","slug":"oficinas","status":"publish","type":"page","link":"https:\/\/www.ufsm.br\/cursos\/graduacao\/santa-maria\/desenho-industrial\/oficinas","title":{"rendered":"Oficinas\u00a0"},"content":{"rendered":"\n<p class=\"titulo2\"><strong>Oficinas 14\u00ba N Design<\/strong><\/p>\n<table border=\"0\" width=\"300\" cellspacing=\"1\" cellpadding=\"0\">\n<tbody>\n<tr class=\"titulo2\">\n<td class=\"texto\" width=\"262\">\u00c1reas<\/td>\n<td class=\"texto\" width=\"115\">\n<div align=\"center\">n\u00ba de oficinas<\/div>\n<\/td>\n<\/tr>\n<tr class=\"texto\">\n<td><span class=\"texto\"><a href=\"http:\/\/coralx.ufsm.br\/ndesign\/oficinas.html#cria\">Criatividade e P&amp;D<\/a><\/span><\/td>\n<td>\n<div align=\"center\">[5]<\/div>\n<\/td>\n<\/tr>\n<tr class=\"texto\">\n<td><a href=\"http:\/\/coralx.ufsm.br\/ndesign\/oficinas.html#enga\">Design Engajado<\/a><\/td>\n<td>\n<div align=\"center\">[5]<\/div>\n<\/td>\n<\/tr>\n<tr class=\"texto\">\n<td><a href=\"http:\/\/coralx.ufsm.br\/ndesign\/oficinas.html#emba\">Embalagem &amp; Utens\u00edlios<\/a><\/td>\n<td>\n<div align=\"center\">[3]<\/div>\n<\/td>\n<\/tr>\n<tr class=\"texto\">\n<td><a href=\"http:\/\/coralx.ufsm.br\/ndesign\/oficinas.html#esta\">Estamparia &amp; Gravura<\/a><\/td>\n<td>\n<div align=\"center\">[4]<\/div>\n<\/td>\n<\/tr>\n<tr class=\"texto\">\n<td><a href=\"http:\/\/coralx.ufsm.br\/ndesign\/oficinas.html#foto\">Fotografia &amp; V\u00eddeo<\/a><\/td>\n<td>\n<div align=\"center\">[3]<\/div>\n<\/td>\n<\/tr>\n<tr class=\"texto\">\n<td><a href=\"http:\/\/coralx.ufsm.br\/ndesign\/oficinas.html#iden\">Identidade Visual<\/a><\/td>\n<td>\n<div align=\"center\">[5]<\/div>\n<\/td>\n<\/tr>\n<tr class=\"texto\">\n<td><a href=\"http:\/\/coralx.ufsm.br\/ndesign\/oficinas.html#ilus\">Ilustra\u00e7\u00e3o Aplicada &amp; T\u00e9cnicas<\/a><\/td>\n<td>\n<div align=\"center\">[9]<\/div>\n<\/td>\n<\/tr>\n<tr class=\"texto\">\n<td><a href=\"http:\/\/coralx.ufsm.br\/ndesign\/oficinas.html#mode\">Modelagem \/ Cartonagem<\/a><\/td>\n<td>\n<div align=\"center\">[4]<\/div>\n<\/td>\n<\/tr>\n<tr class=\"texto\">\n<td><a href=\"http:\/\/coralx.ufsm.br\/ndesign\/oficinas.html#quad\">Quadrinhos &amp; Anima\u00e7\u00e3o<\/a><\/td>\n<td>\n<div align=\"center\">[4]<\/div>\n<\/td>\n<\/tr>\n<tr class=\"texto\">\n<td><a href=\"http:\/\/coralx.ufsm.br\/ndesign\/oficinas.html#vest\">Vestu\u00e1rio<\/a><\/td>\n<td>\n<div align=\"center\">[3]<\/div>\n<\/td>\n<\/tr>\n<tr class=\"texto\">\n<td><a href=\"http:\/\/coralx.ufsm.br\/ndesign\/oficinas.html#prod\">Produ\u00e7\u00e3o Gr\u00e1fica &amp; Tipografia<\/a><\/td>\n<td>\n<div align=\"center\">[7]<\/div>\n<\/td>\n<\/tr>\n<tr class=\"texto\">\n<td><a href=\"http:\/\/coralx.ufsm.br\/ndesign\/oficinas.html#joias\">J\u00f3ias<\/a><\/td>\n<td>\n<div align=\"center\">[1]<\/div>\n<\/td>\n<\/tr>\n<\/tbody>\n<\/table>\n<p>\u00a0<\/p>\n<p class=\"texto\"><strong>CRIATIVIDADE E P&amp;D<\/strong><\/p>\n<p class=\"texto\"><a href=\"http:\/\/coralx.ufsm.br\/ndesign\/oficina001.html\" target=\"_blank\" rel=\"noopener noreferrer\">ART TOSCQUEAU E ART PORCAUX: Design Experimental\u00a0<\/a><br \/>Marcelo Fernandes \/ Marcio Shimabukuro<\/p>\n<p class=\"texto\"><a href=\"http:\/\/coralx.ufsm.br\/ndesign\/oficina002.html\" target=\"_blank\" rel=\"noopener noreferrer\">IMAGENS DA CIDADE E O DESIGN EMERGENTE<\/a><br \/>Jonatha Jurge \/ Marcelo Wassem \/ Kau\u00ea Santana da Costa \/ Tiago Ronagrani<\/p>\n<p class=\"texto\"><a href=\"http:\/\/coralx.ufsm.br\/ndesign\/oficina003.html\" target=\"_blank\" rel=\"noopener noreferrer\">BATALHA DE PERCEP\u00c7\u00d5ES: Impress\u00f5es de como o mundo me v\u00ea<\/a><br \/>Armando Fontes<\/p>\n<p class=\"texto\"><a href=\"http:\/\/coralx.ufsm.br\/ndesign\/oficina004.html\" target=\"_blank\" rel=\"noopener noreferrer\">CRIA\u00c7\u00c3O DE PRODUTO<\/a>\u00a0<br \/>Fernando Jos\u00e9 da Silva<\/p>\n<p class=\"texto\"><a href=\"http:\/\/coralx.ufsm.br\/ndesign\/oficina005\" target=\"_blank\" rel=\"noopener noreferrer\">ERA UMA VEZ UM LAPTOP\u2026 alternativas para a vida contempor\u00e2nea<\/a><br \/>Leonardo Massarelli<\/p>\n<p class=\"texto\"><strong>DESIGN ENGAJADO<\/strong><\/p>\n<p class=\"texto\"><a href=\"http:\/\/coralx.ufsm.br\/ndesign\/oficina006.html\" target=\"_blank\" rel=\"noopener noreferrer\">DESIGN INTELIGENTE E SUSTENT\u00c1VEL<\/a><br \/>Flavio Di Sarno (Bar\u00e3o)<\/p>\n<p class=\"texto\"><a href=\"http:\/\/coralx.ufsm.br\/ndesign\/oficina007.html\" target=\"_blank\" rel=\"noopener noreferrer\">DESIGN EM EXPERI\u00caNCIA\u00a0<\/a><br \/>\u00c9rika Foureaux \/ Miriane Camargo (Noisinho da Silva)<\/p>\n<p class=\"texto\"><a href=\"http:\/\/coralx.ufsm.br\/ndesign\/oficina008.html\" target=\"_blank\" rel=\"noopener noreferrer\">O DESIGN COMO FERRAMENTA SOCIAL<\/a><br \/>Lauren Adaime Pinto<\/p>\n<p class=\"texto\"><a href=\"http:\/\/coralx.ufsm.br\/ndesign\/oficina009.html\" target=\"_blank\" rel=\"noopener noreferrer\">DESENHANDO PARA UM: Design para a terceira idade<\/a><br \/>Cecilia Lasagno<\/p>\n<p class=\"texto\"><a href=\"http:\/\/coralx.ufsm.br\/ndesign\/oficina010.html\" target=\"_blank\" rel=\"noopener noreferrer\">MAIS PRODUTOS COM MENOS RECURSOS: A import\u00e2ncia do aproveitamento de materiais no design de produto.<\/a><br \/>Marcio Giannelli (Hulk)<\/p>\n<p class=\"texto\">[<a href=\"http:\/\/coralx.ufsm.br\/ndesign\/oficinas.html#topo\">volta ao topo<\/a>]<\/p>\n<p class=\"texto\"><strong>EMBALAGEM &amp; UTENS\u00cdLIOS<\/strong><\/p>\n<p class=\"texto\"><a href=\"http:\/\/coralx.ufsm.br\/ndesign\/oficina011.html\" target=\"_blank\" rel=\"noopener noreferrer\">EMBALAGEM<\/a><br \/>Camila Fank \/ Caroline Melo<\/p>\n<p class=\"texto\"><a href=\"http:\/\/coralx.ufsm.br\/ndesign\/oficina012.html\" target=\"_blank\" rel=\"noopener noreferrer\">ESTRUTURAS INFL\u00c1VEIS<\/a><br \/>Luciana Pszczol<\/p>\n<p class=\"texto\"><a href=\"http:\/\/coralx.ufsm.br\/ndesign\/oficina013.html\" target=\"_blank\" rel=\"noopener noreferrer\">RESTAURA\u00c7\u00c3O E REVESTIMENTO DE M\u00d3VEIS<\/a><br \/>Ana Luiza Bencz \/ Gabriel da Luz<\/p>\n<p class=\"texto\">[<a href=\"http:\/\/coralx.ufsm.br\/ndesign\/oficinas.html#topo\">volta ao topo<\/a>]<\/p>\n<p class=\"texto\"><strong>ESTAMPARIA &amp; GRAVURA<\/strong><\/p>\n<p class=\"texto\"><a href=\"http:\/\/coralx.ufsm.br\/ndesign\/oficina014.html\" target=\"_blank\" rel=\"noopener noreferrer\">DESIGN DE ESTAMPARIA PARA TAPETES<\/a><br \/>Marilaine Pozzatti Amadori<\/p>\n<p class=\"texto\"><a href=\"http:\/\/coralx.ufsm.br\/ndesign\/oficina015.html\" target=\"_blank\" rel=\"noopener noreferrer\">ST\u00caNCIL: Estamparia alternativa<\/a>\u00a0<br \/>Andr\u00e9 Dalmazzo<\/p>\n<p class=\"texto\"><a href=\"http:\/\/coralx.ufsm.br\/ndesign\/oficina016.html\" target=\"_blank\" rel=\"noopener noreferrer\">O PROCESSO CRIATIVO PARA O DESENHO DE ESTAMPARIA<\/a><br \/>Lusa Aquistapasse<\/p>\n<p class=\"texto\"><a href=\"http:\/\/coralx.ufsm.br\/ndesign\/oficina017.html\" target=\"_blank\" rel=\"noopener noreferrer\">XILOGRAVURA: O primeiro meio de reprodu\u00e7\u00e3o e difus\u00e3o da imagem gr\u00e1fica<\/a><br \/>Helga Corr\u00eaa<\/p>\n<p class=\"texto\"><strong>FOTOGRAFIA &amp; V\u00cdDEO<\/strong><\/p>\n<p class=\"texto\"><a href=\"http:\/\/coralx.ufsm.br\/ndesign\/oficina018.html\" target=\"_blank\" rel=\"noopener noreferrer\">O ENTENDIMENTO DA LUZ EM FOTOS NOTURNAS<\/a><br \/>Ricardo Gallarza \/ Marcos Paulo Moreira<\/p>\n<p class=\"texto\"><a href=\"http:\/\/coralx.ufsm.br\/ndesign\/oficina019.html\" target=\"_blank\" rel=\"noopener noreferrer\">O ROMANTISMO DA FOTOGRAFIA EM BRANCO E PRETO<\/a><br \/>Ricardo Toscani<\/p>\n<p class=\"texto\"><a href=\"http:\/\/coralx.ufsm.br\/ndesign\/oficina020.html\" target=\"_blank\" rel=\"noopener noreferrer\">V\u00cdDEO COMUNIT\u00c1RIO<\/a><br \/>Marcos Borba (TV OVO)<\/p>\n<p class=\"texto\"><strong>IDENTIDADE VISUAL<\/strong><\/p>\n<p class=\"texto\"><a href=\"http:\/\/coralx.ufsm.br\/ndesign\/oficina021.html\" target=\"_blank\" rel=\"noopener noreferrer\">EXPRESS\u00c3O DA MARCA<\/a><br \/>Thays Salva \/ Guilherme Sebastiany<\/p>\n<p class=\"texto\"><a href=\"http:\/\/coralx.ufsm.br\/ndesign\/oficina022.html\" target=\"_blank\" rel=\"noopener noreferrer\">HUMOR E IDENTIDADE VISUAL<\/a><br \/>Mario Lucio Bonotto Rodrigues (M\u00e1ucio)<\/p>\n<p class=\"texto\"><a href=\"http:\/\/coralx.ufsm.br\/ndesign\/oficina023.html\" target=\"_blank\" rel=\"noopener noreferrer\">IDENTIDADE VISUAL: Metodologia para desenvolvimento de marcas<\/a><br \/>Rodrigo Londero<\/p>\n<p class=\"texto\"><a href=\"http:\/\/coralx.ufsm.br\/ndesign\/oficina024.html\" target=\"_blank\" rel=\"noopener noreferrer\">PICTOGRAMAS PARA SINALIZA\u00c7\u00c3O<\/a><br \/>Juliana Shiraiwa \/ Vanessa Dickow<\/p>\n<p class=\"texto\"><a href=\"http:\/\/coralx.ufsm.br\/ndesign\/oficina027.html\" target=\"_blank\" rel=\"noopener noreferrer\">DESIGN DE PERSONAGENS<\/a><br \/>Renato Faccini \/ Daniel Moura<\/p>\n<p><strong class=\"texto\">ILUSTRA\u00c7\u00c3O APLICADA &amp; T\u00c9CNICAS<\/strong><\/p>\n<p class=\"texto\"><a href=\"http:\/\/coralx.ufsm.br\/ndesign\/oficina025.html\" target=\"_blank\" rel=\"noopener noreferrer\">AQUARELA<\/a><br \/>Liana Lorenzoni Chiapinotto<\/p>\n<p class=\"texto\"><a href=\"http:\/\/coralx.ufsm.br\/ndesign\/oficina026.html\" target=\"_blank\" rel=\"noopener noreferrer\">DESIGN DE CAPAS DE LIVROS<\/a><br \/>Luciana Porto Alegre Steckel<\/p>\n<p class=\"texto\"><a href=\"http:\/\/coralx.ufsm.br\/ndesign\/oficina028.html\" target=\"_blank\" rel=\"noopener noreferrer\">DESIGN EM CAPAS DE \u00c1LBUNS MUSICAIS<\/a><br \/>Mario Cardoso \/ Rafael Castro<\/p>\n<p class=\"texto\"><a href=\"http:\/\/coralx.ufsm.br\/ndesign\/oficina029.html\" target=\"_blank\" rel=\"noopener noreferrer\">EXPRESS\u00c3O GR\u00c1FICA ATRAV\u00c9S DO GRAFITE COM ST\u00caNCIL<\/a><br \/>Miguel Etges Rodrigues<\/p>\n<p class=\"texto\"><a href=\"http:\/\/coralx.ufsm.br\/ndesign\/oficina030.html\" target=\"_blank\" rel=\"noopener noreferrer\">ILUSTRA\u00c7\u00c3O PARA QUEM N\u00c3O SABE DESENHAR<\/a><br \/>Evandro Bertol<\/p>\n<p class=\"texto\"><a href=\"http:\/\/coralx.ufsm.br\/ndesign\/oficina031.html\" target=\"_blank\" rel=\"noopener noreferrer\">ILUSTRA\u00c7\u00c3O TRIDIMENSIONAL EM PAPEL<\/a><br \/>Carlo Giovani Ribas Rossato<\/p>\n<p class=\"texto\"><a href=\"http:\/\/coralx.ufsm.br\/ndesign\/oficina032.html\" target=\"_blank\" rel=\"noopener noreferrer\">PIXEL ART: T\u00e9cnica de ilustra\u00e7\u00e3o atrav\u00e9s dos pixels<\/a><br \/>Gabriel G\u00f6rski<\/p>\n<p class=\"texto\"><a href=\"http:\/\/coralx.ufsm.br\/ndesign\/oficina033.html\" target=\"_blank\" rel=\"noopener noreferrer\">FEIJ\u00c3O BOLA OITO<\/a><br \/>Andr\u00e9 Gonz\u00e1les \/ Bruno Caramori \/ Gabriel G\u00f3es \/ Victor Guerra<\/p>\n<p class=\"texto\"><strong>MODELAGEM\/CARTONAGEM<\/strong><\/p>\n<p class=\"texto\"><a href=\"http:\/\/coralx.ufsm.br\/ndesign\/oficina034.html\" target=\"_blank\" rel=\"noopener noreferrer\">MODELAGEM TRIDIMENSIONAL EM PAPEL CART\u00c3O<\/a><br \/>Paulo Roberto Souza Garcia<\/p>\n<p class=\"texto\"><a href=\"http:\/\/coralx.ufsm.br\/ndesign\/oficina035.html\" target=\"_blank\" rel=\"noopener noreferrer\">T\u00c9CNICA DE CONFEC\u00c7\u00c3O DE MOCK-UP&#8217;S &#8211; SKETCH 3D<\/a><br \/>Andr\u00e9 Barreto Amaral \/ Fernando Denis de Souza \/ Guilherme Barbosa de Oliveira \/ T\u00falio Pereira dos Santos<\/p>\n<p class=\"texto\"><a href=\"http:\/\/coralx.ufsm.br\/ndesign\/oficina036.html\" target=\"_blank\" rel=\"noopener noreferrer\">TRABALHANDO COM MODELOS DE PAPEL<\/a><br \/>Luciano Carneiro<\/p>\n<p class=\"texto\"><a href=\"http:\/\/coralx.ufsm.br\/ndesign\/oficina037.html\" target=\"_blank\" rel=\"noopener noreferrer\">ARGILAS DE POL\u00cdMEROS PARA A PRODU\u00c7\u00c3O DE BIJUTERIAS E OUTRAS PE\u00c7AS<\/a><br \/>M\u00e1rcia Moreno Fernandes<\/p>\n<p class=\"texto\"><strong>QUADRINHOS &amp; ANIMA\u00c7\u00c3O<\/strong><\/p>\n<p class=\"texto\"><a href=\"http:\/\/coralx.ufsm.br\/ndesign\/oficina038.html\" target=\"_blank\" rel=\"noopener noreferrer\">FLIPANIMA &#8211; OFICINA DE ANIMA\u00c7\u00c3O: Estudo pr\u00e1tico dos princ\u00edpios b\u00e1sicos da anima\u00e7\u00e3o tradicional<\/a><br \/>Daniel Pinna \/ Pedro Bomfim<\/p>\n<p class=\"texto\"><a href=\"http:\/\/coralx.ufsm.br\/ndesign\/oficina039.html\" target=\"_blank\" rel=\"noopener noreferrer\">HIST\u00d3RIA EM QUADRINHOS<\/a><br \/>Vin\u00edcius de S\u00e1 Menezes<\/p>\n<p class=\"texto\"><a href=\"http:\/\/coralx.ufsm.br\/ndesign\/oficina040.html\" target=\"_blank\" rel=\"noopener noreferrer\">NARRADOR GR\u00c1FICO-VISUAL<\/a><br \/>Vilmar Rossi J\u00fanior<\/p>\n<p class=\"texto\"><a href=\"http:\/\/coralx.ufsm.br\/ndesign\/oficina041.html\" target=\"_blank\" rel=\"noopener noreferrer\">CHARGE<\/a><br \/>Elias Ramires Monteiro<\/p>\n<p class=\"texto\"><strong>VESTU\u00c1RIO<\/strong><\/p>\n<p class=\"texto\"><a href=\"http:\/\/coralx.ufsm.br\/ndesign\/oficina042.html\" target=\"_blank\" rel=\"noopener noreferrer\">MODA E DESIGN: Irreais diferen\u00e7as<\/a><br \/>F\u00e1bia Betina Bona \/ Mara Rubia C\u00e2mara<\/p>\n<p class=\"texto\"><a href=\"http:\/\/coralx.ufsm.br\/ndesign\/oficina043.html\" target=\"_blank\" rel=\"noopener noreferrer\">PROJETO DE CAL\u00c7ADOS: Caracter\u00edsticas e Fatores do Ambiente Profissional<\/a><br \/>Kilder Ribeiro<\/p>\n<p class=\"texto\"><a href=\"http:\/\/coralx.ufsm.br\/ndesign\/oficina044.html\" target=\"_blank\" rel=\"noopener noreferrer\">PENSO, LOGO VISTO<\/a><br \/>Melina Marjore<\/p>\n<p class=\"texto\"><strong>PRODU\u00c7\u00c3O GR\u00c1FICA &amp; TIPOGRAFIA<\/strong><\/p>\n<p class=\"texto\"><a href=\"http:\/\/coralx.ufsm.br\/ndesign\/oficina045.html\" target=\"_blank\" rel=\"noopener noreferrer\">A REVISTA E SEU DESIGN<\/a><br \/>Lucia de Menezes Farias<\/p>\n<p class=\"texto\"><a href=\"http:\/\/coralx.ufsm.br\/ndesign\/oficina046.html\" target=\"_blank\" rel=\"noopener noreferrer\">DESIGN DE JORNAIS<\/a><br \/>Tathiana Marcelli<\/p>\n<p class=\"texto\"><a href=\"http:\/\/coralx.ufsm.br\/ndesign\/oficina047.html\" target=\"_blank\" rel=\"noopener noreferrer\">EXPERIMENTOS TIPOGR\u00c1FICOS<\/a><br \/>Volnei Matt\u00e9<\/p>\n<p class=\"texto\"><a href=\"http:\/\/coralx.ufsm.br\/ndesign\/oficina048.html\" target=\"_blank\" rel=\"noopener noreferrer\">FANZINES: Entre xerox e pixels<\/a><br \/>Daniel Pereira dos Santos<\/p>\n<p class=\"texto\"><a href=\"http:\/\/coralx.ufsm.br\/ndesign\/oficina049.html\" target=\"_blank\" rel=\"noopener noreferrer\">POSTERIZE<\/a><br \/>Jos\u00e9 Bessa (Elesb\u00e3o) \/ Cl\u00e1udio S\u00e1 Reston (Haroldinho)<\/p>\n<p class=\"texto\"><a href=\"http:\/\/coralx.ufsm.br\/ndesign\/oficina050.html\" target=\"_blank\" rel=\"noopener noreferrer\">PROJETO GR\u00c1FICO<\/a><br \/>Giuliano Cogo<\/p>\n<p class=\"texto\"><a href=\"http:\/\/coralx.ufsm.br\/ndesign\/oficina051.html\" target=\"_blank\" rel=\"noopener noreferrer\">PRODU\u00c7\u00c3O GR\u00c1FICA: Teoria e pr\u00e1tica<\/a><br \/>Daliana Bolzan \/ Luciana Abitante<\/p>\n<p class=\"texto\"><strong>J\u00d3IAS<\/strong><\/p>\n<p class=\"texto\"><a href=\"http:\/\/coralx.ufsm.br\/ndesign\/oficina053.html\" target=\"_blank\" rel=\"noopener noreferrer\">RELEVO E CINZEL: arte milenar da joalheria<\/a><br \/>Celso Dornelles<\/p>\n","protected":false},"excerpt":{"rendered":"<p>Oficinas 14\u00ba N Design \u00c1reas n\u00ba de oficinas Criatividade e P&amp;D [5] Design Engajado [5] Embalagem &amp; Utens\u00edlios [3] Estamparia &amp; Gravura [4] Fotografia &amp; V\u00eddeo [3] Identidade Visual [5] Ilustra\u00e7\u00e3o Aplicada &amp; T\u00e9cnicas [9] Modelagem \/ Cartonagem [4] Quadrinhos &amp; Anima\u00e7\u00e3o [4] Vestu\u00e1rio [3] Produ\u00e7\u00e3o Gr\u00e1fica &amp; Tipografia [7] J\u00f3ias [1] \u00a0 CRIATIVIDADE E [&hellip;]<\/p>\n","protected":false},"author":115,"featured_media":0,"parent":0,"menu_order":0,"comment_status":"closed","ping_status":"closed","template":"","meta":{"footnotes":""},"categories":[],"tags":[],"class_list":["post-410","page","type-page","status-publish","hentry"],"acf":[],"_links":{"self":[{"href":"https:\/\/www.ufsm.br\/cursos\/graduacao\/santa-maria\/desenho-industrial\/wp-json\/wp\/v2\/pages\/410","targetHints":{"allow":["GET"]}}],"collection":[{"href":"https:\/\/www.ufsm.br\/cursos\/graduacao\/santa-maria\/desenho-industrial\/wp-json\/wp\/v2\/pages"}],"about":[{"href":"https:\/\/www.ufsm.br\/cursos\/graduacao\/santa-maria\/desenho-industrial\/wp-json\/wp\/v2\/types\/page"}],"author":[{"embeddable":true,"href":"https:\/\/www.ufsm.br\/cursos\/graduacao\/santa-maria\/desenho-industrial\/wp-json\/wp\/v2\/users\/115"}],"replies":[{"embeddable":true,"href":"https:\/\/www.ufsm.br\/cursos\/graduacao\/santa-maria\/desenho-industrial\/wp-json\/wp\/v2\/comments?post=410"}],"version-history":[{"count":0,"href":"https:\/\/www.ufsm.br\/cursos\/graduacao\/santa-maria\/desenho-industrial\/wp-json\/wp\/v2\/pages\/410\/revisions"}],"wp:attachment":[{"href":"https:\/\/www.ufsm.br\/cursos\/graduacao\/santa-maria\/desenho-industrial\/wp-json\/wp\/v2\/media?parent=410"}],"wp:term":[{"taxonomy":"category","embeddable":true,"href":"https:\/\/www.ufsm.br\/cursos\/graduacao\/santa-maria\/desenho-industrial\/wp-json\/wp\/v2\/categories?post=410"},{"taxonomy":"post_tag","embeddable":true,"href":"https:\/\/www.ufsm.br\/cursos\/graduacao\/santa-maria\/desenho-industrial\/wp-json\/wp\/v2\/tags?post=410"}],"curies":[{"name":"wp","href":"https:\/\/api.w.org\/{rel}","templated":true}]}}