{"id":282,"date":"2018-12-13T14:19:30","date_gmt":"2018-12-13T16:19:30","guid":{"rendered":"https:\/\/www.ufsm.br\/cursos\/graduacao\/santa-maria\/direito\/?page_id=282"},"modified":"2018-12-13T14:19:30","modified_gmt":"2018-12-13T16:19:30","slug":"certificados-de-participacao-em-eventos","status":"publish","type":"page","link":"https:\/\/www.ufsm.br\/cursos\/graduacao\/santa-maria\/direito\/certificados-de-participacao-em-eventos","title":{"rendered":"Certificados de participa\u00e7\u00e3o em eventos"},"content":{"rendered":"<p>Os certificados de eventos promovidos ou apoiados pelo Curso de Direito s\u00e3o fornecidos somente em\u00a0<strong>meio digital<\/strong>.<\/p>\n<p>&nbsp;<\/p>\n<p>Quando o evento possuir poucos participantes, ser\u00e1 enviado diretamente para o\u00a0<strong>email indicado na lista de presen\u00e7a.<\/strong><\/p>\n<p>&nbsp;<\/p>\n<blockquote><p>A confer\u00eancia da grafia correta do nome e do email \u00e9 de responsabilidade do participante e dos organizadores da atividade.<\/p><\/blockquote>\n<p>&nbsp;<\/p>\n<p>Quando se tratar de evento com muitos participantes, o certificado ser\u00e1 elaborado pelo CPD\/UFSM (Centro de Processamento de Dados) e caber\u00e1 ao participante digitar o seu nome no local existente no site e fazer o download do certificado.<\/p>\n<p>O endere\u00e7o para obten\u00e7\u00e3o desse tipo de certificado \u00e9:\u00a0<a href=\"https:\/\/portal.ufsm.br\/certificados\/mainMenu.html\">https:\/\/portal.ufsm.br\/certificados\/mainMenu.html<\/a><\/p>\n<p>&nbsp;<\/p>\n<blockquote><p>Em caso de d\u00favidas sobre a emiss\u00e3o de certificados, favor entrar em contato com o setor respons\u00e1vel junto ao Curso de Direito pelo email:\u00a0<span id=\"cloak4b3e3fb8f9afbe6d19426427ceb9baf5\"><a href=\"mailto:nextensao@gmail.com\">nextensao@gmail.com<\/a><\/span><\/p><\/blockquote>\n","protected":false},"excerpt":{"rendered":"<p>Os certificados de eventos promovidos ou apoiados pelo Curso de Direito s\u00e3o fornecidos somente em\u00a0meio digital. &nbsp; Quando o evento possuir poucos participantes, ser\u00e1 enviado diretamente para o\u00a0email indicado na lista de presen\u00e7a. &nbsp; A confer\u00eancia da grafia correta do nome e do email \u00e9 de responsabilidade do participante e dos organizadores da atividade. &nbsp; [&hellip;]<\/p>\n","protected":false},"author":201,"featured_media":0,"parent":0,"menu_order":0,"comment_status":"closed","ping_status":"closed","template":"","meta":{"footnotes":""},"categories":[],"tags":[],"class_list":["post-282","page","type-page","status-publish","hentry"],"acf":[],"_links":{"self":[{"href":"https:\/\/www.ufsm.br\/cursos\/graduacao\/santa-maria\/direito\/wp-json\/wp\/v2\/pages\/282","targetHints":{"allow":["GET"]}}],"collection":[{"href":"https:\/\/www.ufsm.br\/cursos\/graduacao\/santa-maria\/direito\/wp-json\/wp\/v2\/pages"}],"about":[{"href":"https:\/\/www.ufsm.br\/cursos\/graduacao\/santa-maria\/direito\/wp-json\/wp\/v2\/types\/page"}],"author":[{"embeddable":true,"href":"https:\/\/www.ufsm.br\/cursos\/graduacao\/santa-maria\/direito\/wp-json\/wp\/v2\/users\/201"}],"replies":[{"embeddable":true,"href":"https:\/\/www.ufsm.br\/cursos\/graduacao\/santa-maria\/direito\/wp-json\/wp\/v2\/comments?post=282"}],"version-history":[{"count":0,"href":"https:\/\/www.ufsm.br\/cursos\/graduacao\/santa-maria\/direito\/wp-json\/wp\/v2\/pages\/282\/revisions"}],"wp:attachment":[{"href":"https:\/\/www.ufsm.br\/cursos\/graduacao\/santa-maria\/direito\/wp-json\/wp\/v2\/media?parent=282"}],"wp:term":[{"taxonomy":"category","embeddable":true,"href":"https:\/\/www.ufsm.br\/cursos\/graduacao\/santa-maria\/direito\/wp-json\/wp\/v2\/categories?post=282"},{"taxonomy":"post_tag","embeddable":true,"href":"https:\/\/www.ufsm.br\/cursos\/graduacao\/santa-maria\/direito\/wp-json\/wp\/v2\/tags?post=282"}],"curies":[{"name":"wp","href":"https:\/\/api.w.org\/{rel}","templated":true}]}}